--
-- Host: localhost    Database: laravel
-- ------------------------------------------------------


--
-- Table structure for table `answers`
--

CREATE TABLE `answers` (
  `id` bigint unsigned NOT NULL AUTO_INCREMENT,
  `libelle` varchar(191) CHARACTER SET utf8mb4 COLLATE utf8mb4_unicode_ci DEFAULT NULL,
  `imageName` varchar(191) CHARACTER SET utf8mb4 COLLATE utf8mb4_unicode_ci DEFAULT NULL,
  `description` varchar(191) CHARACTER SET utf8mb4 COLLATE utf8mb4_unicode_ci DEFAULT NULL,
  `isRightAnswer` tinyint(1) NOT NULL,
  `question_id` bigint unsigned NOT NULL,
  `created_at` timestamp NULL DEFAULT NULL,
  `updated_at` timestamp NULL DEFAULT NULL,
  PRIMARY KEY (`id`),
  KEY `answers_question_id_foreign` (`question_id`),
  CONSTRAINT `answers_question_id_foreign` FOREIGN KEY (`question_id`) REFERENCES `questions` (`id`) ON DELETE CASCADE
) ENGINE=InnoDB AUTO_INCREMENT=1291 DEFAULT CHARSET=utf8mb4 COLLATE=utf8mb4_unicode_ci;

--
-- Dumping data for table `answers`
--

INSERT INTO `answers` VALUES (3,'OUI',NULL,'test encore',0,2,NULL,'2024-05-24 01:13:02'),(4,'OUI',NULL,'a dre',1,2,NULL,'2024-05-24 01:12:30'),(5,'OUI OUI',NULL,NULL,0,3,NULL,'2024-05-24 01:05:41'),(6,'Commence 150 m après le panneau',NULL,NULL,1,3,NULL,NULL),(7,'Commence 700 m après le panneau',NULL,NULL,0,3,NULL,NULL),(8,'Durera pendant 700 m',NULL,NULL,1,3,NULL,NULL),(9,'OUI',NULL,NULL,1,4,NULL,NULL),(10,'NON',NULL,NULL,0,4,NULL,NULL),(17,'Oui',NULL,NULL,1,8,NULL,NULL),(18,'Non',NULL,NULL,0,8,NULL,NULL),(19,'Oui',NULL,NULL,0,9,NULL,NULL),(20,'Non',NULL,NULL,1,9,NULL,NULL),(21,'Oui',NULL,NULL,0,10,NULL,NULL),(22,'Non',NULL,NULL,1,10,NULL,NULL),(23,'Annoncent un passage à niveau',NULL,NULL,0,15,NULL,NULL),(24,'Signalent un virage dangereux',NULL,NULL,0,15,NULL,NULL),(25,'Sont des délinéateurs',NULL,NULL,1,15,NULL,NULL),(26,'Passer',NULL,NULL,0,16,NULL,NULL),(27,'M\'arrêter',NULL,NULL,1,16,NULL,NULL),(28,'Oui',NULL,NULL,1,17,NULL,NULL),(29,'Non',NULL,NULL,0,17,NULL,NULL),(30,'Oui',NULL,NULL,0,18,NULL,NULL),(31,'Non',NULL,NULL,1,18,NULL,NULL),(32,'Oui',NULL,NULL,0,19,NULL,NULL),(33,'Non',NULL,NULL,1,19,NULL,NULL),(34,'Oui',NULL,NULL,0,20,NULL,NULL),(35,'Non',NULL,NULL,1,20,NULL,NULL),(36,'Oui',NULL,NULL,0,21,NULL,NULL),(37,'Non',NULL,NULL,1,21,NULL,NULL),(38,'30 minutes',NULL,NULL,0,22,NULL,NULL),(39,'1 heure',NULL,NULL,0,22,NULL,NULL),(40,'1 heure 30',NULL,NULL,1,22,NULL,NULL),(41,'Oui',NULL,NULL,0,23,NULL,NULL),(42,'Non',NULL,NULL,1,23,NULL,NULL),(43,'Oui',NULL,NULL,1,24,NULL,NULL),(44,'Non',NULL,NULL,0,24,NULL,NULL),(45,'Un contrôle de police',NULL,NULL,0,25,NULL,NULL),(46,'Un accident',NULL,NULL,0,25,NULL,NULL),(47,'Une zone de mauvaise visibilité',NULL,NULL,1,25,NULL,NULL),(48,'OUI',NULL,NULL,0,26,NULL,NULL),(49,'NON',NULL,NULL,1,26,NULL,NULL),(50,'OUI',NULL,NULL,1,27,NULL,NULL),(51,'NON',NULL,NULL,0,27,NULL,NULL),(52,'OUI',NULL,NULL,0,28,NULL,NULL),(53,'NON',NULL,NULL,1,28,NULL,NULL),(54,'Départementale',NULL,NULL,1,29,NULL,NULL),(55,'Non classée à priorité',NULL,NULL,1,29,NULL,NULL),(56,'Qui traverse un lieu-dit',NULL,NULL,0,29,NULL,NULL),(57,'OUI',NULL,NULL,1,31,NULL,NULL),(58,'NON',NULL,NULL,0,31,NULL,NULL),(59,'OUI',NULL,NULL,0,32,NULL,NULL),(60,'NON',NULL,NULL,1,32,NULL,NULL),(61,'OUI',NULL,NULL,0,33,NULL,NULL),(62,'NON',NULL,NULL,1,33,NULL,NULL),(63,'OUI',NULL,NULL,0,34,NULL,NULL),(64,'NON',NULL,NULL,1,34,NULL,NULL),(65,'OUI',NULL,NULL,1,35,NULL,NULL),(66,'NON',NULL,NULL,0,35,NULL,NULL),(67,'OUI',NULL,NULL,0,36,NULL,NULL),(68,'NON',NULL,NULL,1,36,NULL,NULL),(69,'OUI',NULL,NULL,1,37,NULL,NULL),(70,'NON',NULL,NULL,0,37,NULL,NULL),(71,'OUI',NULL,NULL,0,61,NULL,NULL),(72,'NON',NULL,NULL,1,61,NULL,NULL),(73,'OUI',NULL,NULL,0,38,NULL,NULL),(74,'NON',NULL,NULL,1,38,NULL,NULL),(75,'OUI',NULL,NULL,0,62,NULL,NULL),(76,'NON',NULL,NULL,1,62,NULL,NULL),(77,'OUI',NULL,NULL,0,39,NULL,NULL),(78,'NON',NULL,NULL,1,39,NULL,NULL),(79,'Une motocyclette',NULL,NULL,1,40,NULL,NULL),(80,'Un véhicule automobile borgne',NULL,NULL,1,40,NULL,NULL),(81,'J\'allume mes feux de route',NULL,NULL,0,40,NULL,NULL),(82,'OUI',NULL,NULL,1,63,NULL,NULL),(83,'NON',NULL,NULL,0,63,NULL,NULL),(84,'Je sors d\'une autoroute',NULL,NULL,0,41,NULL,NULL),(85,'J\'entre dans une agglomération',NULL,NULL,0,41,NULL,NULL),(86,'Je peux rouler à 80 km / h',NULL,NULL,1,41,NULL,NULL),(87,'Je suis bien placée',NULL,NULL,0,41,NULL,NULL),(88,'OUI',NULL,NULL,0,42,NULL,NULL),(89,'NON',NULL,NULL,1,42,NULL,NULL),(90,'OUI',NULL,NULL,0,43,NULL,NULL),(91,'NON',NULL,NULL,1,43,NULL,NULL),(92,'OUI',NULL,NULL,0,9,NULL,NULL),(93,'NON',NULL,NULL,1,9,NULL,NULL),(94,'OUI',NULL,NULL,1,64,NULL,NULL),(95,'NON',NULL,NULL,0,64,NULL,NULL),(96,'OUI',NULL,NULL,0,65,NULL,NULL),(97,'NON',NULL,NULL,1,65,NULL,NULL),(98,'J\'utiliserai seulement le frein moteur',NULL,NULL,0,45,NULL,NULL),(99,'Je freinerai progressivement sans à-coups',NULL,NULL,1,45,NULL,NULL),(100,'Sans barrière',NULL,NULL,1,46,NULL,NULL),(101,'A une voie',NULL,NULL,0,46,NULL,NULL),(102,'A plusieurs voies',NULL,NULL,1,46,NULL,NULL),(103,'OUI',NULL,NULL,0,68,NULL,NULL),(104,'NON',NULL,NULL,1,68,NULL,NULL),(105,'OUI',NULL,NULL,1,47,NULL,NULL),(106,'NON',NULL,NULL,0,47,NULL,NULL),(107,NULL,NULL,NULL,0,48,NULL,NULL),(108,'OUI',NULL,NULL,1,48,NULL,NULL),(109,'NON',NULL,NULL,0,48,NULL,NULL),(110,'Une direction vers l\'autoroute',NULL,NULL,1,49,NULL,NULL),(111,'Une sortie routière',NULL,NULL,1,49,NULL,NULL),(112,'Une sortie autoroutière',NULL,NULL,0,49,NULL,NULL),(113,'OUI',NULL,NULL,0,69,NULL,NULL),(114,'NON',NULL,NULL,1,69,NULL,NULL),(115,'OUI',NULL,NULL,0,70,NULL,NULL),(116,'NON',NULL,NULL,1,70,NULL,NULL),(117,'Toute l\'agglomération',NULL,NULL,0,71,NULL,NULL),(118,'Seulement cette route',NULL,NULL,1,71,NULL,NULL),(119,'OUI',NULL,NULL,1,72,NULL,NULL),(120,'NON',NULL,NULL,0,72,NULL,NULL),(121,'OUI',NULL,NULL,1,73,NULL,NULL),(122,'NON',NULL,NULL,0,73,NULL,NULL),(123,'OUI',NULL,NULL,1,74,NULL,NULL),(124,'NON',NULL,NULL,0,74,NULL,NULL),(125,'OUI',NULL,NULL,0,75,NULL,NULL),(126,'NON',NULL,NULL,1,75,NULL,NULL),(127,'OUI',NULL,NULL,0,76,NULL,NULL),(128,'NON',NULL,NULL,1,76,NULL,NULL),(129,'OUI',NULL,NULL,1,77,NULL,NULL),(130,'NON',NULL,NULL,0,77,NULL,NULL),(131,'OUI',NULL,NULL,1,50,NULL,NULL),(132,'NON',NULL,NULL,0,50,NULL,NULL),(133,'OUI',NULL,NULL,0,51,NULL,NULL),(134,'NON',NULL,NULL,1,51,NULL,NULL),(135,'OUI',NULL,NULL,1,52,NULL,NULL),(136,'NON',NULL,NULL,0,52,NULL,NULL),(137,'Je mets mon clignotant immédiatement',NULL,NULL,1,78,NULL,NULL),(138,'Je prendrai la voie de sortie à son début',NULL,NULL,1,78,NULL,NULL),(139,'Je commence à freiner',NULL,NULL,0,78,NULL,NULL),(140,'Interdit à 9 mètres',NULL,NULL,0,53,NULL,NULL),(141,'Interdit sur 9 mètres',NULL,NULL,1,53,NULL,NULL),(142,'OUI',NULL,NULL,0,79,NULL,NULL),(143,'NON',NULL,NULL,1,79,NULL,NULL),(144,'Laisser un intervalle suffisant',NULL,NULL,1,54,NULL,NULL),(145,'Laisser un intervalle d\'au moins 0, 50 mètre',NULL,NULL,0,54,NULL,NULL),(146,'Laisser un intervalle d\'au moins 1 mètre',NULL,NULL,0,54,NULL,NULL),(147,'OUI',NULL,NULL,1,80,NULL,NULL),(148,'NON',NULL,NULL,0,80,NULL,NULL),(149,'OUI',NULL,NULL,1,55,NULL,NULL),(150,'NON',NULL,NULL,0,55,NULL,NULL),(151,'OUI',NULL,NULL,0,56,NULL,NULL),(152,'NON',NULL,NULL,1,56,NULL,NULL),(153,'OUI',NULL,NULL,0,81,NULL,NULL),(154,'NON',NULL,NULL,1,81,NULL,NULL),(155,'80 km / h',NULL,NULL,0,57,NULL,NULL),(156,'70 km / h',NULL,NULL,0,57,NULL,NULL),(157,'60 km / h',NULL,NULL,0,57,NULL,NULL),(158,'55 km / h',NULL,NULL,1,57,NULL,NULL),(159,'2 jours',NULL,NULL,0,58,NULL,NULL),(160,'3 jours',NULL,NULL,0,58,NULL,NULL),(161,'5 jours',NULL,NULL,0,58,NULL,NULL),(162,'7 jours',NULL,NULL,1,58,NULL,NULL),(163,'OUI',NULL,NULL,1,59,NULL,NULL),(164,'NON',NULL,NULL,0,59,NULL,NULL),(165,'Vitesse limitée à 50 km/h dans toute l\'agglomération',NULL,NULL,1,82,NULL,NULL),(166,'Passage pour piéton',NULL,NULL,0,82,NULL,NULL),(167,'Endroit fréquenté par les enfants',NULL,NULL,1,82,NULL,NULL),(168,'Je tourne devant la voiture',NULL,NULL,1,83,NULL,NULL),(169,'Je tourne derrière la voiture',NULL,NULL,0,83,NULL,NULL),(170,'OUI',NULL,NULL,0,84,NULL,NULL),(171,'NON',NULL,NULL,1,84,NULL,NULL),(172,'OUI',NULL,NULL,1,85,NULL,NULL),(173,'NON',NULL,NULL,0,85,NULL,NULL),(174,'OUI',NULL,NULL,0,86,NULL,NULL),(175,'NON',NULL,NULL,1,86,NULL,NULL),(176,'OUI',NULL,NULL,0,87,NULL,NULL),(177,'NON',NULL,NULL,1,87,NULL,NULL),(178,'OUI',NULL,NULL,0,88,NULL,NULL),(179,'NON',NULL,NULL,1,88,NULL,NULL),(180,'à pied',NULL,NULL,1,89,NULL,NULL),(181,'en voiture',NULL,NULL,0,89,NULL,NULL),(182,'OUI',NULL,NULL,1,91,NULL,NULL),(183,'NON',NULL,NULL,0,91,NULL,NULL),(184,'OUI',NULL,NULL,0,92,NULL,NULL),(185,'NON',NULL,NULL,1,92,NULL,NULL),(186,'OUI',NULL,NULL,1,93,NULL,NULL),(187,'NON',NULL,NULL,0,93,NULL,NULL),(188,'OUI',NULL,NULL,1,94,NULL,NULL),(189,'NON',NULL,NULL,0,94,NULL,NULL),(190,'OUI',NULL,NULL,0,95,NULL,NULL),(191,'NON',NULL,NULL,1,95,NULL,NULL),(192,'OUI',NULL,NULL,1,96,NULL,NULL),(193,'NON',NULL,NULL,0,96,NULL,NULL),(194,'OUI',NULL,NULL,1,97,NULL,NULL),(195,'NON',NULL,NULL,0,97,NULL,NULL),(196,'OUI',NULL,NULL,0,98,NULL,NULL),(197,'NON',NULL,NULL,1,98,NULL,NULL),(198,'OUI',NULL,NULL,0,99,NULL,NULL),(199,'NON',NULL,NULL,1,99,NULL,NULL),(200,'OUI',NULL,NULL,1,100,NULL,NULL),(201,'NON',NULL,NULL,0,100,NULL,NULL),(202,'OUI',NULL,NULL,1,102,NULL,NULL),(203,'NON',NULL,NULL,0,102,NULL,NULL),(204,'OUI',NULL,NULL,0,101,NULL,NULL),(205,'NON',NULL,NULL,1,101,NULL,NULL),(206,'OUI',NULL,NULL,1,103,NULL,NULL),(207,'NON',NULL,NULL,0,103,NULL,NULL),(208,'par la gauche',NULL,NULL,1,104,NULL,NULL),(209,'par la droite',NULL,NULL,0,104,NULL,NULL),(210,'OUI',NULL,NULL,0,105,NULL,NULL),(211,'NON',NULL,NULL,1,105,NULL,NULL),(212,'de serrer  à droite',NULL,NULL,0,106,NULL,NULL),(213,'de rouler dans les traces des véhicules',NULL,NULL,1,106,NULL,NULL),(214,'d\'allumer les feux de croisement',NULL,NULL,1,106,NULL,NULL),(215,'OUI',NULL,NULL,1,107,NULL,NULL),(216,'NON',NULL,NULL,0,107,NULL,NULL),(217,'OUI',NULL,NULL,0,108,NULL,NULL),(218,'NON',NULL,NULL,1,108,NULL,NULL),(219,'OUI',NULL,NULL,1,109,NULL,NULL),(220,'NON',NULL,NULL,0,109,NULL,NULL),(221,'OUI',NULL,NULL,1,110,NULL,NULL),(222,'NON',NULL,NULL,0,110,NULL,NULL),(223,'OUI',NULL,NULL,1,111,NULL,NULL),(224,'NON',NULL,NULL,0,111,NULL,NULL),(225,'OUI',NULL,NULL,1,112,NULL,NULL),(226,'NON',NULL,NULL,0,112,NULL,NULL),(227,'OUI',NULL,NULL,1,113,NULL,NULL),(228,'NON',NULL,NULL,0,113,NULL,NULL),(229,'je cède le passage à droite',NULL,NULL,1,114,NULL,NULL),(230,'Je passe',NULL,NULL,0,114,NULL,NULL),(231,'aux places avant',NULL,NULL,1,115,NULL,NULL),(232,'aux places arrière',NULL,NULL,1,115,NULL,NULL),(233,'la nuit seulement',NULL,NULL,0,115,NULL,NULL),(234,'hors agglomération seulement',NULL,NULL,0,115,NULL,NULL),(235,'OUI',NULL,NULL,0,116,NULL,NULL),(236,'NON',NULL,NULL,1,116,NULL,NULL),(237,'vous continuez en réduisant votre vitesse',NULL,NULL,0,117,NULL,NULL),(238,'vous vous arrêter pour le nettoyer',NULL,NULL,1,117,NULL,NULL),(239,'vous continuez jusqu\'au prochain garage',NULL,NULL,0,117,NULL,NULL),(240,'Passer',NULL,NULL,1,118,NULL,NULL),(241,'M\'arrêter',NULL,NULL,0,118,NULL,NULL),(242,'positif',NULL,NULL,1,119,NULL,NULL),(243,'négatif',NULL,NULL,0,119,NULL,NULL),(244,'110 km / h',NULL,NULL,0,120,NULL,NULL),(245,'100 km / h',NULL,NULL,0,120,NULL,NULL),(246,'90 km / h',NULL,NULL,1,120,NULL,NULL),(247,'OUI',NULL,NULL,1,121,NULL,NULL),(248,'NON',NULL,NULL,0,121,NULL,NULL),(249,'OUI',NULL,NULL,1,122,NULL,NULL),(250,'NON',NULL,NULL,0,122,NULL,NULL),(251,'OUI',NULL,NULL,1,123,NULL,NULL),(252,'NON',NULL,NULL,0,123,NULL,NULL),(253,'OUI',NULL,NULL,0,124,NULL,NULL),(254,'NON',NULL,NULL,1,124,NULL,NULL),(255,'Je dois me rabattre en les camions',NULL,NULL,0,125,NULL,NULL),(256,'Je poursuis mon dépassement',NULL,NULL,1,125,NULL,NULL),(257,'OUI',NULL,NULL,1,126,NULL,NULL),(258,'NON',NULL,NULL,0,126,NULL,NULL),(259,'OUI',NULL,NULL,0,128,NULL,NULL),(260,'NON',NULL,NULL,1,128,NULL,NULL),(261,'OUI',NULL,NULL,0,129,NULL,NULL),(262,'NON',NULL,NULL,1,129,NULL,NULL),(263,'je cède le passage à droite',NULL,NULL,0,132,NULL,NULL),(264,'Je passe',NULL,NULL,1,132,NULL,NULL),(265,'OUI',NULL,NULL,0,133,NULL,NULL),(266,'NON',NULL,NULL,1,133,NULL,NULL),(267,'OUI',NULL,NULL,0,134,NULL,NULL),(268,'NON',NULL,NULL,1,134,NULL,NULL),(269,'OUI',NULL,NULL,1,135,NULL,NULL),(270,'NON',NULL,NULL,0,135,NULL,NULL),(271,'OUI',NULL,NULL,1,136,NULL,NULL),(272,'NON',NULL,NULL,0,136,NULL,NULL),(273,'OUI',NULL,NULL,0,137,NULL,NULL),(274,'NON',NULL,NULL,1,137,NULL,NULL),(275,'Une déviation de circulation',NULL,NULL,0,138,NULL,NULL),(276,'Une bifurcation',NULL,NULL,0,138,NULL,NULL),(277,'Une voie de détresse',NULL,NULL,1,138,NULL,NULL),(278,'OUI',NULL,NULL,1,139,NULL,NULL),(279,'NON',NULL,NULL,0,139,NULL,NULL),(280,'OUI',NULL,NULL,1,140,NULL,NULL),(281,'NON',NULL,NULL,0,140,NULL,NULL),(282,'OUI',NULL,NULL,0,141,NULL,NULL),(283,'NON',NULL,NULL,1,141,NULL,NULL),(284,'Passer',NULL,NULL,0,142,NULL,NULL),(285,'M\'arrêter',NULL,NULL,1,142,NULL,NULL),(286,'OUI',NULL,NULL,0,143,NULL,NULL),(287,'NON',NULL,NULL,1,143,NULL,NULL),(288,'100 km / h',NULL,NULL,0,144,NULL,NULL),(289,'90 km / h',NULL,NULL,1,144,NULL,NULL),(290,'80 km / h',NULL,NULL,1,144,NULL,NULL),(291,'OUI',NULL,NULL,0,145,NULL,NULL),(292,'NON',NULL,NULL,1,145,NULL,NULL),(293,'Une sortie',NULL,NULL,1,146,NULL,NULL),(294,'Une bifurcation',NULL,NULL,0,146,NULL,NULL),(295,'Sur une route',NULL,NULL,1,147,NULL,NULL),(296,'Sur une autoroute',NULL,NULL,1,147,NULL,NULL),(297,'OUI',NULL,NULL,0,148,NULL,NULL),(298,'NON',NULL,NULL,1,148,NULL,NULL),(299,'OUI',NULL,NULL,1,149,NULL,NULL),(300,'NON',NULL,NULL,0,149,NULL,NULL),(301,'OUI',NULL,NULL,0,150,NULL,NULL),(302,'NON',NULL,NULL,1,150,NULL,NULL),(303,'10 jours',NULL,NULL,0,151,NULL,NULL),(304,'15 jours',NULL,NULL,1,151,NULL,NULL),(305,'1 mois',NULL,NULL,0,151,NULL,NULL),(306,'2 mois',NULL,NULL,0,151,NULL,NULL),(307,'OUI',NULL,NULL,0,152,NULL,NULL),(308,'NON',NULL,NULL,1,152,NULL,NULL),(309,'OUI',NULL,NULL,0,153,NULL,NULL),(310,'NON',NULL,NULL,1,153,NULL,NULL),(311,'OUI',NULL,NULL,0,154,NULL,NULL),(312,'NON',NULL,NULL,1,154,NULL,NULL),(313,'Aux panneaux',NULL,NULL,0,155,NULL,NULL),(314,'A 150 m',NULL,NULL,1,155,NULL,NULL),(315,'A 300 m',NULL,NULL,0,155,NULL,NULL),(316,'A 3000 m',NULL,NULL,0,155,NULL,NULL),(317,'Je passe',NULL,NULL,1,156,NULL,NULL),(318,'Je laisse tourner la voiture',NULL,NULL,0,156,NULL,NULL),(319,'OUI',NULL,NULL,0,157,NULL,NULL),(320,'NON',NULL,NULL,1,157,NULL,NULL),(321,'OUI',NULL,NULL,0,158,NULL,NULL),(322,'NON',NULL,NULL,1,158,NULL,NULL),(323,'La route est prioritaire',NULL,NULL,1,159,NULL,NULL),(324,'Je passe',NULL,NULL,0,159,NULL,NULL),(325,'Je m\'arrete',NULL,NULL,1,159,NULL,NULL),(326,'OUI',NULL,NULL,0,160,NULL,NULL),(327,'NON',NULL,NULL,1,160,NULL,NULL),(328,'OUI',NULL,NULL,0,161,NULL,NULL),(329,'NON',NULL,NULL,1,161,NULL,NULL),(330,'Que je suis sur l\'autoroute A51',NULL,NULL,1,162,NULL,NULL),(331,'Que je vais bifurquer sur l\'autoroute A51',NULL,NULL,0,162,NULL,NULL),(332,'Ne concerne que la caravane',NULL,NULL,0,163,NULL,NULL),(333,'Me concerne',NULL,NULL,1,163,NULL,NULL),(334,'S\'applique dans toute l\'agglomeration',NULL,NULL,1,163,NULL,NULL),(335,'Je peux suivre la moto',NULL,NULL,1,164,NULL,NULL),(336,'Je dois céder le passage en facee',NULL,NULL,0,164,NULL,NULL),(337,'OUI',NULL,NULL,0,166,NULL,NULL),(338,'NON',NULL,NULL,1,166,NULL,NULL),(339,'dans un sens seulement',NULL,NULL,0,167,NULL,NULL),(340,'dans les deux sens',NULL,NULL,1,167,NULL,NULL),(341,'seulement aux véhicules à moteur',NULL,NULL,0,167,NULL,NULL),(342,'à tous les véhicules',NULL,NULL,1,167,NULL,NULL),(343,'OUI',NULL,NULL,0,169,NULL,NULL),(344,'NON',NULL,NULL,1,169,NULL,NULL),(345,'60 Km/h',NULL,NULL,0,170,NULL,NULL),(346,'50 Km/h',NULL,NULL,1,170,NULL,NULL),(347,'45 Km/h',NULL,NULL,0,170,NULL,NULL),(348,'OUI',NULL,NULL,0,171,NULL,NULL),(349,'NON',NULL,NULL,1,171,NULL,NULL),(350,'OUI',NULL,NULL,1,172,NULL,NULL),(351,'NON',NULL,NULL,0,172,NULL,NULL),(352,'OUI',NULL,NULL,1,173,NULL,NULL),(353,'NON',NULL,NULL,0,173,NULL,NULL),(354,'de l\'agglomération',NULL,NULL,0,174,NULL,NULL),(355,'d\'une zone à stationnement règlementé',NULL,NULL,1,174,NULL,NULL),(356,'OUI',NULL,NULL,1,175,NULL,NULL),(357,'NON',NULL,NULL,0,175,NULL,NULL),(358,'OUI',NULL,NULL,0,176,NULL,NULL),(359,'NON',NULL,NULL,1,176,NULL,NULL),(360,'Je reste dans cette voie',NULL,NULL,1,177,NULL,NULL),(361,'Je prends la voie de gauche',NULL,NULL,0,177,NULL,NULL),(362,'OUI',NULL,NULL,1,178,NULL,NULL),(363,'NON',NULL,NULL,0,178,NULL,NULL),(364,'OUI',NULL,NULL,0,179,NULL,NULL),(365,'NON',NULL,NULL,1,179,NULL,NULL),(366,'OUI',NULL,NULL,1,180,NULL,NULL),(367,'NON',NULL,NULL,0,180,NULL,NULL),(368,'OUI',NULL,NULL,0,181,NULL,NULL),(369,'NON',NULL,NULL,1,181,NULL,NULL),(370,'OUI',NULL,NULL,1,182,NULL,NULL),(371,'NON',NULL,NULL,0,182,NULL,NULL),(372,'OUI',NULL,NULL,1,183,NULL,NULL),(373,'NON',NULL,NULL,0,183,NULL,NULL),(374,'OUI',NULL,NULL,0,184,NULL,NULL),(375,'NON',NULL,NULL,1,184,NULL,NULL),(376,'OUI',NULL,NULL,1,185,NULL,NULL),(377,'NON',NULL,NULL,0,185,NULL,NULL),(378,'une succession de virages',NULL,NULL,0,186,NULL,NULL),(379,'une intersection',NULL,NULL,1,186,NULL,NULL),(380,'une région fréquemment enneigée',NULL,NULL,1,186,NULL,NULL),(381,'en feux de position seuls',NULL,NULL,0,187,NULL,NULL),(382,'en feux de croisement',NULL,NULL,1,187,NULL,NULL),(383,'OUI',NULL,NULL,1,188,NULL,NULL),(384,'NON',NULL,NULL,0,188,NULL,NULL),(385,'OUI',NULL,NULL,1,189,NULL,NULL),(386,'NON',NULL,NULL,0,189,NULL,NULL),(387,'OUI',NULL,NULL,0,190,NULL,NULL),(388,'NON',NULL,NULL,1,190,NULL,NULL),(389,'un lieu dit',NULL,NULL,0,191,NULL,NULL),(390,'la limite d\'un département',NULL,NULL,0,191,NULL,NULL),(391,'un cours d\'eau',NULL,NULL,1,191,NULL,NULL),(392,'OUI',NULL,NULL,1,192,NULL,NULL),(393,'NON',NULL,NULL,0,192,NULL,NULL),(394,'OUI',NULL,NULL,0,193,NULL,NULL),(395,'NON',NULL,NULL,1,193,NULL,NULL),(396,'OUI',NULL,NULL,0,194,NULL,NULL),(397,'NON',NULL,NULL,1,194,NULL,NULL),(398,'OUI',NULL,NULL,1,195,NULL,NULL),(399,'NON',NULL,NULL,0,195,NULL,NULL),(400,'le premier',NULL,NULL,1,196,NULL,NULL),(401,'le deuxième',NULL,NULL,0,196,NULL,NULL),(402,'le troisième',NULL,NULL,0,196,NULL,NULL),(403,'OUI',NULL,NULL,0,197,NULL,NULL),(404,'NON',NULL,NULL,1,197,NULL,NULL),(405,'OUI',NULL,NULL,1,198,NULL,NULL),(406,'NON',NULL,NULL,0,198,NULL,NULL),(407,'OUI',NULL,NULL,1,199,NULL,NULL),(408,'NON',NULL,NULL,0,199,NULL,NULL),(409,'dans toute l\'agglomération',NULL,NULL,0,201,NULL,NULL),(410,'seulement sur cette route',NULL,NULL,1,201,NULL,NULL),(411,'jusqu\'à la prochaine intersection',NULL,NULL,1,201,NULL,NULL),(412,'à partir de ce panneau',NULL,NULL,0,202,NULL,NULL),(413,'à 300 m',NULL,NULL,1,202,NULL,NULL),(414,'une voie réservée aux véhicules de secours',NULL,NULL,0,203,NULL,NULL),(415,'une voie pour véhicules privés de freinage',NULL,NULL,1,203,NULL,NULL),(416,'une voie de détresse',NULL,NULL,1,203,NULL,NULL),(417,'OUI',NULL,NULL,1,204,NULL,NULL),(418,'NON',NULL,NULL,0,204,NULL,NULL),(419,'OUI',NULL,NULL,0,205,NULL,NULL),(420,'NON',NULL,NULL,1,205,NULL,NULL),(421,'OUI',NULL,NULL,1,206,NULL,NULL),(422,'NON',NULL,NULL,0,206,NULL,NULL),(423,'OUI',NULL,NULL,1,207,NULL,NULL),(424,'NON',NULL,NULL,0,207,NULL,NULL),(425,'OUI',NULL,NULL,1,208,NULL,NULL),(426,'NON',NULL,NULL,0,208,NULL,NULL),(427,'OUI',NULL,NULL,1,209,NULL,NULL),(428,'NON',NULL,NULL,0,209,NULL,NULL),(429,'OUI',NULL,NULL,0,210,NULL,NULL),(430,'NON',NULL,NULL,1,210,NULL,NULL),(431,'OUI',NULL,NULL,1,211,NULL,NULL),(432,'NON',NULL,NULL,0,211,NULL,NULL),(433,'OUI',NULL,NULL,1,212,NULL,NULL),(434,'NON',NULL,NULL,0,212,NULL,NULL),(435,'OUI',NULL,NULL,1,213,NULL,NULL),(436,'NON',NULL,NULL,0,213,NULL,NULL),(437,'OUI',NULL,NULL,0,214,NULL,NULL),(438,'NON',NULL,NULL,1,214,NULL,NULL),(439,'OUI',NULL,NULL,1,215,NULL,NULL),(440,'NON',NULL,NULL,0,215,NULL,NULL),(441,'négatif',NULL,NULL,1,216,NULL,NULL),(442,'positif',NULL,NULL,0,216,NULL,NULL),(443,'dans un délai de 10 jours',NULL,NULL,0,217,NULL,NULL),(444,'dans un délai de 5 jours',NULL,NULL,1,217,NULL,NULL),(445,'sans délai précis',NULL,NULL,0,217,NULL,NULL),(446,'130 km / h',NULL,NULL,0,218,NULL,NULL),(447,'110 km / h',NULL,NULL,0,218,NULL,NULL),(448,'50 km / h',NULL,NULL,1,218,NULL,NULL),(449,'OUI',NULL,NULL,0,219,NULL,NULL),(450,'NON',NULL,NULL,1,219,NULL,NULL),(451,'OUI',NULL,NULL,0,220,NULL,NULL),(452,'NON',NULL,NULL,1,220,NULL,NULL),(453,'Je ralentis',NULL,NULL,1,221,NULL,NULL),(454,'Je me prépare à céder le passage à droite',NULL,NULL,1,221,NULL,NULL),(455,'Je dépasse en laissant au moin 1m',NULL,NULL,0,222,NULL,NULL),(456,'Je ne dépasse pas',NULL,NULL,1,222,NULL,NULL),(457,'OUI',NULL,NULL,0,223,NULL,NULL),(458,'NON',NULL,NULL,1,223,NULL,NULL),(459,'OUI',NULL,NULL,0,224,NULL,NULL),(460,'NON',NULL,NULL,1,224,NULL,NULL),(461,'OUI',NULL,NULL,1,225,NULL,NULL),(462,'NON',NULL,NULL,0,225,NULL,NULL),(463,'OUI',NULL,NULL,1,226,NULL,NULL),(464,'NON',NULL,NULL,0,226,NULL,NULL),(465,'Je passe',NULL,NULL,1,227,NULL,NULL),(466,'Je cède le passage à droite',NULL,NULL,0,227,NULL,NULL),(467,'des numéros pairs',NULL,NULL,0,228,NULL,NULL),(468,'des numéros impairs',NULL,NULL,1,228,NULL,NULL),(469,'OUI',NULL,NULL,1,229,NULL,NULL),(470,'NON',NULL,NULL,0,229,NULL,NULL),(471,'OUI',NULL,NULL,0,230,NULL,NULL),(472,'NON',NULL,NULL,1,230,NULL,NULL),(473,'Je circule deja sur l\'autoroute',NULL,NULL,1,231,NULL,NULL),(474,'Je peux la prendre à 1000 m seulement',NULL,NULL,0,231,NULL,NULL),(475,'Je circule deja sur l\'autoroute',NULL,NULL,0,231,NULL,NULL),(476,'Je peux la prendre à 1000 m seulement',NULL,NULL,0,231,NULL,NULL),(477,'OUI',NULL,NULL,1,233,NULL,NULL),(478,'NON',NULL,NULL,0,233,NULL,NULL),(479,'J\'arrive à un poste de douane',NULL,NULL,0,232,NULL,NULL),(480,'J\'arrive à un poste autoroutier',NULL,NULL,1,232,NULL,NULL),(481,'Je peux tourner à droite',NULL,NULL,1,232,NULL,NULL),(482,'Je cèderai le passage à droite',NULL,NULL,0,232,NULL,NULL),(483,'j\'aurai la priorité',NULL,NULL,0,235,NULL,NULL),(484,'je cèderai le passage à droite',NULL,NULL,0,235,NULL,NULL),(485,'je cèderai le passage à gauche',NULL,NULL,1,235,NULL,NULL),(486,'OUI',NULL,NULL,1,234,NULL,NULL),(487,'NON',NULL,NULL,0,234,NULL,NULL),(488,'OUI',NULL,NULL,1,236,NULL,NULL),(489,'NON',NULL,NULL,0,236,NULL,NULL),(490,'Un alcootest',NULL,NULL,0,237,NULL,NULL),(491,'Un éthylotest',NULL,NULL,1,237,NULL,NULL),(492,'Un éthylomètre',NULL,NULL,0,237,NULL,NULL),(493,'OUI',NULL,NULL,0,238,NULL,NULL),(494,'NON',NULL,NULL,1,238,NULL,NULL),(495,'OUI',NULL,NULL,0,239,NULL,NULL),(496,'NON',NULL,NULL,1,239,NULL,NULL),(497,'OUI',NULL,NULL,0,241,NULL,NULL),(498,'NON',NULL,NULL,1,241,NULL,NULL),(499,'OUI',NULL,NULL,0,242,NULL,NULL),(500,'NON',NULL,NULL,1,242,NULL,NULL),(501,'OUI',NULL,NULL,1,243,NULL,NULL),(502,'NON',NULL,NULL,0,243,NULL,NULL),(503,'OUI',NULL,NULL,0,244,NULL,NULL),(504,'NON',NULL,NULL,1,244,NULL,NULL),(505,'OUI',NULL,NULL,0,245,NULL,NULL),(506,'NON',NULL,NULL,1,245,NULL,NULL),(507,'A gauche',NULL,NULL,0,246,NULL,NULL),(508,'A droite',NULL,NULL,1,246,NULL,NULL),(509,'A gauche',NULL,NULL,1,247,NULL,NULL),(510,'A droite',NULL,NULL,0,247,NULL,NULL),(511,'OUI',NULL,NULL,0,250,NULL,NULL),(512,'NON',NULL,NULL,1,250,NULL,NULL),(513,'OUI',NULL,NULL,1,251,NULL,NULL),(514,'NON',NULL,NULL,0,251,NULL,NULL),(515,'OUI',NULL,NULL,0,252,NULL,NULL),(516,'NON',NULL,NULL,1,252,NULL,NULL),(517,'J\'entre sur une route automobile',NULL,NULL,0,231,NULL,NULL),(518,'Je peux rouler à 110 km/h',NULL,NULL,0,231,NULL,NULL),(519,'Je ne dois pas dépasser 90 km/h',NULL,NULL,1,231,NULL,NULL),(520,'Je pourrai faire un demi-tour',NULL,NULL,0,231,NULL,NULL),(521,'OUI',NULL,NULL,1,254,NULL,NULL),(522,'NON',NULL,NULL,0,254,NULL,NULL),(523,'La distance de freinage est allongée',NULL,NULL,1,255,NULL,NULL),(524,'Le temps de réaction est modofié',NULL,NULL,0,255,NULL,NULL),(525,'L\'adhérence est modifié',NULL,NULL,1,255,NULL,NULL),(526,'Commence au panneau',NULL,NULL,1,256,NULL,NULL),(527,'S\'étend sur 1000m',NULL,NULL,0,256,NULL,NULL),(528,'Je rencontrerai plusieurs ralentisseurs',NULL,NULL,1,256,NULL,NULL),(529,'Je m\'avance jusqu\'à la flêche au sol',NULL,NULL,0,257,NULL,NULL),(530,'Je m\'arrete à la ligne d\'effet du signal',NULL,NULL,1,257,NULL,NULL),(531,'Je cède le passage à droite',NULL,NULL,1,258,NULL,NULL),(532,'Je quitte la route prioritaire',NULL,NULL,1,258,NULL,NULL),(533,'Je m\'arrête',NULL,NULL,0,258,NULL,NULL),(534,'OUI',NULL,NULL,1,259,NULL,NULL),(535,'NON',NULL,NULL,0,259,NULL,NULL),(536,'OUI',NULL,NULL,1,260,NULL,NULL),(537,'NON',NULL,NULL,0,260,NULL,NULL),(538,'OUI',NULL,NULL,1,261,NULL,NULL),(539,'NON',NULL,NULL,0,261,NULL,NULL),(540,'Passer avant le piéton',NULL,NULL,0,262,NULL,NULL),(541,'Passer derrière le piéton',NULL,NULL,1,262,NULL,NULL),(542,'Le prémier',NULL,NULL,1,264,NULL,NULL),(543,'Le deuxième',NULL,NULL,0,264,NULL,NULL),(544,'Le troisième',NULL,NULL,0,264,NULL,NULL),(545,'OUI',NULL,NULL,0,265,NULL,NULL),(546,'NON',NULL,NULL,1,265,NULL,NULL),(547,'OUI',NULL,NULL,0,266,NULL,NULL),(548,'NON',NULL,NULL,1,266,NULL,NULL),(549,'110km/h',NULL,NULL,0,267,NULL,NULL),(550,'90km/h',NULL,NULL,1,267,NULL,NULL),(551,'OUI',NULL,NULL,0,268,NULL,NULL),(552,'Non',NULL,NULL,1,268,NULL,NULL),(553,'OUI',NULL,NULL,1,269,NULL,NULL),(554,'NON',NULL,NULL,0,269,NULL,NULL),(555,'OUI',NULL,NULL,0,270,NULL,NULL),(556,'NON',NULL,NULL,1,270,NULL,NULL),(557,'OUI',NULL,NULL,1,271,NULL,NULL),(558,'NON',NULL,NULL,0,271,NULL,NULL),(559,'OUI',NULL,NULL,1,272,NULL,NULL),(560,'NON',NULL,NULL,0,272,NULL,NULL),(561,'Picotements de la peau',NULL,NULL,0,273,NULL,NULL),(562,'Raidissements de la nuque',NULL,NULL,1,273,NULL,NULL),(563,'Picotements des yeux',NULL,NULL,1,273,NULL,NULL),(564,'Désir fréquent de changer de position',NULL,NULL,1,273,NULL,NULL),(565,'Peut récupérer des points en suivant un stage de sensibilisation de la sécurité routière',NULL,NULL,1,274,NULL,NULL),(566,'Ne peut pas récupérer des points',NULL,NULL,0,274,NULL,NULL),(567,'Dans les bras d\'une personne adulte',NULL,NULL,0,275,NULL,NULL),(568,'Dans un porte bébé tenu par une personne adulte',NULL,NULL,0,275,NULL,NULL),(569,'Dans un porte bébé \"dos à la route\" homologué, fixé à l\'aide de la ceinture de sécurité',NULL,NULL,1,275,NULL,NULL),(570,'Un danger permanent',NULL,NULL,1,276,NULL,NULL),(571,'Un danger temporaire',NULL,NULL,0,276,NULL,NULL),(572,'OUI',NULL,NULL,0,277,NULL,NULL),(573,'NON',NULL,NULL,1,277,NULL,NULL),(574,'OUI',NULL,NULL,0,278,NULL,NULL),(575,'NON',NULL,NULL,1,278,NULL,NULL),(576,'OUI',NULL,NULL,0,279,NULL,NULL),(577,'NON',NULL,NULL,1,279,NULL,NULL),(578,'Des cyclomoteurs',NULL,NULL,0,280,NULL,NULL),(579,'Des motocyclettes',NULL,NULL,1,280,NULL,NULL),(580,'Des voiturettes',NULL,NULL,0,280,NULL,NULL),(581,'Des comionnettes',NULL,NULL,1,280,NULL,NULL),(582,'OUI',NULL,NULL,1,263,NULL,NULL),(583,'NON',NULL,NULL,0,263,NULL,NULL),(584,'Je cède le passage',NULL,NULL,0,281,NULL,NULL),(585,'Je passe',NULL,NULL,1,281,NULL,NULL),(586,'OUI',NULL,NULL,0,283,NULL,NULL),(587,'NON',NULL,NULL,1,283,NULL,NULL),(588,'seulement en stationnement gênant',NULL,NULL,0,282,NULL,NULL),(589,'en stationnement dangereux',NULL,NULL,1,282,NULL,NULL),(590,'en stationnement abusif',NULL,NULL,0,282,NULL,NULL),(591,'OUI',NULL,NULL,1,284,NULL,NULL),(592,'NON',NULL,NULL,0,284,NULL,NULL),(593,'OUI',NULL,NULL,0,286,NULL,NULL),(594,'NON',NULL,NULL,1,286,NULL,NULL),(595,'OUI',NULL,NULL,0,287,NULL,NULL),(596,'NON',NULL,NULL,1,287,NULL,NULL),(597,'une priorité de passage',NULL,NULL,0,288,NULL,NULL),(598,'une chaussée à une voie',NULL,NULL,0,288,NULL,NULL),(599,'une chaussée à double sens',NULL,NULL,1,288,NULL,NULL),(600,'Ce danger commence à partir du panneau',NULL,NULL,1,288,NULL,NULL),(601,'OUI',NULL,NULL,0,290,NULL,NULL),(602,'NON',NULL,NULL,1,290,NULL,NULL),(603,'J\'allume mes feux de détresse',NULL,NULL,1,289,NULL,NULL),(604,'Je m\'arrete dans la voie de droite',NULL,NULL,1,289,NULL,NULL),(605,'Je dois continuer jusqu\'au parking',NULL,NULL,0,289,NULL,NULL),(606,'OUI',NULL,NULL,1,291,NULL,NULL),(607,'NON',NULL,NULL,0,291,NULL,NULL),(608,'OUI',NULL,NULL,1,292,NULL,NULL),(609,'NON',NULL,NULL,0,292,NULL,NULL),(610,'OUI',NULL,NULL,0,295,NULL,NULL),(611,'NON',NULL,NULL,1,295,NULL,NULL),(612,'OUI',NULL,NULL,0,293,NULL,NULL),(613,'NON',NULL,NULL,1,293,NULL,NULL),(614,'OUI',NULL,NULL,1,294,NULL,NULL),(615,'NON',NULL,NULL,0,294,NULL,NULL),(616,'Tourner à gauche',NULL,NULL,0,296,NULL,NULL),(617,'Tourner à droite',NULL,NULL,0,296,NULL,NULL),(618,'continuer tout droit',NULL,NULL,1,296,NULL,NULL),(619,'OUI',NULL,NULL,0,298,NULL,NULL),(620,'NON',NULL,NULL,1,298,NULL,NULL),(621,'Je passe',NULL,NULL,0,297,NULL,NULL),(622,'J\'attends',NULL,NULL,1,297,NULL,NULL),(623,'Domestiques',NULL,NULL,0,299,NULL,NULL),(624,'Sauvages',NULL,NULL,1,299,NULL,NULL),(625,'De taille importante',NULL,NULL,1,299,NULL,NULL),(626,'Seulement la nuit',NULL,NULL,0,299,NULL,NULL),(627,'Avant la voiture',NULL,NULL,1,301,NULL,NULL),(628,'Après la voiture',NULL,NULL,0,301,NULL,NULL),(629,'La chaussée va être réduite à une voie',NULL,NULL,1,300,NULL,NULL),(630,'Je reste dans cette voie',NULL,NULL,0,300,NULL,NULL),(631,'Je prendrai la voie de gauche',NULL,NULL,1,300,NULL,NULL),(632,'La signalisation est temporaire',NULL,NULL,1,300,NULL,NULL),(633,'Le stationnement est interdit avant le panneau',NULL,NULL,1,302,NULL,NULL),(634,'Le stationnement est interdit après le panneau',NULL,NULL,1,302,NULL,NULL),(635,'Je peux m\'arreter après le panneau',NULL,NULL,0,302,NULL,NULL),(636,'OUI',NULL,NULL,0,303,NULL,NULL),(637,'NON',NULL,NULL,1,303,NULL,NULL),(638,'Je sors d\'une autoroute',NULL,NULL,1,304,NULL,NULL),(639,'J\'entre sur une autoroute de dégagement',NULL,NULL,0,304,NULL,NULL),(640,'J\'entre sur une route réservée seulement aux véhicules automobiles',NULL,NULL,0,304,NULL,NULL),(641,'OUI',NULL,NULL,0,305,NULL,NULL),(642,'NON',NULL,NULL,1,305,NULL,NULL),(643,'Le prémier',NULL,NULL,0,306,NULL,NULL),(644,'Le deuxième',NULL,NULL,0,306,NULL,NULL),(645,'Le troisième',NULL,NULL,1,306,NULL,NULL),(646,'OUI',NULL,NULL,0,307,NULL,NULL),(647,'NON',NULL,NULL,1,307,NULL,NULL),(648,'OUI',NULL,NULL,0,308,NULL,NULL),(649,'NON',NULL,NULL,1,308,NULL,NULL),(650,'OUI',NULL,NULL,1,309,NULL,NULL),(651,'NON',NULL,NULL,0,309,NULL,NULL),(652,'Passer',NULL,NULL,1,310,NULL,NULL),(653,'Céder le passage',NULL,NULL,0,310,NULL,NULL),(654,'OUI',NULL,NULL,1,311,NULL,NULL),(655,'NON',NULL,NULL,0,311,NULL,NULL),(656,'OUI',NULL,NULL,1,312,NULL,NULL),(657,'NON',NULL,NULL,0,312,NULL,NULL),(658,'OUI',NULL,NULL,1,313,NULL,NULL),(659,'NON',NULL,NULL,0,313,NULL,NULL),(660,'OUI',NULL,NULL,0,314,NULL,NULL),(661,'NON',NULL,NULL,1,314,NULL,NULL),(662,'OUI',NULL,NULL,0,315,NULL,NULL),(663,'NON',NULL,NULL,1,315,NULL,NULL),(664,'OUI',NULL,NULL,0,316,NULL,NULL),(665,'NON',NULL,NULL,1,316,NULL,NULL),(666,'OUI',NULL,NULL,1,318,NULL,NULL),(667,'NON',NULL,NULL,0,318,NULL,NULL),(668,'les feux de brouillard avant',NULL,NULL,1,317,NULL,NULL),(669,'les feux de brouillard arrière',NULL,NULL,1,317,NULL,NULL),(670,'les feux de route',NULL,NULL,0,317,NULL,NULL),(671,'OUI',NULL,NULL,0,319,NULL,NULL),(672,'NON',NULL,NULL,1,319,NULL,NULL),(673,'OUI',NULL,NULL,0,320,NULL,NULL),(674,'NON',NULL,NULL,1,320,NULL,NULL),(675,'OUI',NULL,NULL,1,321,NULL,NULL),(676,'NON',NULL,NULL,0,321,NULL,NULL),(677,'Je suis bien placé',NULL,NULL,1,322,NULL,NULL),(678,'Je maintiens mon allure',NULL,NULL,1,322,NULL,NULL),(679,'Je ralentis',NULL,NULL,0,322,NULL,NULL),(680,'OUI',NULL,NULL,1,324,NULL,NULL),(681,'NON',NULL,NULL,0,324,NULL,NULL),(682,'OUI',NULL,NULL,1,325,NULL,NULL),(683,'NON',NULL,NULL,0,325,NULL,NULL),(684,'Je cède le passage',NULL,NULL,1,326,NULL,NULL),(685,'Je passe',NULL,NULL,0,326,NULL,NULL),(686,'avec affectation des voies',NULL,NULL,1,323,NULL,NULL),(687,'sans affectation des voies',NULL,NULL,0,323,NULL,NULL),(688,'Sur la route communale 15',NULL,NULL,0,327,NULL,NULL),(689,'Sur la route départementale 91',NULL,NULL,1,327,NULL,NULL),(690,'OUI',NULL,NULL,0,328,NULL,NULL),(691,'NON',NULL,NULL,1,328,NULL,NULL),(692,'OUI',NULL,NULL,0,329,NULL,NULL),(693,'NON',NULL,NULL,1,329,NULL,NULL),(694,'OUI',NULL,NULL,1,330,NULL,NULL),(695,'NON',NULL,NULL,0,330,NULL,NULL),(696,'OUI',NULL,NULL,0,331,NULL,NULL),(697,'NON',NULL,NULL,1,331,NULL,NULL),(698,'OUI',NULL,NULL,1,332,NULL,NULL),(699,'NON',NULL,NULL,0,332,NULL,NULL),(700,'OUI',NULL,NULL,1,333,NULL,NULL),(701,'NON',NULL,NULL,0,333,NULL,NULL),(702,'OUI',NULL,NULL,1,335,NULL,NULL),(703,'NON',NULL,NULL,0,335,NULL,NULL),(704,'OUI',NULL,NULL,1,335,NULL,NULL),(705,'NON',NULL,NULL,0,335,NULL,NULL),(706,'OUI',NULL,NULL,1,336,NULL,NULL),(707,'NON',NULL,NULL,0,336,NULL,NULL),(708,'OUI',NULL,NULL,1,338,NULL,NULL),(709,'NON',NULL,NULL,0,338,NULL,NULL),(710,'OUI',NULL,NULL,0,337,NULL,NULL),(711,'NON',NULL,NULL,1,337,NULL,NULL),(712,'Un facteur aggravant dans les accidents',NULL,NULL,1,339,NULL,NULL),(713,'L\'appréciation de la vitesse est faussée  après un long trajet sur autoroute',NULL,NULL,1,339,NULL,NULL),(714,'Une vitesse soutenue est un facteur qui agit contre l\'assoupissement au volant',NULL,NULL,0,339,NULL,NULL),(715,'OUI',NULL,NULL,0,340,NULL,NULL),(716,'NON',NULL,NULL,1,340,NULL,NULL),(717,'OUI',NULL,NULL,0,341,NULL,NULL),(718,'NON',NULL,NULL,1,341,NULL,NULL),(719,'OUI',NULL,NULL,0,342,NULL,NULL),(720,'NON',NULL,NULL,1,342,NULL,NULL),(721,'OUI',NULL,NULL,1,343,NULL,NULL),(722,'NON',NULL,NULL,0,343,NULL,NULL),(723,'Je passe',NULL,NULL,1,344,NULL,NULL),(724,'Je cède le passage',NULL,NULL,0,344,NULL,NULL),(725,'Celui qui monte',NULL,NULL,0,345,NULL,NULL),(726,'Celui qui descend',NULL,NULL,1,345,NULL,NULL),(727,'OUI',NULL,NULL,0,346,NULL,NULL),(728,'NON',NULL,NULL,1,346,NULL,NULL),(729,'OUI',NULL,NULL,1,348,NULL,NULL),(730,'NON',NULL,NULL,0,348,NULL,NULL),(731,'L\'assuré ne doit plus payé',NULL,NULL,0,347,NULL,NULL),(732,'L\'assuré doit téléphoner à son assureur',NULL,NULL,0,347,NULL,NULL),(733,'L\'assuré doit avertir l\'assureur  par lettre recommandée dans les délais prévus au contrat',NULL,NULL,1,347,NULL,NULL),(734,'OUI',NULL,NULL,1,349,NULL,NULL),(735,'NON',NULL,NULL,0,349,NULL,NULL),(736,'OUI',NULL,NULL,1,350,NULL,NULL),(737,'NON',NULL,NULL,0,350,NULL,NULL),(738,'OUI',NULL,NULL,1,351,NULL,NULL),(739,'NON',NULL,NULL,0,351,NULL,NULL),(740,'OUI',NULL,NULL,1,353,NULL,NULL),(741,'NON',NULL,NULL,0,353,NULL,NULL),(742,'en marche normale',NULL,NULL,0,354,NULL,NULL),(743,'pour dépasser : si je roule à 90 Km/h',NULL,NULL,1,354,NULL,NULL),(744,'pour dépasser : si je roule à 80 Km/h',NULL,NULL,1,354,NULL,NULL),(745,'50 m',NULL,NULL,1,355,NULL,NULL),(746,'100 m',NULL,NULL,0,355,NULL,NULL),(747,'150 m',NULL,NULL,0,355,NULL,NULL),(748,'OUI',NULL,NULL,1,356,NULL,NULL),(749,'NON',NULL,NULL,0,356,NULL,NULL),(750,'OUI',NULL,NULL,1,357,NULL,NULL),(751,'NON',NULL,NULL,0,357,NULL,NULL),(752,'n\'a pas d\'incidence sur la consommation du véhicule',NULL,NULL,0,358,NULL,NULL),(753,'a une incidence sur la consommation du véhicule',NULL,NULL,1,358,NULL,NULL),(754,'OUI',NULL,NULL,1,359,NULL,NULL),(755,'NON',NULL,NULL,0,359,NULL,NULL),(756,'OUI',NULL,NULL,1,360,NULL,NULL),(757,'NON',NULL,NULL,0,360,NULL,NULL),(758,'être le plus près possible de celui qu\'on veut dépasser',NULL,NULL,0,361,NULL,NULL),(759,'se tenir à une certaine distance pour avoir une meilleure visibilité',NULL,NULL,1,361,NULL,NULL),(760,'OUI',NULL,NULL,0,362,NULL,NULL),(761,'NON',NULL,NULL,0,362,NULL,NULL),(762,'Je m\'arrête à la ligne d\'effet du signal',NULL,NULL,0,364,NULL,NULL),(763,'Je passe',NULL,NULL,1,364,NULL,NULL),(764,'OUI',NULL,NULL,1,365,NULL,NULL),(765,'NON',NULL,NULL,0,365,NULL,NULL),(766,'OUI',NULL,NULL,1,366,NULL,NULL),(767,'NON',NULL,NULL,0,366,NULL,NULL),(768,'Je passe',NULL,NULL,1,367,NULL,NULL),(769,'Je cède le passage à gauche',NULL,NULL,0,367,NULL,NULL),(770,'OUI',NULL,NULL,1,368,NULL,NULL),(771,'NON',NULL,NULL,0,368,NULL,NULL),(772,'OUI',NULL,NULL,1,369,NULL,NULL),(773,'NON',NULL,NULL,0,369,NULL,NULL),(774,'OUI',NULL,NULL,1,370,NULL,NULL),(775,'NON',NULL,NULL,0,370,NULL,NULL),(776,'OUI',NULL,NULL,0,371,NULL,NULL),(777,'NON',NULL,NULL,1,371,NULL,NULL),(778,'à 5O Km/h maximum',NULL,NULL,0,372,NULL,NULL),(779,'à 40 Km/h maximum',NULL,NULL,0,372,NULL,NULL),(780,'à 30 Km/h maximum',NULL,NULL,1,372,NULL,NULL),(781,'limitée',NULL,NULL,1,373,NULL,NULL),(782,'illimitée',NULL,NULL,0,373,NULL,NULL),(789,'La chaussée est avec affectation de voies',NULL,NULL,1,377,NULL,NULL),(790,'Pour aller vers l\'autoroute : je suis bien placé',NULL,NULL,1,377,NULL,NULL),(791,'Pour aller vers l\'autoroute : je dois changer de voie',NULL,NULL,0,377,NULL,NULL),(792,'OUI',NULL,NULL,0,378,NULL,NULL),(793,'NON',NULL,NULL,1,378,NULL,NULL),(794,'OUI',NULL,NULL,1,379,NULL,NULL),(795,'NON',NULL,NULL,0,379,NULL,NULL),(796,'OUI',NULL,NULL,1,380,NULL,NULL),(797,'NON',NULL,NULL,0,380,NULL,NULL),(798,'OUI',NULL,NULL,0,381,NULL,NULL),(799,'NON',NULL,NULL,1,381,NULL,NULL),(800,'OUI',NULL,NULL,1,382,NULL,NULL),(801,'NON',NULL,NULL,0,382,NULL,NULL),(802,'OUI',NULL,NULL,0,383,NULL,NULL),(803,'NON',NULL,NULL,1,383,NULL,NULL),(804,'OUI',NULL,NULL,1,384,NULL,NULL),(805,'NON',NULL,NULL,0,384,NULL,NULL),(806,'OUI',NULL,NULL,0,385,NULL,NULL),(807,'NON',NULL,NULL,1,385,NULL,NULL),(808,'OUI',NULL,NULL,0,386,NULL,NULL),(809,'NON',NULL,NULL,1,386,NULL,NULL),(810,'OUI',NULL,NULL,1,387,NULL,NULL),(811,'NON',NULL,NULL,0,387,NULL,NULL),(812,'OUI',NULL,NULL,0,388,NULL,NULL),(813,'NON',NULL,NULL,1,388,NULL,NULL),(814,'OUI',NULL,NULL,1,389,NULL,NULL),(815,'NON',NULL,NULL,0,389,NULL,NULL),(816,'OUI',NULL,NULL,0,390,NULL,NULL),(817,'NON',NULL,NULL,1,390,NULL,NULL),(818,'OUI',NULL,NULL,1,391,NULL,NULL),(819,'NON',NULL,NULL,0,391,NULL,NULL),(820,'OUI',NULL,NULL,1,392,NULL,NULL),(821,'NON',NULL,NULL,0,392,NULL,NULL),(822,'un camion',NULL,NULL,1,393,NULL,NULL),(823,'un véhicule à deux roues',NULL,NULL,0,393,NULL,NULL),(824,'un véhicule à traction animale',NULL,NULL,0,393,NULL,NULL),(825,'une moto avec un side-car',NULL,NULL,1,393,NULL,NULL),(826,'Je me rapproche du camion',NULL,NULL,0,394,NULL,NULL),(827,'Je maintiens cet intervalle avec le camion',NULL,NULL,1,394,NULL,NULL),(828,'OUI',NULL,NULL,1,395,NULL,NULL),(829,'NON',NULL,NULL,0,395,NULL,NULL),(830,'OUI',NULL,NULL,1,396,NULL,NULL),(831,'NON',NULL,NULL,0,396,NULL,NULL),(832,'OUI',NULL,NULL,0,397,NULL,NULL),(833,'NON',NULL,NULL,1,397,NULL,NULL),(834,'le premier',NULL,NULL,0,398,NULL,NULL),(835,'le deuxième',NULL,NULL,1,398,NULL,NULL),(836,'le troisième',NULL,NULL,0,398,NULL,NULL),(837,'OUI',NULL,NULL,1,399,NULL,NULL),(838,'NON',NULL,NULL,0,399,NULL,NULL),(839,'OUI',NULL,NULL,1,400,NULL,NULL),(840,'NON',NULL,NULL,0,400,NULL,NULL),(841,'OUI',NULL,NULL,1,401,NULL,NULL),(842,'NON',NULL,NULL,0,401,NULL,NULL),(843,'OUI',NULL,NULL,1,402,NULL,NULL),(844,'NON',NULL,NULL,0,402,NULL,NULL),(845,'Je ralentis',NULL,NULL,1,403,NULL,NULL),(846,'Je dépasse',NULL,NULL,1,403,NULL,NULL),(847,'Je laisserai un intervalle latéral d\'au moins 0,50 m',NULL,NULL,0,403,NULL,NULL),(848,'Je tourne',NULL,NULL,0,404,NULL,NULL),(849,'Je m\'arrête',NULL,NULL,1,404,NULL,NULL),(850,'OUI',NULL,NULL,0,405,NULL,NULL),(851,'NON',NULL,NULL,1,405,NULL,NULL),(852,'OUI',NULL,NULL,1,406,NULL,NULL),(853,'NON',NULL,NULL,0,406,NULL,NULL),(854,'OUI',NULL,NULL,0,407,NULL,NULL),(855,'NON',NULL,NULL,1,407,NULL,NULL),(856,'une rue à caractère prioritaire',NULL,NULL,0,408,NULL,NULL),(857,'obligation d\'aller tout droit à la prochaine',NULL,NULL,1,408,NULL,NULL),(858,'un sens unique',NULL,NULL,0,408,NULL,NULL),(859,'OUI',NULL,NULL,0,409,NULL,NULL),(860,'NON',NULL,NULL,1,409,NULL,NULL),(861,'OUI',NULL,NULL,0,410,NULL,NULL),(862,'NON',NULL,NULL,1,410,NULL,NULL),(863,'OUI',NULL,NULL,1,411,NULL,NULL),(864,'NON',NULL,NULL,0,411,NULL,NULL),(865,'OUI',NULL,NULL,0,412,NULL,NULL),(866,'NON',NULL,NULL,0,412,NULL,NULL),(867,'OUI',NULL,NULL,1,413,NULL,NULL),(868,'NON',NULL,NULL,0,413,NULL,NULL),(869,'OUI',NULL,NULL,1,414,NULL,NULL),(870,'NON',NULL,NULL,0,414,NULL,NULL),(871,'OUI',NULL,NULL,1,415,NULL,NULL),(872,'NON',NULL,NULL,0,415,NULL,NULL),(873,'OUI',NULL,NULL,1,416,NULL,NULL),(874,'NON',NULL,NULL,0,416,NULL,NULL),(875,'OUI',NULL,NULL,1,417,NULL,NULL),(876,'NON',NULL,NULL,0,417,NULL,NULL),(877,'d\'animaux domestiques',NULL,NULL,1,418,NULL,NULL),(878,'d\'animaux sauvages',NULL,NULL,0,418,NULL,NULL),(879,'une intersection',NULL,NULL,1,419,NULL,NULL),(880,'la perte de priorité de la route',NULL,NULL,1,419,NULL,NULL),(881,'un carrefour à sens giratoire',NULL,NULL,1,419,NULL,NULL),(882,'une priorité à droite',NULL,NULL,0,419,NULL,NULL),(883,'OUI',NULL,NULL,0,420,NULL,NULL),(884,'NON',NULL,NULL,1,420,NULL,NULL),(885,'OUI',NULL,NULL,0,421,NULL,NULL),(886,'NON',NULL,NULL,1,421,NULL,NULL),(887,'OUI',NULL,NULL,1,422,NULL,NULL),(888,'NON',NULL,NULL,0,422,NULL,NULL),(889,'Je passe',NULL,NULL,1,423,NULL,NULL),(890,'Je m\'arrête',NULL,NULL,0,423,NULL,NULL),(891,'un îlot directionnel',NULL,NULL,1,424,NULL,NULL),(892,'vitesse limitée à 60 Km/h',NULL,NULL,0,424,NULL,NULL),(893,'un passage à niveau à 50 mètres',NULL,NULL,0,424,NULL,NULL),(894,'OUI',NULL,NULL,1,425,NULL,NULL),(895,'NON',NULL,NULL,0,425,NULL,NULL),(896,'OUI',NULL,NULL,1,425,NULL,NULL),(897,'NON',NULL,NULL,0,425,NULL,NULL),(898,'Je dépasse seulement la première voiture',NULL,NULL,0,426,NULL,NULL),(899,'Je dois revenir à droite',NULL,NULL,0,426,NULL,NULL),(900,'Je peux dépasser plusieurs voitures',NULL,NULL,1,426,NULL,NULL),(901,'OUI',NULL,NULL,1,427,NULL,NULL),(902,'NON',NULL,NULL,0,427,NULL,NULL),(903,'OUI',NULL,NULL,1,428,NULL,NULL),(904,NULL,NULL,NULL,0,428,NULL,NULL),(905,'OUI',NULL,NULL,0,429,NULL,NULL),(906,'NON',NULL,NULL,1,429,NULL,NULL),(907,'OUI',NULL,NULL,0,430,NULL,NULL),(908,'NON',NULL,NULL,1,430,NULL,NULL),(909,'je cède le passage à gauche et à droite',NULL,NULL,1,431,NULL,NULL),(910,'je passe sans m\'arrêter',NULL,NULL,0,431,NULL,NULL),(911,'je m\'arrête et je passe',NULL,NULL,1,431,NULL,NULL),(912,'OUI',NULL,NULL,1,432,NULL,NULL),(913,'NON',NULL,NULL,0,432,NULL,NULL),(914,'je cèderai le passage en face',NULL,NULL,0,433,NULL,NULL),(915,'je ne cèderai pas le passage',NULL,NULL,1,433,NULL,NULL),(916,'je suis prioritaire',NULL,NULL,1,433,NULL,NULL),(917,'OUI',NULL,NULL,0,434,NULL,NULL),(918,'NON',NULL,NULL,1,434,NULL,NULL),(919,'OUI',NULL,NULL,1,435,NULL,NULL),(920,'NON',NULL,NULL,0,435,NULL,NULL),(921,'Je passe',NULL,NULL,1,436,NULL,NULL),(922,'Je cède le passage',NULL,NULL,0,436,NULL,NULL),(923,'je peux utiliser l\'avertisseur sonore',NULL,NULL,1,437,NULL,NULL),(924,'je poursuis mon dépassement',NULL,NULL,1,437,NULL,NULL),(925,'je dois céder le passage',NULL,NULL,0,437,NULL,NULL),(926,'OUI',NULL,NULL,0,438,NULL,NULL),(927,'NON',NULL,NULL,1,438,NULL,NULL),(928,'OUI',NULL,NULL,0,439,NULL,NULL),(929,'NON',NULL,NULL,1,439,NULL,NULL),(930,'j\'avance dans l\'intersection',NULL,NULL,0,440,NULL,NULL),(931,'je m\'arrête avant le passage pour piéton',NULL,NULL,1,440,NULL,NULL),(932,'Je dépasse',NULL,NULL,1,441,NULL,NULL),(933,'Je reste derrière le tracteur',NULL,NULL,0,441,NULL,NULL),(934,'OUI',NULL,NULL,1,443,NULL,NULL),(935,'NON',NULL,NULL,0,443,NULL,NULL),(936,'OUI',NULL,NULL,1,444,NULL,NULL),(937,'NON',NULL,NULL,0,444,NULL,NULL),(938,'OUI',NULL,NULL,1,445,NULL,NULL),(939,'NON',NULL,NULL,0,445,NULL,NULL),(940,'nationale',NULL,NULL,1,446,NULL,NULL),(941,'à caractère prioritaire',NULL,NULL,1,446,NULL,NULL),(942,'La vitesse va être limitée à 90 Km/h:  OUI',NULL,NULL,1,446,NULL,NULL),(943,'La vitesse va être limitée à 90 Km/h:  NON',NULL,NULL,0,446,NULL,NULL),(944,'OUI',NULL,NULL,1,447,NULL,NULL),(945,'NON',NULL,NULL,0,447,NULL,NULL),(946,'OUI',NULL,NULL,1,448,NULL,NULL),(947,'NON',NULL,NULL,0,448,NULL,NULL),(948,'OUI',NULL,NULL,1,449,NULL,NULL),(949,'NON',NULL,NULL,0,449,NULL,NULL),(950,'OUI',NULL,NULL,1,450,NULL,NULL),(951,'NON',NULL,NULL,0,450,NULL,NULL),(952,'OUI',NULL,NULL,1,451,NULL,NULL),(953,'NON',NULL,NULL,0,451,NULL,NULL),(954,'Je me dirige vers une autoroute',NULL,NULL,1,452,NULL,NULL),(955,'Je circule deja sur une autoroute',NULL,NULL,0,452,NULL,NULL),(956,'Je circule sur une route',NULL,NULL,1,452,NULL,NULL),(957,'La vitesse est limitée à 90km/h',NULL,NULL,1,452,NULL,NULL),(958,'OUI',NULL,NULL,1,453,NULL,NULL),(959,'NON',NULL,NULL,0,453,NULL,NULL),(960,'OUI',NULL,NULL,1,454,NULL,NULL),(961,'NON',NULL,NULL,0,454,NULL,NULL),(962,'En marche normale',NULL,NULL,0,455,NULL,NULL),(963,'Pour tourner à gauche',NULL,NULL,1,455,NULL,NULL),(964,'Pour tourner à droité',NULL,NULL,0,455,NULL,NULL),(965,'Pour dépasser',NULL,NULL,1,455,NULL,NULL),(966,'Sur une route départementale',NULL,NULL,1,456,NULL,NULL),(967,'Sur une route prioritaire',NULL,NULL,1,456,NULL,NULL),(968,'OUI',NULL,NULL,0,457,NULL,NULL),(969,'NON',NULL,NULL,1,457,NULL,NULL),(970,'Je passe',NULL,NULL,1,458,NULL,NULL),(971,'Je cède le passage',NULL,NULL,0,458,NULL,NULL),(972,'A droite',NULL,NULL,0,459,NULL,NULL),(973,'Tout droit',NULL,NULL,0,459,NULL,NULL),(974,'A gauche',NULL,NULL,0,459,NULL,NULL),(975,'Je m\'arrete',NULL,NULL,1,459,NULL,NULL),(976,'Je m\'engage',NULL,NULL,0,460,NULL,NULL),(977,'J\'attends',NULL,NULL,1,460,NULL,NULL),(978,'Des pietons',NULL,NULL,0,461,NULL,NULL),(979,'Des voiturette',NULL,NULL,0,461,NULL,NULL),(980,'Des motos avec ou sans side-car',NULL,NULL,1,461,NULL,NULL),(981,'OUI',NULL,NULL,0,462,NULL,NULL),(982,'NON',NULL,NULL,1,462,NULL,NULL),(983,'Je ralentis',NULL,NULL,0,463,NULL,NULL),(984,'Je suis bien placé',NULL,NULL,0,463,NULL,NULL),(985,'Je devrait deja être dans la voie de droite',NULL,NULL,1,463,NULL,NULL),(986,'OUI',NULL,NULL,1,464,NULL,NULL),(987,'NON',NULL,NULL,0,464,NULL,NULL),(988,'Des travaux',NULL,NULL,1,49,NULL,NULL),(989,'Des postes d\'appel d\'urgence sur 300m',NULL,NULL,0,49,NULL,NULL),(990,'OUI',NULL,NULL,1,467,NULL,NULL),(991,'NON',NULL,NULL,0,467,NULL,NULL),(992,'Je passe',NULL,NULL,1,468,NULL,NULL),(993,'Je cède le passage',NULL,NULL,0,468,NULL,NULL),(994,'130km/h',NULL,NULL,0,469,NULL,NULL),(995,'110km/h',NULL,NULL,1,469,NULL,NULL),(996,'100km/h',NULL,NULL,0,469,NULL,NULL),(997,'90km/h',NULL,NULL,0,469,NULL,NULL),(998,'OUI',NULL,NULL,1,470,NULL,NULL),(999,'NON',NULL,NULL,0,470,NULL,NULL),(1000,'OUI',NULL,NULL,1,471,NULL,NULL),(1001,'NON',NULL,NULL,0,471,NULL,NULL),(1002,'OUI',NULL,NULL,0,472,NULL,NULL),(1003,'NON',NULL,NULL,1,472,NULL,NULL),(1004,'OUI',NULL,NULL,0,475,NULL,NULL),(1005,'NON',NULL,NULL,1,475,NULL,NULL),(1006,'OUI',NULL,NULL,1,473,NULL,NULL),(1007,'NON',NULL,NULL,0,473,NULL,NULL),(1008,'OUI',NULL,NULL,0,477,NULL,NULL),(1009,'NON',NULL,NULL,1,477,NULL,NULL),(1010,'OUI',NULL,NULL,1,476,NULL,NULL),(1011,'NON',NULL,NULL,0,476,NULL,NULL),(1012,'OUI',NULL,NULL,1,478,NULL,NULL),(1013,'NON',NULL,NULL,0,478,NULL,NULL),(1014,'OUI',NULL,NULL,0,479,NULL,NULL),(1015,'NON',NULL,NULL,1,479,NULL,NULL),(1016,'OUI',NULL,NULL,0,480,NULL,NULL),(1017,'NON',NULL,NULL,1,480,NULL,NULL),(1018,'OUI',NULL,NULL,0,481,NULL,NULL),(1019,'NON',NULL,NULL,1,481,NULL,NULL),(1020,'OUI',NULL,NULL,0,482,NULL,NULL),(1021,'NON',NULL,NULL,1,482,NULL,NULL),(1022,'OUI',NULL,NULL,1,484,NULL,NULL),(1023,'NON',NULL,NULL,0,484,NULL,NULL),(1024,'un rétrécissement de chaussée',NULL,NULL,0,483,NULL,NULL),(1025,'que la chaussée devient à sens unique',NULL,NULL,0,483,NULL,NULL),(1026,'un virage dangereux à 150 m : OUI',NULL,NULL,0,483,NULL,NULL),(1027,'un virage dangereux à 150 m : NON',NULL,NULL,1,483,NULL,NULL),(1028,'OUI',NULL,NULL,1,485,NULL,NULL),(1029,'NON',NULL,NULL,0,485,NULL,NULL),(1030,'OUI',NULL,NULL,0,486,NULL,NULL),(1031,'NON',NULL,NULL,1,486,NULL,NULL),(1032,'OUI',NULL,NULL,1,487,NULL,NULL),(1033,'NON',NULL,NULL,0,487,NULL,NULL),(1034,'Je dois attendre pour tourner à droite',NULL,NULL,1,488,NULL,NULL),(1035,'Le conducteur devant moi doit avancer pour me laisser passer',NULL,NULL,0,488,NULL,NULL),(1036,'Je ralentis et je passe',NULL,NULL,1,489,NULL,NULL),(1037,'Je passe sans ralentir',NULL,NULL,0,489,NULL,NULL),(1038,'Je m\'arrête',NULL,NULL,0,489,NULL,NULL),(1039,'Le début de la route prioritaire',NULL,NULL,1,490,NULL,NULL),(1040,'Le rappel de la route prioritaire',NULL,NULL,1,490,NULL,NULL),(1041,'La fin de la route prioritaire',NULL,NULL,0,490,NULL,NULL),(1042,'Que la vitesse est limitée à 70km/h',NULL,NULL,0,490,NULL,NULL),(1043,'Le début de la route prioritaire',NULL,NULL,1,490,NULL,NULL),(1044,'Le rappel de la route prioritaire',NULL,NULL,1,490,NULL,NULL),(1045,'La fin de la route prioritaire',NULL,NULL,0,490,NULL,NULL),(1046,'Que la vitesse est limitée à 70km/h',NULL,NULL,0,490,NULL,NULL),(1047,'Le début de la route prioritaire',NULL,NULL,1,490,NULL,NULL),(1048,'Le rappel de la route prioritaire',NULL,NULL,1,490,NULL,NULL),(1049,'La fin de la route prioritaire',NULL,NULL,0,490,NULL,NULL),(1050,'Que la vitesse est limitée à 70km/h',NULL,NULL,0,490,NULL,NULL),(1051,'OUI',NULL,NULL,0,492,NULL,NULL),(1052,'NON',NULL,NULL,1,492,NULL,NULL),(1053,'OUI',NULL,NULL,0,493,NULL,NULL),(1054,'NON',NULL,NULL,1,493,NULL,NULL),(1055,'OUI',NULL,NULL,1,494,NULL,NULL),(1056,'NON',NULL,NULL,0,494,NULL,NULL),(1057,'OUI',NULL,NULL,0,496,NULL,NULL),(1058,'NON',NULL,NULL,1,496,NULL,NULL),(1059,'OUI',NULL,NULL,1,491,NULL,NULL),(1060,'NON',NULL,NULL,0,491,NULL,NULL),(1061,'OUI',NULL,NULL,0,497,NULL,NULL),(1062,'NON',NULL,NULL,1,497,NULL,NULL),(1063,'OUI',NULL,NULL,0,498,NULL,NULL),(1064,'NON',NULL,NULL,1,498,NULL,NULL),(1065,'OUI',NULL,NULL,1,500,NULL,NULL),(1066,'NON',NULL,NULL,0,500,NULL,NULL),(1067,'Le 2 du mois',NULL,NULL,0,499,NULL,NULL),(1068,'Le 7 du mois',NULL,NULL,0,499,NULL,NULL),(1069,'Le 14 du mois',NULL,NULL,0,499,NULL,NULL),(1070,'Le 21 du mois',NULL,NULL,1,499,NULL,NULL),(1071,'OUI',NULL,NULL,0,501,NULL,NULL),(1072,'NON',NULL,NULL,1,501,NULL,NULL),(1073,'OUI',NULL,NULL,0,502,NULL,NULL),(1074,'NON',NULL,NULL,1,502,NULL,NULL),(1075,'OUI',NULL,NULL,1,503,NULL,NULL),(1076,'NON',NULL,NULL,0,503,NULL,NULL),(1077,'Tourner à droite',NULL,NULL,0,504,NULL,NULL),(1078,'Aller tout droit',NULL,NULL,1,504,NULL,NULL),(1079,'Tourner à gauche',NULL,NULL,0,504,NULL,NULL),(1080,'Je passe',NULL,NULL,1,505,NULL,NULL),(1081,'Je m\'arrête',NULL,NULL,0,505,NULL,NULL),(1082,'OUI',NULL,NULL,0,506,NULL,NULL),(1083,'NON',NULL,NULL,1,506,NULL,NULL),(1084,'OUI',NULL,NULL,0,507,NULL,NULL),(1085,'Non',NULL,NULL,1,507,NULL,NULL),(1086,'OUI',NULL,NULL,1,509,NULL,NULL),(1087,'NON',NULL,NULL,0,509,NULL,NULL),(1088,'OUI',NULL,NULL,1,510,NULL,NULL),(1089,'NON',NULL,NULL,0,510,NULL,NULL),(1090,'OUI',NULL,NULL,1,508,NULL,NULL),(1091,'Non',NULL,NULL,0,508,NULL,NULL),(1092,'OUI',NULL,NULL,1,511,NULL,NULL),(1093,'Non',NULL,NULL,0,511,NULL,NULL),(1094,'OUI',NULL,NULL,0,513,NULL,NULL),(1095,'Non',NULL,NULL,1,513,NULL,NULL),(1096,'OUI',NULL,NULL,0,514,NULL,NULL),(1097,'Non',NULL,NULL,1,514,NULL,NULL),(1098,'de 2 millimètres',NULL,NULL,0,512,NULL,NULL),(1099,'de 1,6 millimètre',NULL,NULL,0,512,NULL,NULL),(1100,'de moins de 1,6 millimètre',NULL,NULL,1,512,NULL,NULL),(1101,'de moins de 1 millimètre',NULL,NULL,1,512,NULL,NULL),(1102,'OUI',NULL,NULL,0,515,NULL,NULL),(1103,'Non',NULL,NULL,1,515,NULL,NULL),(1104,'OUI',NULL,NULL,1,516,NULL,NULL),(1105,'NON',NULL,NULL,0,516,NULL,NULL),(1106,'OUI',NULL,NULL,1,517,NULL,NULL),(1107,'NON',NULL,NULL,0,517,NULL,NULL),(1108,'A partir du 7 janvier 1995',NULL,NULL,0,518,NULL,NULL),(1109,'Avant le 7 janvier 1995',NULL,NULL,1,518,NULL,NULL),(1110,'Au cours de l\'année 1995, quelle que soit la date de mise en circulation',NULL,NULL,0,518,NULL,NULL),(1111,'l\'ensemble A',NULL,NULL,0,519,NULL,NULL),(1112,'l\'ensemble B',NULL,NULL,0,519,NULL,NULL),(1113,'l\'ensemble C',NULL,NULL,1,519,NULL,NULL),(1114,'OUI',NULL,NULL,0,520,NULL,NULL),(1115,'NON',NULL,NULL,1,520,NULL,NULL),(1116,'OUI',NULL,NULL,1,521,NULL,NULL),(1117,'NON',NULL,NULL,0,521,NULL,NULL),(1118,'2,10 m',NULL,NULL,0,522,NULL,NULL),(1119,'2,50 m',NULL,NULL,0,522,NULL,NULL),(1120,'2,55 m',NULL,NULL,1,522,NULL,NULL),(1121,'2, 60 m',NULL,NULL,0,522,NULL,NULL),(1122,'2 m',NULL,NULL,0,523,NULL,NULL),(1123,'2,10 m',NULL,NULL,0,523,NULL,NULL),(1124,'2,20 m',NULL,NULL,1,523,NULL,NULL),(1125,'2,50 m',NULL,NULL,1,523,NULL,NULL),(1126,'OUI',NULL,NULL,0,524,NULL,NULL),(1127,'NON',NULL,NULL,1,524,NULL,NULL),(1128,'OUI',NULL,NULL,1,525,NULL,NULL),(1129,'NON',NULL,NULL,0,525,NULL,NULL),(1130,'OUI',NULL,NULL,1,526,NULL,NULL),(1131,'NON',NULL,NULL,0,526,NULL,NULL),(1132,'OUI',NULL,NULL,1,527,NULL,NULL),(1133,'NON',NULL,NULL,0,527,NULL,NULL),(1134,'11 m',NULL,NULL,0,529,NULL,NULL),(1135,'12 m',NULL,NULL,1,529,NULL,NULL),(1136,'13,50 m',NULL,NULL,0,529,NULL,NULL),(1137,'16,50 m',NULL,NULL,0,529,NULL,NULL),(1138,'12 tonnes',NULL,NULL,0,530,NULL,NULL),(1139,'19 tonnes',NULL,NULL,0,530,NULL,NULL),(1140,'26 tonnes',NULL,NULL,1,530,NULL,NULL),(1141,'38 tonnes',NULL,NULL,0,530,NULL,NULL),(1142,'OUI',NULL,NULL,1,531,NULL,NULL),(1143,'NON',NULL,NULL,0,531,NULL,NULL),(1144,'OUI',NULL,NULL,0,532,NULL,NULL),(1145,'NON',NULL,NULL,1,532,NULL,NULL),(1146,'le freinage du tracteur seul',NULL,NULL,0,533,NULL,NULL),(1147,'le freinage de la semi-remorque seule',NULL,NULL,0,533,NULL,NULL),(1148,'le freinage pratiquement simultané du tracteur et de la semi-remorque',NULL,NULL,1,533,NULL,NULL),(1149,'2 triangles de présignalisation',NULL,NULL,0,534,NULL,NULL),(1150,'1 seul triangle',NULL,NULL,1,534,NULL,NULL),(1151,'Aucun triangle',NULL,NULL,0,534,NULL,NULL),(1152,'un fanion ou un chiffon rouge',NULL,NULL,0,535,NULL,NULL),(1153,'un dispositif réfléchissant rouge',NULL,NULL,1,535,NULL,NULL),(1154,'un feu rouge',NULL,NULL,1,535,NULL,NULL),(1155,'un feu jaune',NULL,NULL,0,535,NULL,NULL),(1156,'Le poids réel de l\'ensemble',NULL,NULL,0,536,NULL,NULL),(1157,'Le PTAC de la semi-remorque',NULL,NULL,1,536,NULL,NULL),(1158,'Le PTRA du tracteur',NULL,NULL,1,536,NULL,NULL),(1159,'OUI',NULL,NULL,0,537,NULL,NULL),(1160,'NON',NULL,NULL,1,537,NULL,NULL),(1161,'OUI',NULL,NULL,0,538,NULL,NULL),(1162,'NON',NULL,NULL,1,538,NULL,NULL),(1163,'OUI',NULL,NULL,0,539,NULL,NULL),(1164,'NON',NULL,NULL,1,539,NULL,NULL),(1165,'A l\'avant du véhicule',NULL,NULL,1,540,NULL,NULL),(1166,'A l\'arrière',NULL,NULL,0,540,NULL,NULL),(1167,'Sur chaque coté',NULL,NULL,1,540,NULL,NULL),(1168,'je n\'utilise que le ralentisseur',NULL,NULL,0,542,NULL,NULL),(1169,'j\'utilise le frein moteur en plus du ralentisseur',NULL,NULL,1,542,NULL,NULL),(1170,'je freine chaque fois que c\'est nécessaire',NULL,NULL,1,542,NULL,NULL),(1171,'OUI',NULL,NULL,0,543,NULL,NULL),(1172,'NON',NULL,NULL,1,543,NULL,NULL),(1173,'OUI',NULL,NULL,0,544,NULL,NULL),(1174,'NON',NULL,NULL,1,544,NULL,NULL),(1175,'30 mètres au moins',NULL,NULL,0,546,NULL,NULL),(1176,'50 mètres au moins',NULL,NULL,0,546,NULL,NULL),(1177,'100 mètres au moins',NULL,NULL,1,546,NULL,NULL),(1178,'150 mètres au moins',NULL,NULL,0,546,NULL,NULL),(1179,'4, 30 mètres',NULL,NULL,1,547,NULL,NULL),(1180,'5 mètres',NULL,NULL,0,547,NULL,NULL),(1181,'6 mètres',NULL,NULL,0,547,NULL,NULL),(1182,'25 mètres',NULL,NULL,0,548,NULL,NULL),(1183,'50 mètres',NULL,NULL,1,548,NULL,NULL),(1184,'75 mètres',NULL,NULL,0,548,NULL,NULL),(1185,'OUI',NULL,NULL,1,549,NULL,NULL),(1186,'NON',NULL,NULL,0,549,NULL,NULL),(1187,'Un tricycle ou un quadricycle à moteur',NULL,NULL,1,550,NULL,NULL),(1188,'Une motocyclette de 250 cm au cube',NULL,NULL,0,550,NULL,NULL),(1189,'Un véhicule de tourisme',NULL,NULL,1,550,NULL,NULL),(1190,'Un véhicule de transport en commun',NULL,NULL,0,550,NULL,NULL),(1191,'OUI',NULL,NULL,1,552,NULL,NULL),(1192,'NON',NULL,NULL,0,552,NULL,NULL),(1193,'OUI',NULL,NULL,1,553,NULL,NULL),(1194,'NON',NULL,NULL,0,553,NULL,NULL),(1195,'OUI',NULL,NULL,0,554,NULL,NULL),(1196,'NON',NULL,NULL,1,554,NULL,NULL),(1197,'26 tonnes',NULL,NULL,0,555,NULL,NULL),(1198,'38 tonnes',NULL,NULL,0,555,NULL,NULL),(1199,'40 tonnes',NULL,NULL,1,555,NULL,NULL),(1200,'44 tonnes',NULL,NULL,0,555,NULL,NULL),(1201,'60',NULL,NULL,1,556,NULL,NULL),(1202,'70',NULL,NULL,0,556,NULL,NULL),(1203,'80',NULL,NULL,0,556,NULL,NULL),(1204,'90',NULL,NULL,0,556,NULL,NULL),(1205,'OUI',NULL,NULL,0,557,NULL,NULL),(1206,'NON',NULL,NULL,1,557,NULL,NULL),(1207,'La conduite automatique',NULL,NULL,1,558,NULL,NULL),(1208,'La conduite de service',NULL,NULL,0,558,NULL,NULL),(1209,'OUI',NULL,NULL,1,559,NULL,NULL),(1210,'NON',NULL,NULL,0,559,NULL,NULL),(1211,'Inférieur à 15 tonnes',NULL,NULL,1,560,NULL,NULL),(1212,'Egal à 15 tonnes',NULL,NULL,1,560,NULL,NULL),(1213,'Supérieur à 15 tonnes',NULL,NULL,0,560,NULL,NULL),(1214,'OUI',NULL,NULL,0,561,NULL,NULL),(1215,'NON',NULL,NULL,1,561,NULL,NULL),(1216,'OUI',NULL,NULL,1,562,NULL,NULL),(1217,'NON',NULL,NULL,0,562,NULL,NULL),(1218,'La route perd son caratère prioritaire',NULL,NULL,0,563,NULL,NULL),(1219,'Je dois circuler à 60km/h',NULL,NULL,0,563,NULL,NULL),(1220,'Je peux circuler à 50km/h',NULL,NULL,1,563,NULL,NULL),(1221,'OUI',NULL,NULL,1,564,NULL,NULL),(1222,'NON',NULL,NULL,0,564,NULL,NULL),(1223,'OUI',NULL,NULL,1,565,NULL,NULL),(1224,'NON',NULL,NULL,0,565,NULL,NULL),(1225,'Une sortie',NULL,NULL,1,566,NULL,NULL),(1226,'Une confirmation de direction',NULL,NULL,0,566,NULL,NULL),(1227,'Je m\'engage',NULL,NULL,1,567,NULL,NULL),(1228,'J\'attends',NULL,NULL,0,567,NULL,NULL),(1229,'OUI',NULL,NULL,0,568,NULL,NULL),(1230,'NON',NULL,NULL,1,568,NULL,NULL),(1231,'OUI',NULL,NULL,1,569,NULL,NULL),(1232,'NON',NULL,NULL,0,569,NULL,NULL),(1233,'OUI',NULL,NULL,0,570,NULL,NULL),(1234,'NON',NULL,NULL,1,570,NULL,NULL),(1235,'tous les ans',NULL,NULL,0,571,NULL,NULL),(1236,'tous les 2 ans',NULL,NULL,0,571,NULL,NULL),(1237,'tous les 3 ans',NULL,NULL,0,571,NULL,NULL),(1238,'tous les 5 ans',NULL,NULL,1,571,NULL,NULL),(1239,'sur la carte grise',NULL,NULL,0,572,NULL,NULL),(1240,'par une bascule',NULL,NULL,1,572,NULL,NULL),(1241,'sur la fiche de chargement',NULL,NULL,0,572,NULL,NULL),(1242,'sur toutes les roues du véhicule',NULL,NULL,0,573,NULL,NULL),(1243,'uniquement sur les roues motrices',NULL,NULL,1,573,NULL,NULL),(1244,'11 m',NULL,NULL,0,574,NULL,NULL),(1245,'12 m',NULL,NULL,0,574,NULL,NULL),(1246,'16,50 m',NULL,NULL,1,574,NULL,NULL),(1247,'18 m',NULL,NULL,0,574,NULL,NULL),(1248,'OUI',NULL,NULL,0,575,NULL,NULL),(1249,'NON',NULL,NULL,1,575,NULL,NULL),(1250,'OUI',NULL,NULL,1,576,NULL,NULL),(1251,'NON',NULL,NULL,0,576,NULL,NULL),(1252,'1 carte grise',NULL,NULL,0,577,NULL,NULL),(1253,'2 cartes grises',NULL,NULL,1,577,NULL,NULL),(1254,'OUI',NULL,NULL,1,578,NULL,NULL),(1255,'NON',NULL,NULL,0,578,NULL,NULL),(1256,'OUI',NULL,NULL,1,579,NULL,NULL),(1257,'NON',NULL,NULL,0,579,NULL,NULL),(1258,'par le pied du conducteur',NULL,NULL,1,580,NULL,NULL),(1259,'par la main du conducteur',NULL,NULL,0,580,NULL,NULL),(1260,'sur les roues motrices seulement',NULL,NULL,0,581,NULL,NULL),(1261,'sur l\'ensemble des roues',NULL,NULL,1,581,NULL,NULL),(1262,'Ce panneau indique un lieu-dit',NULL,NULL,1,582,NULL,NULL),(1263,'La vitesse est limitée à 50 Km/h',NULL,NULL,0,582,NULL,NULL),(1264,'Je dois seulement ralentir',NULL,NULL,1,582,NULL,NULL),(1265,'Je m\'engage prudemment en klaxonnant',NULL,NULL,0,583,NULL,NULL),(1266,'J\'attends',NULL,NULL,1,583,NULL,NULL),(1267,'Seule la bande cyclable est prioritaire',NULL,NULL,0,584,NULL,NULL),(1268,'Toute la route est prioritaire',NULL,NULL,1,584,NULL,NULL),(1269,'Je peux m\'arrêter sur la bande un court instant',NULL,NULL,0,584,NULL,NULL),(1270,'Seuls les cyclistes peuvent emprunter la bande',NULL,NULL,1,584,NULL,NULL),(1271,'Je passe en feux de route',NULL,NULL,0,585,NULL,NULL),(1272,'Je freine',NULL,NULL,0,585,NULL,NULL),(1273,'Je maintiens mon allure',NULL,NULL,1,585,NULL,NULL),(1274,'Je serre à droite',NULL,NULL,1,585,NULL,NULL),(1275,'Je passe avec prudence',NULL,NULL,1,586,NULL,NULL),(1276,'Je m\'arrête',NULL,NULL,0,586,NULL,NULL),(1277,'OUI',NULL,NULL,1,588,NULL,NULL),(1278,'NON',NULL,NULL,0,588,NULL,NULL),(1279,'OUI',NULL,NULL,0,589,NULL,NULL),(1280,'NON',NULL,NULL,1,589,NULL,NULL),(1281,'OUI',NULL,NULL,1,590,NULL,NULL),(1282,'NON',NULL,NULL,0,590,NULL,NULL),(1283,'je cèderai le passage à gauche',NULL,NULL,1,591,NULL,NULL),(1284,'je cèderai le passage à droite',NULL,NULL,0,591,NULL,NULL),(1285,'je pourrai tourner à gauche',NULL,NULL,0,591,NULL,NULL),(1286,'je pourrai tourner à droite',NULL,NULL,1,591,NULL,NULL),(1287,'Je passe',NULL,NULL,1,592,NULL,NULL),(1288,'Je m\'arrête',NULL,NULL,0,592,NULL,NULL),(1289,'je passe',NULL,NULL,1,593,NULL,NULL),(1290,'je cède le passage',NULL,NULL,0,593,NULL,NULL);

--
-- Table structure for table `applications`
--

CREATE TABLE `applications` (
  `id` bigint unsigned NOT NULL AUTO_INCREMENT,
  `libelle` varchar(191) CHARACTER SET utf8mb4 COLLATE utf8mb4_unicode_ci NOT NULL,
  `price` bigint unsigned DEFAULT NULL,
  `disabled` tinyint(1) NOT NULL,
  `created_at` timestamp NULL DEFAULT NULL,
  `updated_at` timestamp NULL DEFAULT NULL,
  PRIMARY KEY (`id`)
) ENGINE=InnoDB AUTO_INCREMENT=2 DEFAULT CHARSET=utf8mb4 COLLATE=utf8mb4_unicode_ci;

--
-- Dumping data for table `applications`
--

INSERT INTO `applications` VALUES (1,'auto ecole',1500,0,'2024-05-10 13:45:15','2024-05-22 20:41:38');

--
-- Table structure for table `categories`
--

CREATE TABLE `categories` (
  `id` bigint unsigned NOT NULL AUTO_INCREMENT,
  `libelle` varchar(191) CHARACTER SET utf8mb4 COLLATE utf8mb4_unicode_ci NOT NULL,
  `sonStyle` varchar(191) CHARACTER SET utf8mb4 COLLATE utf8mb4_unicode_ci NOT NULL,
  `icone` varchar(191) CHARACTER SET utf8mb4 COLLATE utf8mb4_unicode_ci NOT NULL,
  `parent_id` bigint unsigned DEFAULT NULL,
  `project_id` bigint unsigned DEFAULT NULL,
  `created_at` timestamp NULL DEFAULT NULL,
  `updated_at` timestamp NULL DEFAULT NULL,
  PRIMARY KEY (`id`),
  KEY `categories_parent_id_foreign` (`parent_id`),
  KEY `categories_project_id_foreign` (`project_id`),
  CONSTRAINT `categories_parent_id_foreign` FOREIGN KEY (`parent_id`) REFERENCES `categories` (`id`) ON DELETE CASCADE,
  CONSTRAINT `categories_project_id_foreign` FOREIGN KEY (`project_id`) REFERENCES `projects` (`id`) ON DELETE CASCADE
) ENGINE=InnoDB AUTO_INCREMENT=12 DEFAULT CHARSET=utf8mb4 COLLATE=utf8mb4_unicode_ci;

--
-- Dumping data for table `categories`
--

INSERT INTO `categories` VALUES (1,'cours 48','verticale','663e44d9f1125.JPG',NULL,1,NULL,NULL),(2,'cours 49','verticale','663e454e6c391.JPG',NULL,1,NULL,NULL),(3,'cours 50','verticale','663e454e6d82a.JPG',NULL,1,NULL,NULL),(4,'cours 51','verticale','663e45e38f013.JPG',NULL,1,NULL,NULL),(5,'cours 52','verticale','663e45e39039f.JPG',NULL,1,NULL,NULL),(6,'Cours 53','Vertical','66411209a5b8e.jpg',NULL,1,NULL,NULL),(7,'Cours 54','Vertical','66411209aeec8.jpg',NULL,1,NULL,NULL),(8,'cours 55','verticale','6643576d93c33.JPG',NULL,1,NULL,NULL),(9,'cours 56','verticale','6643576db6ca9.JPG',NULL,1,NULL,NULL),(10,'cours 57','verticale','6643576dbca3c.JPG',NULL,1,NULL,NULL),(11,'cours PL 1','verticale','6643576dbcc39.JPG',NULL,1,NULL,NULL);

--
-- Table structure for table `chapters`
--

CREATE TABLE `chapters` (
  `id` bigint unsigned NOT NULL AUTO_INCREMENT,
  `document_id` bigint unsigned NOT NULL,
  `libelle` varchar(191) CHARACTER SET utf8mb4 COLLATE utf8mb4_unicode_ci NOT NULL,
  `coursFileName` varchar(191) CHARACTER SET utf8mb4 COLLATE utf8mb4_unicode_ci DEFAULT NULL,
  `resumeFileName` varchar(191) CHARACTER SET utf8mb4 COLLATE utf8mb4_unicode_ci DEFAULT NULL,
  `videoFileName` varchar(191) CHARACTER SET utf8mb4 COLLATE utf8mb4_unicode_ci DEFAULT NULL,
  `created_at` timestamp NULL DEFAULT NULL,
  `updated_at` timestamp NULL DEFAULT NULL,
  PRIMARY KEY (`id`),
  KEY `chapters_document_id_foreign` (`document_id`),
  CONSTRAINT `chapters_document_id_foreign` FOREIGN KEY (`document_id`) REFERENCES `documents` (`id`)
) ENGINE=InnoDB DEFAULT CHARSET=utf8mb4 COLLATE=utf8mb4_unicode_ci;

--
-- Dumping data for table `chapters`
--


--
-- Table structure for table `coupons`
--

CREATE TABLE `coupons` (
  `id` bigint unsigned NOT NULL AUTO_INCREMENT,
  `code` varchar(191) CHARACTER SET utf8mb4 COLLATE utf8mb4_unicode_ci DEFAULT NULL,
  `expire_date` timestamp NULL DEFAULT NULL,
  `disabled` tinyint(1) NOT NULL,
  `discount` double NOT NULL DEFAULT '0',
  `created_at` timestamp NULL DEFAULT NULL,
  `updated_at` timestamp NULL DEFAULT NULL,
  `application_id` bigint unsigned DEFAULT NULL,
  `dealer_id` bigint unsigned DEFAULT NULL,
  PRIMARY KEY (`id`),
  KEY `coupons_dealer_id_foreign` (`dealer_id`),
  KEY `coupons_application_id_foreign` (`application_id`),
  CONSTRAINT `coupons_application_id_foreign` FOREIGN KEY (`application_id`) REFERENCES `applications` (`id`) ON DELETE CASCADE,
  CONSTRAINT `coupons_dealer_id_foreign` FOREIGN KEY (`dealer_id`) REFERENCES `users` (`id`) ON DELETE CASCADE
) ENGINE=InnoDB DEFAULT CHARSET=utf8mb4 COLLATE=utf8mb4_unicode_ci;

--
-- Dumping data for table `coupons`
--


--
-- Table structure for table `documents`
--

CREATE TABLE `documents` (
  `id` bigint unsigned NOT NULL AUTO_INCREMENT,
  `category_id` bigint unsigned NOT NULL,
  `libelle` varchar(191) CHARACTER SET utf8mb4 COLLATE utf8mb4_unicode_ci NOT NULL,
  `enabled` tinyint(1) NOT NULL,
  `filePath` varchar(191) CHARACTER SET utf8mb4 COLLATE utf8mb4_unicode_ci DEFAULT NULL,
  `created_at` timestamp NULL DEFAULT NULL,
  `updated_at` timestamp NULL DEFAULT NULL,
  `type` enum('file','single_chapter','multi_chapter') CHARACTER SET utf8mb4 COLLATE utf8mb4_unicode_ci NOT NULL DEFAULT 'file',
  PRIMARY KEY (`id`),
  KEY `documents_category_id_foreign` (`category_id`),
  CONSTRAINT `documents_category_id_foreign` FOREIGN KEY (`category_id`) REFERENCES `categories` (`id`)
) ENGINE=InnoDB AUTO_INCREMENT=12 DEFAULT CHARSET=utf8mb4 COLLATE=utf8mb4_unicode_ci;

--
-- Dumping data for table `documents`
--

INSERT INTO `documents` VALUES (1,1,'serie 48',0,NULL,'2024-05-10 14:08:29','2024-05-10 14:08:29','file'),(2,2,'serie 49',0,'663e4710a4550.pdf','2024-05-10 14:10:56','2024-05-10 14:10:56','file'),(3,3,'serie 50',0,'663e472b8a505.pdf','2024-05-10 14:11:23','2024-05-10 14:11:23','file'),(4,4,'serie 51',0,'663e473d84676.pdf','2024-05-10 14:11:41','2024-05-10 14:11:41','file'),(5,5,'serie 52',0,'663e4754ce89c.pdf','2024-05-10 14:12:04','2024-05-10 14:12:04','file'),(6,6,'Série 53',0,'6641124bb16a1.pdf','2024-05-12 17:02:35','2024-05-12 17:02:35','file'),(7,7,'Série 54',0,'66411272798e2.pdf','2024-05-12 17:03:14','2024-05-12 17:03:14','file'),(8,11,'serie PL',0,'66435836368e4.pdf','2024-05-14 10:25:26','2024-05-14 10:25:26','file'),(9,10,'série 57',0,'664358553a297.pdf','2024-05-14 10:25:57','2024-05-14 10:25:57','file'),(10,9,'serie 56',0,'6643586ea1859.pdf','2024-05-14 10:26:22','2024-05-14 10:26:22','file'),(11,8,'série 55',0,'66435887112db.pdf','2024-05-14 10:26:47','2024-05-14 10:26:47','file');

--
-- Table structure for table `exercises`
--

CREATE TABLE `exercises` (
  `id` bigint unsigned NOT NULL AUTO_INCREMENT,
  `chapter_id` bigint unsigned NOT NULL,
  `libelle` varchar(191) CHARACTER SET utf8mb4 COLLATE utf8mb4_unicode_ci NOT NULL,
  `enonceFileName` varchar(191) CHARACTER SET utf8mb4 COLLATE utf8mb4_unicode_ci NOT NULL,
  `correctionFileName` varchar(191) CHARACTER SET utf8mb4 COLLATE utf8mb4_unicode_ci DEFAULT NULL,
  `etat` tinyint(1) DEFAULT NULL,
  `created_at` timestamp NULL DEFAULT NULL,
  `updated_at` timestamp NULL DEFAULT NULL,
  PRIMARY KEY (`id`),
  KEY `exercises_chapter_id_foreign` (`chapter_id`),
  CONSTRAINT `exercises_chapter_id_foreign` FOREIGN KEY (`chapter_id`) REFERENCES `chapters` (`id`)
) ENGINE=InnoDB DEFAULT CHARSET=utf8mb4 COLLATE=utf8mb4_unicode_ci;

--
-- Dumping data for table `exercises`
--


--
-- Table structure for table `failed_jobs`
--

CREATE TABLE `failed_jobs` (
  `id` bigint unsigned NOT NULL AUTO_INCREMENT,
  `uuid` varchar(191) CHARACTER SET utf8mb4 COLLATE utf8mb4_unicode_ci NOT NULL,
  `connection` text CHARACTER SET utf8mb4 COLLATE utf8mb4_unicode_ci NOT NULL,
  `queue` text CHARACTER SET utf8mb4 COLLATE utf8mb4_unicode_ci NOT NULL,
  `payload` longtext CHARACTER SET utf8mb4 COLLATE utf8mb4_unicode_ci NOT NULL,
  `exception` longtext CHARACTER SET utf8mb4 COLLATE utf8mb4_unicode_ci NOT NULL,
  `failed_at` timestamp NOT NULL DEFAULT CURRENT_TIMESTAMP,
  PRIMARY KEY (`id`),
  UNIQUE KEY `failed_jobs_uuid_unique` (`uuid`)
) ENGINE=InnoDB DEFAULT CHARSET=utf8mb4 COLLATE=utf8mb4_unicode_ci;

--
-- Dumping data for table `failed_jobs`
--


--
-- Table structure for table `licenses`
--

CREATE TABLE `licenses` (
  `id` bigint unsigned NOT NULL AUTO_INCREMENT,
  `payment` varchar(191) CHARACTER SET utf8mb4 COLLATE utf8mb4_unicode_ci NOT NULL,
  `code` varchar(191) CHARACTER SET utf8mb4 COLLATE utf8mb4_unicode_ci NOT NULL,
  `used` tinyint(1) NOT NULL DEFAULT '0',
  `phone` varchar(191) CHARACTER SET utf8mb4 COLLATE utf8mb4_unicode_ci DEFAULT NULL,
  `price` double DEFAULT NULL,
  `active_date` timestamp NULL DEFAULT NULL,
  `expire_date` timestamp NULL DEFAULT NULL,
  `coupon` varchar(191) CHARACTER SET utf8mb4 COLLATE utf8mb4_unicode_ci DEFAULT NULL,
  `disabled` tinyint(1) NOT NULL DEFAULT '0',
  `created_at` timestamp NULL DEFAULT NULL,
  `updated_at` timestamp NULL DEFAULT NULL,
  `client_id` bigint unsigned DEFAULT NULL,
  `dealer_id` bigint unsigned DEFAULT NULL,
  `application_id` bigint unsigned DEFAULT NULL,
  PRIMARY KEY (`id`),
  UNIQUE KEY `licenses_code_unique` (`code`),
  KEY `licenses_client_id_foreign` (`client_id`),
  KEY `licenses_dealer_id_foreign` (`dealer_id`),
  KEY `licenses_application_id_foreign` (`application_id`),
  CONSTRAINT `licenses_application_id_foreign` FOREIGN KEY (`application_id`) REFERENCES `applications` (`id`) ON DELETE CASCADE,
  CONSTRAINT `licenses_client_id_foreign` FOREIGN KEY (`client_id`) REFERENCES `users` (`id`) ON DELETE CASCADE,
  CONSTRAINT `licenses_dealer_id_foreign` FOREIGN KEY (`dealer_id`) REFERENCES `users` (`id`) ON DELETE CASCADE
) ENGINE=InnoDB AUTO_INCREMENT=3 DEFAULT CHARSET=utf8mb4 COLLATE=utf8mb4_unicode_ci;

--
-- Dumping data for table `licenses`
--

INSERT INTO `licenses` VALUES (2,'CASH','AAAA',1,'5555',1500,'2024-05-17 09:28:50','2024-11-17 11:28:00',NULL,0,'2024-05-17 09:28:50','2024-05-18 12:16:30',NULL,NULL,1);

--
-- Table structure for table `migrations`
--

CREATE TABLE `migrations` (
  `id` int unsigned NOT NULL AUTO_INCREMENT,
  `migration` varchar(191) CHARACTER SET utf8mb4 COLLATE utf8mb4_unicode_ci NOT NULL,
  `batch` int NOT NULL,
  PRIMARY KEY (`id`)
) ENGINE=InnoDB AUTO_INCREMENT=18 DEFAULT CHARSET=utf8mb4 COLLATE=utf8mb4_unicode_ci;

--
-- Dumping data for table `migrations`
--

INSERT INTO `migrations` VALUES (1,'2014_10_12_000000_create_users_table',1),(2,'2014_10_12_100000_create_password_reset_tokens_table',1),(3,'2019_08_19_000000_create_failed_jobs_table',1),(4,'2019_12_14_000001_create_personal_access_tokens_table',1),(5,'2023_12_14_060657_create_applications_table',1),(6,'2023_12_14_060658_create_projects_table',1),(7,'2023_12_14_060659_create_categories_table',1),(8,'2023_12_14_064205_create_documents_table',1),(9,'2023_12_14_064229_create_chapters_table',1),(10,'2023_12_14_064252_create_exercises_table',1),(11,'2023_12_14_065904_create_quiz_questions_table',1),(12,'2023_12_29_155650_create_questions_table',1),(13,'2023_12_29_160010_create_answers_table',1),(14,'2024_01_06_112738_add_type_to_documents_table',1),(15,'2024_04_24_135359_create_licenses_table',1),(16,'2024_04_24_135429_create_coupons_table',1),(17,'2024_04_27_185209_create_settings_table',1);

--
-- Table structure for table `projects`
--

CREATE TABLE `projects` (
  `id` bigint unsigned NOT NULL AUTO_INCREMENT,
  `libelle` varchar(191) CHARACTER SET utf8mb4 COLLATE utf8mb4_unicode_ci NOT NULL,
  `sonStyle` varchar(191) CHARACTER SET utf8mb4 COLLATE utf8mb4_unicode_ci DEFAULT NULL,
  `isOffline` tinyint(1) NOT NULL,
  `created_at` timestamp NULL DEFAULT NULL,
  `updated_at` timestamp NULL DEFAULT NULL,
  `application_id` bigint unsigned DEFAULT NULL,
  PRIMARY KEY (`id`),
  KEY `projects_application_id_foreign` (`application_id`),
  CONSTRAINT `projects_application_id_foreign` FOREIGN KEY (`application_id`) REFERENCES `applications` (`id`) ON DELETE CASCADE
) ENGINE=InnoDB AUTO_INCREMENT=2 DEFAULT CHARSET=utf8mb4 COLLATE=utf8mb4_unicode_ci;

--
-- Dumping data for table `projects`
--

INSERT INTO `projects` VALUES (1,'quiz offline','verticale',1,'2024-05-10 13:45:46','2024-05-10 13:45:46',1);

--
-- Table structure for table `questions`
--

CREATE TABLE `questions` (
  `id` bigint unsigned NOT NULL AUTO_INCREMENT,
  `libelle` varchar(191) CHARACTER SET utf8mb4 COLLATE utf8mb4_unicode_ci NOT NULL,
  `image` varchar(191) CHARACTER SET utf8mb4 COLLATE utf8mb4_unicode_ci DEFAULT NULL,
  `chapter_id` bigint unsigned DEFAULT NULL,
  `project_id` bigint unsigned DEFAULT NULL,
  `document_id` bigint unsigned DEFAULT NULL,
  `created_at` timestamp NULL DEFAULT NULL,
  `updated_at` timestamp NULL DEFAULT NULL,
  PRIMARY KEY (`id`),
  KEY `questions_chapter_id_foreign` (`chapter_id`),
  KEY `questions_project_id_foreign` (`project_id`),
  KEY `questions_document_id_foreign` (`document_id`),
  CONSTRAINT `questions_chapter_id_foreign` FOREIGN KEY (`chapter_id`) REFERENCES `chapters` (`id`) ON DELETE CASCADE,
  CONSTRAINT `questions_document_id_foreign` FOREIGN KEY (`document_id`) REFERENCES `documents` (`id`) ON DELETE CASCADE,
  CONSTRAINT `questions_project_id_foreign` FOREIGN KEY (`project_id`) REFERENCES `projects` (`id`) ON DELETE CASCADE
) ENGINE=InnoDB AUTO_INCREMENT=597 DEFAULT CHARSET=utf8mb4 COLLATE=utf8mb4_unicode_ci;

--
-- Dumping data for table `questions`
--

INSERT INTO `questions` VALUES (2,'En marche normale, je suis bien placé','663ed85c746d2.PNG',NULL,NULL,4,'2024-05-11 00:30:52','2024-05-11 00:30:52'),(3,'LA descente dangereuse','663ed85c807e9.PNG',NULL,NULL,4,'2024-05-11 00:30:52','2024-05-11 00:30:52'),(4,'Je dépasse','663ede8160eb6.PNG',NULL,NULL,4,'2024-05-11 00:57:05','2024-05-11 00:57:05'),(8,'Je circule sur un itinéraire bis','663f37a52c4f8.PNG',NULL,NULL,3,'2024-05-11 07:17:25','2024-05-11 07:17:25'),(9,'Je vais tout droit: je cède le passage à droite','663f39b3e3bf4.PNG',NULL,NULL,3,'2024-05-11 07:26:11','2024-05-11 07:26:11'),(10,'J\'entre sur une autoroute','663f39b3ef2ed.PNG',NULL,NULL,3,'2024-05-11 07:26:11','2024-05-11 07:26:11'),(12,'Ou j\'attends','663f3a26d0d47.PNG',NULL,NULL,3,'2024-05-11 07:28:06','2024-05-11 07:28:06'),(14,'j\'attends','663f3d9967245.PNG',NULL,NULL,3,'2024-05-11 07:42:49','2024-05-11 07:42:49'),(15,'Ces balises','663f407480108.PNG',NULL,NULL,3,'2024-05-11 07:55:00','2024-05-11 07:55:00'),(16,'Je dois','663f41168b405.PNG',NULL,NULL,3,'2024-05-11 07:57:42','2024-05-11 07:57:42'),(17,'Je tourne à gauche : je passe avant la voiture','663f417265359.PNG',NULL,NULL,3,'2024-05-11 07:59:14','2024-05-11 07:59:14'),(18,'Je tourne à gauche avant le camion ( 6/Q2)','663f42fc51fa0.PNG',NULL,NULL,3,'2024-05-11 08:05:48','2024-05-11 08:05:48'),(19,'Je peux dépasser ce camion très lentement','663f434508f2b.PNG',NULL,NULL,3,'2024-05-11 08:07:01','2024-05-11 08:07:01'),(20,'Dans cette situation, je circule sans feux','663f43e6da456.PNG',NULL,NULL,3,'2024-05-11 08:09:42','2024-05-11 08:09:42'),(21,'Dans cette situation, je circule avec les seuls feux de position','663f43e6db9d3.PNG',NULL,NULL,3,'2024-05-11 08:09:42','2024-05-11 08:09:42'),(22,'Le stationnement est limité à','663f441d325ce.PNG',NULL,NULL,3,'2024-05-11 08:10:37','2024-05-11 08:10:37'),(23,'Pour tourner à gauche, je céderai le passage aux véhicules venant de face','663f44f86c06f.PNG',NULL,NULL,3,'2024-05-11 08:14:16','2024-05-11 08:14:16'),(24,'Pour tourner à gauche, je céderai le passage aux véhicules venant de face sur la route prioritaire','663f44f86f3af.PNG',NULL,NULL,3,'2024-05-11 08:14:16','2024-05-11 08:14:16'),(25,'Les feux des véhicules, sur l\'autre chaussée, peuvent être un indice annonçant','663f45794cf63.PNG',NULL,NULL,3,'2024-05-11 08:16:25','2024-05-11 08:16:25'),(26,'La circulation est en files ininterrompues','663f461a85b68.PNG',NULL,NULL,3,'2024-05-11 08:19:06','2024-05-11 08:19:06'),(27,'Dès que possible,  je pourrai changer de voie pour dépasser','663f461a8cc48.PNG',NULL,NULL,3,'2024-05-11 08:19:06','2024-05-11 08:19:06'),(28,'Je tourne à droite. Je cède le passage à la voiture','663f466193384.PNG',NULL,NULL,3,'2024-05-11 08:20:17','2024-05-11 08:20:17'),(29,'Je circule sur une route','663f46964efe4.PNG',NULL,NULL,3,'2024-05-11 08:21:10','2024-05-11 08:21:10'),(31,'Dans cette période dite \"entre chien et loup\", il est préférable d\'allumer ses feux de croisement','663f47be719bc.PNG',NULL,NULL,3,'2024-05-11 08:26:06','2024-05-11 08:26:06'),(32,'Dans cette période dite \"entre chien et loup\", il est préférable de rouler sans feux','663f47be78517.PNG',NULL,NULL,3,'2024-05-11 08:26:06','2024-05-11 08:26:06'),(33,'Je peux stationner sur le parking de gauche','663f486673c49.PNG',NULL,NULL,3,'2024-05-11 08:28:54','2024-05-11 08:28:54'),(34,'La route est à caractère prioritaire','663f49507864a.PNG',NULL,NULL,3,'2024-05-11 08:32:48','2024-05-11 08:32:48'),(35,'Je serrai prioritaire dans toute la traversée de l’agglomération','663f49507d97b.PNG',NULL,NULL,3,'2024-05-11 08:32:48','2024-05-11 08:32:48'),(36,'En prenant la voie de la droite je pourrai circuler à 100km/ h maximum','663f49da3cbac.PNG',NULL,NULL,3,'2024-05-11 08:35:06','2024-05-11 08:35:06'),(37,'Je circule sur une route prioritaire','663f4c43dda32.PNG',NULL,NULL,3,'2024-05-11 08:45:23','2024-05-11 08:45:23'),(38,'En tournant à droite,  je prendrai obligatoirement l\'autoroute','663f4c43e2052.PNG',NULL,NULL,3,'2024-05-11 08:45:23','2024-05-11 08:45:23'),(39,'Pour stationner, j\'utiliserai un disque de stationnement','663f4c9f19d0e.PNG',NULL,NULL,3,'2024-05-11 08:46:55','2024-05-11 08:46:55'),(40,'Le véhicule que je vais croiser peut être',NULL,NULL,NULL,3,'2024-05-11 08:50:00','2024-05-11 08:50:00'),(41,'Je','663f4eee3f18b.PNG',NULL,NULL,3,'2024-05-11 08:56:46','2024-05-11 08:56:46'),(42,'Lorsque le feu sera vert, pour suivre l’itinéraire prioritaire, je pourrai continuer tout droit','663f4f7cb4c8a.PNG',NULL,NULL,3,'2024-05-11 08:59:08','2024-05-11 08:59:08'),(43,'Je cède le passage à gauche','663f4fee7b025.PNG',NULL,NULL,3,'2024-05-11 09:01:02','2024-05-11 09:01:02'),(44,'Je cède le passage à droite','663f4fee7ce93.PNG',NULL,NULL,3,'2024-05-11 09:01:02','2024-05-11 09:01:02'),(45,'Que dois-je faire?','663f5056548d5.PNG',NULL,NULL,3,'2024-05-11 09:02:46','2024-05-11 09:02:46'),(46,'Ce passage à niveau est','663f508cd1e04.PNG',NULL,NULL,3,'2024-05-11 09:03:40','2024-05-11 09:03:40'),(47,'Je ralentis','663f510010563.PNG',NULL,NULL,3,'2024-05-11 09:05:36','2024-05-11 09:05:36'),(48,'Le piéton sur la chaussée devrait être sur l\'accotement','663f5100138a2.PNG',NULL,NULL,3,'2024-05-11 09:05:36','2024-05-11 09:05:36'),(49,'La signalisation m\'indique','663f514092e6e.PNG',NULL,NULL,3,'2024-05-11 09:06:40','2024-05-11 09:06:40'),(50,'Je tourne à gauche. Je cèderai le passage','663f51a109ba2.PNG',NULL,NULL,3,'2024-05-11 09:08:17','2024-05-11 09:08:17'),(51,'A partir des panneaux, la route est prioritaire','663f5239ebb3c.PNG',NULL,NULL,3,'2024-05-11 09:10:49','2024-05-11 09:10:49'),(52,'A partir des panneaux, la vitesse est limitée à 90 km / h','663f5239efa90.PNG',NULL,NULL,3,'2024-05-11 09:10:49','2024-05-11 09:10:49'),(53,'A partir de ce panneau, le stationnement est :','663f52a1646b1.PNG',NULL,NULL,3,'2024-05-11 09:12:33','2024-05-11 09:12:33'),(54,'Pour dépasser ce véhicule, je dois:','663f53db6daaf.PNG',NULL,NULL,3,'2024-05-11 09:17:47','2024-05-11 09:17:47'),(55,'Je circule sur l\'itinéraire bis','663f55ac00eeb.PNG',NULL,NULL,3,'2024-05-11 09:25:32','2024-05-11 09:25:32'),(56,'Je suis à 82 km de l\'itinéraire bis','663f55ac0b399.PNG',NULL,NULL,3,'2024-05-11 09:25:32','2024-05-11 09:25:32'),(57,'Je suis bien placé, si je circule à :','663f562d10537.PNG',NULL,NULL,3,'2024-05-11 09:27:41','2024-05-11 09:27:41'),(58,'En règle générale : \r\nest considéré  comme abusif, le stationnement ininterrompu d\'un véhicule en un même endroit  de la voie publique ou de ses dépendance,  pendant une durée supérieure à :',NULL,NULL,NULL,3,'2024-05-11 09:37:39','2024-05-11 09:37:39'),(59,'Le certificat d\'assurance est apposé sur mon pare-brise. En cas de contrôle de police ou de gendarmerie, je dois aussi présenter mon attestation d\'assurance',NULL,NULL,NULL,3,'2024-05-11 09:43:00','2024-05-11 09:43:00'),(60,'test encore',NULL,NULL,NULL,5,'2024-05-11 10:32:27','2024-05-11 10:32:27'),(61,'Le premier panneau, m\'oblige à tourner à gauche(img6, 1ere question)','663f6d92eade7.PNG',NULL,NULL,4,'2024-05-11 11:07:30','2024-05-11 11:07:30'),(62,'Le premier panneau, je cèderai le passage à droite(img6, 2eme question)','663f6d92eecb0.PNG',NULL,NULL,4,'2024-05-11 11:07:30','2024-05-11 11:07:30'),(63,'Sur cette route de montagne, j\'effectuerai la marche arrière, si le croisement est impossible','663f6f592eec0.PNG',NULL,NULL,4,'2024-05-11 11:15:05','2024-05-11 11:15:05'),(64,'Je vais arriver à une bifurcation(img8, 1re question)','663f7017d74cf.PNG',NULL,NULL,4,'2024-05-11 11:18:15','2024-05-11 11:18:15'),(65,'Je vais arriver à une sortie(img8, 2eme question)','663f7017db94c.PNG',NULL,NULL,4,'2024-05-11 11:18:15','2024-05-11 11:18:15'),(68,'Je dépasse (serie 51, img9)','663f7266e2eaf.PNG',NULL,NULL,4,'2024-05-11 11:28:06','2024-05-11 11:28:06'),(69,'Dans cette situation, je peux allumer mes feux de brouillard avant (img10, 1ere question)','663f741b5c47e.PNG',NULL,NULL,4,'2024-05-11 11:35:23','2024-05-11 11:35:23'),(70,'Dans cette situation, je peux allumer mes feux de brouillard arrière (img10, 2ere question)','663f741b5dba2.PNG',NULL,NULL,4,'2024-05-11 11:35:23','2024-05-11 11:35:23'),(71,'La limitation de vitesse concerne (serie 51, img11','663f7541bbcd0.PNG',NULL,NULL,4,'2024-05-11 11:40:17','2024-05-11 11:40:17'),(72,'La route, sur laquelle je circule, est à double sens','663f7625d1531.PNG',NULL,NULL,4,'2024-05-11 11:44:05','2024-05-11 11:44:05'),(73,'Pour dépasser ce cycliste: je laisse au moins 1 m latéralement (img14, 1ere question)','663f771de4926.PNG',NULL,NULL,4,'2024-05-11 11:48:13','2024-05-11 11:48:13'),(74,'Pour dépasser ce cycliste: je peux franchir la ligne discontinue (img14, 2ere question)','663f771deb520.PNG',NULL,NULL,4,'2024-05-11 11:48:13','2024-05-11 11:48:13'),(75,'A droite devant la voiture, je peux : stationner (img16, 1ere question)','663f785669e30.PNG',NULL,NULL,4,'2024-05-11 11:53:26','2024-05-11 11:53:26'),(76,'A droite devant la voiture, je peux : m\'arrêter (img16, 2ere question)','663f78566b600.PNG',NULL,NULL,4,'2024-05-11 11:53:26','2024-05-11 11:53:26'),(77,'Je peux m\'engager devant ce camion qui arrive lentement','663f79142c0ee.PNG',NULL,NULL,4,'2024-05-11 11:56:36','2024-05-11 11:56:36'),(78,'Pour sortir (serie 51, img18)','663f7980ca59a.PNG',NULL,NULL,4,'2024-05-11 11:58:24','2024-05-11 11:58:24'),(79,'Quand le feu sera vert, je pourrai tourner à droite','663f7a5327862.PNG',NULL,NULL,4,'2024-05-11 12:01:55','2024-05-11 12:01:55'),(80,'Pour être mieux vu, j\'allume : mes feux de croisement','663f7ab9ccd96.PNG',NULL,NULL,4,'2024-05-11 12:03:37','2024-05-11 12:03:37'),(81,'Je me suis trompé, je peux encore prendre la route à droite','663f7b469c832.PNG',NULL,NULL,4,'2024-05-11 12:05:58','2024-05-11 12:05:58'),(82,'La signalisation m\'annonce : (img22, serie 51)','663f7bc3a07eb.PNG',NULL,NULL,4,'2024-05-11 12:08:03','2024-05-11 12:08:03'),(83,'Pour tourner à gauche (serie 51, img23)','663f7cd32e49f.PNG',NULL,NULL,4,'2024-05-11 12:12:35','2024-05-11 12:12:35'),(84,'Le panneau annonce un fort vent venant de droite uniquement','663f7dec0a6e6.PNG',NULL,NULL,1,'2024-05-11 12:17:16','2024-05-11 12:17:16'),(85,'Mon ensemble de véhicules fait 8 m de long: ma distance de sécurité doit être d\'au moins 50 mètres (1ere question, img24)','663f7e34f119a.PNG',NULL,NULL,4,'2024-05-11 12:18:29','2024-05-11 12:18:29'),(86,'Mon ensemble de véhicules fait 8 m de long: je pourrai prendre la voie de gauche pour dépasser (2ere question, img24)','663f7e3503b88.PNG',NULL,NULL,4,'2024-05-11 12:18:29','2024-05-11 12:18:29'),(87,'Je peux suivre la voiture','663f7e7291859.PNG',NULL,NULL,1,'2024-05-11 12:19:30','2024-05-11 12:19:30'),(88,'Je dois céder le passage aux deux roues','663f7ed69cd0f.PNG',NULL,NULL,1,'2024-05-11 12:21:10','2024-05-11 12:21:10'),(89,'Je peux continuer (serie 51, img25)','663f7ee81588d.PNG',NULL,NULL,4,'2024-05-11 12:21:28','2024-05-11 12:21:28'),(91,'Pour aller à Angers, au prochain carrefour : je tournerai à droite (img26, 1ere question)','663f7feb87b4c.PNG',NULL,NULL,4,'2024-05-11 12:25:47','2024-05-11 12:25:47'),(92,'Pour aller à Angers, au prochain carrefour : j\'emprunterai un itinéraire bis (img26, 2ere question)','663f7feb891e2.PNG',NULL,NULL,4,'2024-05-11 12:25:47','2024-05-11 12:25:47'),(93,'Je suis bien placé pour aller tout droit ( S48)','663f80130cf28.PNG',NULL,NULL,1,'2024-05-11 12:26:27','2024-05-11 12:26:27'),(94,'Je suis bien placé pour aller à gauche (S48)','663f80130e4aa.PNG',NULL,NULL,1,'2024-05-11 12:26:27','2024-05-11 12:26:27'),(95,'Je suis tenu de ralentir ou de m\'arrêter pour faciliter le passage','663f8086af9c1.PNG',NULL,NULL,4,'2024-05-11 12:28:22','2024-05-11 12:28:22'),(96,'Je dépasse (S48)','663f80b91e4d4.PNG',NULL,NULL,1,'2024-05-11 12:29:13','2024-05-11 12:29:13'),(97,'La circulation est dérivée (img28, 1ere question)','663f8140dd6c5.PNG',NULL,NULL,4,'2024-05-11 12:31:28','2024-05-11 12:31:28'),(98,'J\'allume mes feux de détresse  (img28, 2ere question)','663f8140edd7e.PNG',NULL,NULL,4,'2024-05-11 12:31:28','2024-05-11 12:31:28'),(99,'Je circule sur une autoroute de dégagement','663f81fc1b70d.PNG',NULL,NULL,4,'2024-05-11 12:34:36','2024-05-11 12:34:36'),(100,'Après cette signalisation, je peux m\'arrêter','663f82a244896.PNG',NULL,NULL,NULL,'2024-05-11 12:37:22','2024-05-11 12:37:22'),(101,'Après cette signalisation, je peux stationner','663f82a2485aa.PNG',NULL,NULL,NULL,'2024-05-11 12:37:22','2024-05-11 12:37:22'),(102,'Dans cette situation, je ralentis','663f82a8b3c72.PNG',NULL,NULL,1,'2024-05-11 12:37:28','2024-05-11 12:37:28'),(103,'Si je continue tout droit, je cèderai le passage à droite','663f82a8b6f2a.PNG',NULL,NULL,1,'2024-05-11 12:37:28','2024-05-11 12:37:28'),(104,'Je roule à 90 Km/h. Je dépasse (img31)','663f83bfc7695.PNG',NULL,NULL,4,'2024-05-11 12:42:07','2024-05-11 12:42:07'),(105,'La signalisation ne concerne que les véhicules lourds','663f84b51c61a.PNG',NULL,NULL,1,'2024-05-11 12:46:13','2024-05-11 12:46:13'),(106,'Dans cette situation, il est préférable : (serie 51, img32)','663f84e6a993c.PNG',NULL,NULL,4,'2024-05-11 12:47:02','2024-05-11 12:47:02'),(107,'Mon alcootest est celui de droite, Je peux conduire (serie 51, img33)','663f85cf87117.PNG',NULL,NULL,4,'2024-05-11 12:50:55','2024-05-11 12:50:55'),(108,'L\'interdiction de dépasser concerne les poids lourds uniquement','663f85e2dbd6f.PNG',NULL,NULL,1,'2024-05-11 12:51:14','2024-05-11 12:51:14'),(109,'L\'interdiction de dépasser concerne tous les véhiculent qui circulent dans la voie de droite','663f85e2e5a93.PNG',NULL,NULL,1,'2024-05-11 12:51:14','2024-05-11 12:51:14'),(110,'Je dois dès maintenant choisir ma direction (1ere question, img34)','663f869744921.PNG',NULL,NULL,4,'2024-05-11 12:54:15','2024-05-11 12:54:15'),(111,'Pour tourner à gauche, je dois prendre la voie de stockage (2eme question, img34)','663f8697520ee.PNG',NULL,NULL,4,'2024-05-11 12:54:15','2024-05-11 12:54:15'),(112,'Pour aller à Rennes, je circulerai sur autoroute','663f86d7cc5f8.PNG',NULL,NULL,1,'2024-05-11 12:55:19','2024-05-11 12:55:19'),(113,'La mauvaise façon de conduire est un facteur de consommation de carburant (serie 51)',NULL,NULL,NULL,4,'2024-05-11 12:57:54','2024-05-11 12:57:54'),(114,'Je tourne à gauche','663f87b9e70a4.PNG',NULL,NULL,1,'2024-05-11 12:59:05','2024-05-11 12:59:05'),(115,'Le port de la ceinture de sécurité est obligatoire : (serie 51)',NULL,NULL,NULL,4,'2024-05-11 12:59:52','2024-05-11 12:59:52'),(116,'Je dépasse le camion (S48)','663f889ef142d.PNG',NULL,NULL,1,'2024-05-11 13:02:55','2024-05-11 13:02:55'),(117,'Vous circulez par temps de pluie. Malgré l\'utilisation des essuie-glaces et du lave-glace, le pare-brise reste sale.\r\nQue faites-vous :',NULL,NULL,NULL,4,'2024-05-11 13:03:26','2024-05-11 13:03:26'),(118,'Que dois-je faire? (S48)','663f892132991.PNG',NULL,NULL,1,'2024-05-11 13:05:05','2024-05-11 13:05:05'),(119,'A minuit, j\'ai arrêté de boire des boissons alcoolisées et mon taux d\'alcool sera :',NULL,NULL,NULL,4,'2024-05-11 13:06:47','2024-05-11 13:06:47'),(120,'Sur cette chaussée la vitesse est limitée à :','663f8a225d102.PNG',NULL,NULL,1,'2024-05-11 13:09:22','2024-05-11 13:09:22'),(121,'Même en l\'absence d\'infraction ou d\'accident, les agents de la police de la circulation routière, peuvent soumettre un conducteur à un contrôle du taux d\'alcool',NULL,NULL,NULL,4,'2024-05-11 13:13:00','2024-05-11 13:13:00'),(122,'La circulation peut être interrompue par des feux (S48)','663f8b608bee1.PNG',NULL,NULL,1,'2024-05-11 13:14:40','2024-05-11 13:14:40'),(123,'La circulation peut être interrompue par un piquet mobile','663f8b608e03a.PNG',NULL,NULL,1,'2024-05-11 13:14:40','2024-05-11 13:14:40'),(124,'La traversée du passage à niveau est interdite aux véhicules de plus de 10 tonnes','663f8c65391e8.PNG',NULL,NULL,1,'2024-05-11 13:19:01','2024-05-11 13:19:01'),(125,'Que faire dans cette situation? (S48)','663f8d581b88e.PNG',NULL,NULL,1,'2024-05-11 13:23:04','2024-05-11 13:23:04'),(126,'Je tourne à droite, je passe avant le véhicule qui arrive de face','663f977615e85.PNG',NULL,NULL,1,'2024-05-11 14:06:14','2024-05-11 14:06:14'),(128,'A 200 mètres, je circulerai sur une autoroute','663f9ad5524ad.PNG',NULL,NULL,NULL,'2024-05-11 14:20:37','2024-05-11 14:20:37'),(129,'A 200 mètres, je pourrai rouler à 110 km / h','663f9ad553c0a.PNG',NULL,NULL,NULL,'2024-05-11 14:20:37','2024-05-11 14:20:37'),(132,'Dans ce cas, je :','663f9c2de53aa.PNG',NULL,NULL,1,'2024-05-11 14:26:22','2024-05-11 14:26:22'),(133,'Pour faire des économies de carburant, je me mets au point mort','663f9cfc6e690.PNG',NULL,NULL,1,'2024-05-11 14:29:48','2024-05-11 14:29:48'),(134,'Après le dépassement de cette voiture, je pourrai rester dans la voie centrale','663f9f26e0bb7.PNG',NULL,NULL,1,'2024-05-11 14:39:02','2024-05-11 14:39:02'),(135,'Après le dépassement de cette voiture, je devrai revenir à droite','663f9f26e72dd.PNG',NULL,NULL,1,'2024-05-11 14:39:02','2024-05-11 14:39:02'),(136,'Ce véhicule transporte des enfants','663f9fe34edbe.PNG',NULL,NULL,1,'2024-05-11 14:42:11','2024-05-11 14:42:11'),(137,'Ce véhicule est arreté','663f9fe353576.PNG',NULL,NULL,1,'2024-05-11 14:42:11','2024-05-11 14:42:11'),(138,'La signalisation annonce','663fa14419696.PNG',NULL,NULL,1,'2024-05-11 14:48:04','2024-05-11 14:48:04'),(139,'Je peux stationner derrière la voiture verte','663fa214033f5.PNG',NULL,NULL,1,'2024-05-11 14:51:32','2024-05-11 14:51:32'),(140,'Je céderai le passage à gauche (S48)','663fa2a3f037f.PNG',NULL,NULL,1,'2024-05-11 14:53:56','2024-05-11 14:53:56'),(141,'Je céderai le passage à droite (S48)','663fa2a402f94.PNG',NULL,NULL,1,'2024-05-11 14:53:56','2024-05-11 14:53:56'),(142,'Dois-je?','663fa6e0960cf.PNG',NULL,NULL,1,'2024-05-11 15:12:00','2024-05-11 15:12:00'),(143,'Dois-je dépasser?','663fa7599cb48.PNG',NULL,NULL,1,'2024-05-11 15:14:01','2024-05-11 15:14:01'),(144,'Je peux circuler à (S48)','663fa7c0c7846.PNG',NULL,NULL,1,'2024-05-11 15:15:44','2024-05-11 15:15:44'),(145,'Je dois céder le passage à la voiture qui arrive de droite','663fa85632250.PNG',NULL,NULL,1,'2024-05-11 15:18:14','2024-05-11 15:18:14'),(146,'Cette signalisation annonce (Ss48)','663fa9627b8eb.PNG',NULL,NULL,1,'2024-05-11 15:22:42','2024-05-11 15:22:42'),(147,'Je peux la rencontrer','663fa9627f5d2.PNG',NULL,NULL,1,'2024-05-11 15:22:42','2024-05-11 15:22:42'),(148,'Tant qu\'on atteint pas le taux d\'alcool à 0,80 g / L ou de 0,40 mg / L , le risque d\'accident est tout à fait négligeable',NULL,NULL,NULL,1,'2024-05-11 15:32:54','2024-05-11 15:32:54'),(149,'Vous stationnez sur un emplacement réservé aux véhicule en commun. L\'infraction peut être constatée par: Un agent de la compagnie de transport',NULL,NULL,NULL,1,'2024-05-11 15:36:37','2024-05-11 15:36:37'),(150,'Vous stationnez sur un emplacement réservé aux véhicule en commun. L\'infraction peut être constatée par : Le conducteur d\'autobus',NULL,NULL,NULL,1,'2024-05-11 15:36:37','2024-05-11 15:36:37'),(151,'Après la date indiquée comme étant celle de la transaction, l’acquéreur d\'un véhicule d\'occasion peut circuler avec l\'ancienne carte grise pendant :',NULL,NULL,NULL,1,'2024-05-11 15:42:15','2024-05-11 15:42:15'),(152,'Vous circulez de nuit. Êtes vous autorisé à utiliser vos feux de brouillard avant : hors agglomération sur une route en ligne droite?',NULL,NULL,NULL,1,'2024-05-11 15:46:14','2024-05-11 15:46:14'),(153,'Vous circulez de nuit. Êtes vous autorisé à utiliser vos feux de brouillard en agglomération?',NULL,NULL,NULL,1,'2024-05-11 15:46:14','2024-05-11 15:46:14'),(154,'Je dépasse (q1s52)','663fb161b7bbb.PNG',NULL,NULL,5,'2024-05-11 15:56:49','2024-05-11 15:56:49'),(155,'La zone de danger commence','663fb1caf256c.PNG',NULL,NULL,5,'2024-05-11 15:58:35','2024-05-11 15:58:35'),(156,'Que dois-je faire ( S52)','663fb267d0966.PNG',NULL,NULL,5,'2024-05-11 16:01:11','2024-05-11 16:01:11'),(157,'A droite, après le passage piéton je peux m’arrêter','663fb336537be.PNG',NULL,NULL,5,'2024-05-11 16:04:38','2024-05-11 16:04:38'),(158,'A droite, après le passage piéton je peux stationner','663fb33655a4c.PNG',NULL,NULL,5,'2024-05-11 16:04:38','2024-05-11 16:04:38'),(159,'Dans ce cas (S52)','663fb3dac5fe4.PNG',NULL,NULL,5,'2024-05-11 16:07:22','2024-05-11 16:07:22'),(160,'La vitesse est limitée à 30 km / h seulement dans cette rue','663fbc6dac4fc.PNG',NULL,NULL,5,'2024-05-11 16:43:57','2024-05-11 16:43:57'),(161,'La vitesse est limitée à 30 km / h dans toute la zone','663fbc6db3c8a.PNG',NULL,NULL,5,'2024-05-11 16:43:57','2024-05-11 16:43:57'),(162,'La signalisation confirme','663fbd0eb1842.PNG',NULL,NULL,5,'2024-05-11 16:46:38','2024-05-11 16:46:38'),(163,'La limitation de la vitesse','663fbdb5205f2.PNG',NULL,NULL,5,'2024-05-11 16:49:25','2024-05-11 16:49:25'),(164,'Dans cette situation(SS52)','663fbef78981f.PNG',NULL,NULL,5,'2024-05-11 16:54:47','2024-05-11 16:54:47'),(165,'Sur cette chaussée à sens unique, la vitesse  est limitée à','663fc2d9c474e.PNG',NULL,NULL,5,'2024-05-11 17:11:21','2024-05-11 17:11:21'),(166,'Je dépasse ce véhicule qui est arrêté (serie 49, img1)','663fc458a3a0c.PNG',NULL,NULL,2,'2024-05-11 17:17:44','2024-05-11 17:17:44'),(167,'Le panneau interdit la circulation (img2, serie49)','663fc50acfd78.PNG',NULL,NULL,2,'2024-05-11 17:20:42','2024-05-11 17:20:42'),(168,'Testen',NULL,NULL,NULL,1,'2024-05-11 17:21:29','2024-05-11 17:21:29'),(169,'Je cède le passage à droite (serie 49, img3)','663fc6e3b8baf.PNG',NULL,NULL,2,'2024-05-11 17:28:35','2024-05-11 17:28:35'),(170,'Dans cette agglomération, ma vitesse est limitée à (serie 49, img4)','663fc885771f7.PNG',NULL,NULL,2,'2024-05-11 17:35:33','2024-05-11 17:35:33'),(171,'Je m\'arrête immédiatement à droite par curiosité (serie 49, img5)','663fcc025e43f.PNG',NULL,NULL,2,'2024-05-11 17:50:26','2024-05-11 17:50:26'),(172,'Le piéton devrait marcher à gauche (img6, 1ere question)','663fd3e3df908.PNG',NULL,NULL,2,'2024-05-11 18:24:03','2024-05-11 18:24:03'),(173,'Pour dépasser, je laisse un intervalle d\'au moins 1 m (img6, 2ere question)','663fd3e3e5659.PNG',NULL,NULL,2,'2024-05-11 18:24:03','2024-05-11 18:24:03'),(174,'La signalisation m\'indique l\'entrée (img7, serie 49)','663fd74701232.PNG',NULL,NULL,2,'2024-05-11 18:38:31','2024-05-11 18:38:31'),(175,'Je dois circuler en feux de croisement (img8, 1ere question)','664100ba2830d.PNG',NULL,NULL,2,'2024-05-12 15:47:38','2024-05-12 15:47:38'),(176,'Je peux dépasser(img8, 2eme question)','664100ba30748.PNG',NULL,NULL,2,'2024-05-12 15:47:38','2024-05-12 15:47:38'),(177,'Pour aller à Barcelone (serie 49, img9)','664101ec7baae.PNG',NULL,NULL,2,'2024-05-12 15:52:44','2024-05-12 15:52:44'),(178,'Je peux : tourner à gauche (img10, 1ere question)','6641035b2e825.PNG',NULL,NULL,2,'2024-05-12 15:58:51','2024-05-12 15:58:51'),(179,'Je peux : tourner à droite (img10, 2eme question)','6641035b357c6.PNG',NULL,NULL,2,'2024-05-12 15:58:51','2024-05-12 15:58:51'),(180,'Les balises m\'indiquent : la position de l\'intersection ( img12, 1ere question)','66410977a95ac.PNG',NULL,NULL,2,'2024-05-12 16:24:55','2024-05-12 16:24:55'),(181,'Les balises m\'indiquent : priorité à droite ( img12, 2ere question)','66410977af269.PNG',NULL,NULL,2,'2024-05-12 16:24:55','2024-05-12 16:24:55'),(182,'Même par temps de pluie, je pourrai circuler à 50 KM/h','66410a3d7a411.PNG',NULL,NULL,2,'2024-05-12 16:28:13','2024-05-12 16:28:13'),(183,'La ligne jaune discontinue interdit le stationnement (img14, 1ere question)','66410b9c84c72.PNG',NULL,NULL,2,'2024-05-12 16:34:04','2024-05-12 16:34:04'),(184,'Je peux m\'arrêter (img14, 2eme question)','66410b9c8beb2.PNG',NULL,NULL,2,'2024-05-12 16:34:04','2024-05-12 16:34:04'),(185,'Cette ligne remplace une ligne continue et ce véhicule roule lentement : Je dépasse','66410c8d31d83.PNG',NULL,NULL,2,'2024-05-12 16:38:05','2024-05-12 16:38:05'),(186,'Ces balises m\'indiquent : (img16, serie 49)','66410d3be923c.PNG',NULL,NULL,NULL,'2024-05-12 16:40:59','2024-05-12 16:40:59'),(187,'Dans ce tunnel non éclairé, je pourrai circuler : (serie 49, img17)','66410e463a4bd.PNG',NULL,NULL,2,'2024-05-12 16:45:26','2024-05-12 16:45:26'),(188,'La signalisation m\'annonce : une ligne continue (img18, 1ere question)','66410fc873b60.PNG',NULL,NULL,2,'2024-05-12 16:51:52','2024-05-12 16:51:52'),(189,'La signalisation m\'annonce : un changement de chaussée (img18, 2ere question)','66410fc87b88b.PNG',NULL,NULL,2,'2024-05-12 16:51:52','2024-05-12 16:51:52'),(190,'Je peux suivre la voiture blanche, pour dépasser : (serie 49, img19)','6641110699c52.PNG',NULL,NULL,2,'2024-05-12 16:57:10','2024-05-12 16:57:10'),(191,'Ce panneau m\'indique (serie 49, img21)','6641121e0ce64.PNG',NULL,NULL,2,'2024-05-12 17:01:50','2024-05-12 17:01:50'),(192,'Le premier panneau me concerne :','664113dbd3ec1.PNG',NULL,NULL,2,'2024-05-12 17:09:15','2024-05-12 17:09:15'),(193,'Je m\'apprête à céder le passage :','664113dbd59ea.PNG',NULL,NULL,2,'2024-05-12 17:09:15','2024-05-12 17:09:15'),(194,'Sur cette chaussée à double sens de circulation, je dépasse : à gauche (img23, 1ere question)','664116525657e.PNG',NULL,NULL,2,'2024-05-12 17:19:46','2024-05-12 17:19:46'),(195,'Sur cette chaussée à double sens de circulation, je dépasse : à droite(img23, 2ere question)','664116526031e.PNG',NULL,NULL,2,'2024-05-12 17:19:46','2024-05-12 17:19:46'),(196,'Je passe (serie 49, img24)','664117dc611ed.PNG',NULL,NULL,2,'2024-05-12 17:26:20','2024-05-12 17:26:20'),(197,'En roulant à 75 Km/h, je peux prendre la voie de gauche pour dépasser:','66411a65ec6f4.PNG',NULL,NULL,2,'2024-05-12 17:37:09','2024-05-12 17:37:09'),(198,'Pour croiser : je roule au pas : (img26, 1ere question)','66411b75e6a98.PNG',NULL,NULL,2,'2024-05-12 17:41:41','2024-05-12 17:41:41'),(199,'Pour croiser : je serre à droite au maximum : (img26, 2eme question)','66411b75e81b1.PNG',NULL,NULL,2,'2024-05-12 17:41:41','2024-05-12 17:41:41'),(201,'Il sera interdit de dépasser : (img 28, serie 49)','66411edf5fd1f.PNG',NULL,NULL,2,'2024-05-12 17:56:15','2024-05-12 17:56:15'),(202,'La route n\'est plus prioritaire : (img29, serie 49)','6641207c543c7.PNG',NULL,NULL,2,'2024-05-12 18:03:08','2024-05-12 18:03:08'),(203,'Le marquage rouge et blanc m\'indique : (img30, serie 49)','6641223fac844.PNG',NULL,NULL,2,'2024-05-12 18:10:39','2024-05-12 18:10:39'),(204,'Je circule sur une chaussée à sens unique : (img31, 1ere question)','664123c617bcf.PNG',NULL,NULL,2,'2024-05-12 18:17:10','2024-05-12 18:17:10'),(205,'Ma vitesse est limitée à 110 Km/h','664123c61e8d3.PNG',NULL,NULL,2,'2024-05-12 18:17:10','2024-05-12 18:17:10'),(206,'Je continue tout droit, je m\'apprête à céder le passage : à droite (img32, 1ere question)','664124dfaa359.PNG',NULL,NULL,2,'2024-05-12 18:21:51','2024-05-12 18:21:51'),(207,'Je continue tout droit, je m\'apprête à céder le passage : aux véhicules venant de face et qui tournent (img32, 2eme question)','664124dfad91c.PNG',NULL,NULL,2,'2024-05-12 18:21:51','2024-05-12 18:21:51'),(208,'Sur cette route à caractère prioritaire, je dépasse : (img33, serie 49)','664125eb1c6ee.PNG',NULL,NULL,2,'2024-05-12 18:26:19','2024-05-12 18:26:19'),(209,'Le panneau m\'indique : rue sans issue à droite(img34, 1ere question)','664127536d494.PNG',NULL,NULL,2,'2024-05-12 18:32:19','2024-05-12 18:32:19'),(210,'Le panneau m\'indique : interdiction de tourner à droite (img34, 2eme question)','66412753725f9.PNG',NULL,NULL,2,'2024-05-12 18:32:19','2024-05-12 18:32:19'),(211,'Je dois : tourner à gauche','664128bfdbd7d.PNG',NULL,NULL,2,'2024-05-12 18:38:23','2024-05-12 18:38:23'),(212,'Je dois : céder le passage au véhicule qui arrive de face','664128bfe0ae1.PNG',NULL,NULL,2,'2024-05-12 18:38:23','2024-05-12 18:38:23'),(213,'Apprenti conducteur, en cas de contrôle sur route par les agents de la police ou de la gendarmerie, je suis tenu de présenter mon livret d\'apprentissage :',NULL,NULL,NULL,2,'2024-05-12 18:42:06','2024-05-12 18:42:06'),(214,'Ma voiture particulière doit obligatoirement être équipée de ceintures de sécurité à l\'arrière, si elle a été mise en circulation : à partir du 1er septembre 1967',NULL,NULL,NULL,2,'2024-05-12 18:48:03','2024-05-12 18:48:03'),(215,'Ma voiture particulière doit obligatoirement être équipée de ceintures de sécurité à l\'arrière, si elle a été mise en circulation : à partir du 1er octobre 1978',NULL,NULL,NULL,2,'2024-05-12 18:48:03','2024-05-12 18:48:03'),(216,'A 22 heures, j\'ai arrêtée de boire des boissons alcoolisées et mon taux d\'alcool est de 1,10 g/l.\r\nA 6 heures du matin, en cas de contrôle par alcootest, ce dernier sera :',NULL,NULL,NULL,2,'2024-05-12 18:51:50','2024-05-12 18:51:50'),(217,'Le constat amiable, rempli à la suite d\'un accident matériel, doit être envoyé à l\'assurance :',NULL,NULL,NULL,2,'2024-05-12 18:58:44','2024-05-12 18:58:44'),(218,'Sur cette chaussée à sens unique la vitesse est limitée à :','6641deb3c8223.PNG',NULL,NULL,5,'2024-05-13 07:34:43','2024-05-13 07:34:43'),(219,'A droite, je peux m’arrêter à cheval sur le trottoir (S52)','6641e135160d4.PNG',NULL,NULL,5,'2024-05-13 07:45:25','2024-05-13 07:45:25'),(220,'A droite, je peux m’arrêter sur le long du trottoir(S52)','6641e13517519.PNG',NULL,NULL,5,'2024-05-13 07:45:25','2024-05-13 07:45:25'),(221,'Je (S52)','6641e6f6bacac.PNG',NULL,NULL,5,'2024-05-13 08:09:58','2024-05-13 08:09:58'),(222,'Je (Ss52)','6641ead383510.PNG',NULL,NULL,5,'2024-05-13 08:26:27','2024-05-13 08:26:27'),(223,'Pour aller à Cavaillon, j\'emprunterai l\'autoroute','6641ec2b2fce9.PNG',NULL,NULL,5,'2024-05-13 08:32:11','2024-05-13 08:32:11'),(224,'Pour aller à Cavaillon, j\'emprunterai un itinéraire bis','6641ec2b33e14.PNG',NULL,NULL,5,'2024-05-13 08:32:11','2024-05-13 08:32:11'),(225,'Le camion aurait dû me céder le passage : (img4, 1ere question)','6642241c39bdf.PNG',NULL,NULL,4,'2024-05-13 12:30:52','2024-05-13 12:30:52'),(226,'Je peux prendre la voie de gauche : (img4, 2eme question)','6642241c3e8be.PNG',NULL,NULL,4,'2024-05-13 12:30:52','2024-05-13 12:30:52'),(227,'Que dois-je faire ?(S52)','664224f135157.PNG',NULL,NULL,5,'2024-05-13 12:34:25','2024-05-13 12:34:25'),(228,'Pendant la première quinzaine, je stationnerai du côté : (img5, serie 51)','6642256ad2c4e.PNG',NULL,NULL,4,'2024-05-13 12:36:26','2024-05-13 12:36:26'),(229,'Ma distance de sécurité est bonne','664225dda8512.PNG',NULL,NULL,5,'2024-05-13 12:38:21','2024-05-13 12:38:21'),(230,'La visibilité me permet de rouler en feux de position seuls','664225ddaf6e6.PNG',NULL,NULL,5,'2024-05-13 12:38:21','2024-05-13 12:38:21'),(231,'Quelle est ma position ?(S52)','6642269b6f3a5.PNG',NULL,NULL,5,'2024-05-13 12:41:31','2024-05-13 12:41:31'),(232,'Quelle dois être ma position dans cette situation ?','6642280a06e2b.PNG',NULL,NULL,5,'2024-05-13 12:47:38','2024-05-13 12:47:38'),(233,'J\'ai klaxonné. Les cyclistes doivent se mettre en file simple :','6642288000d86.PNG',NULL,NULL,6,'2024-05-13 12:49:36','2024-05-13 12:49:36'),(234,'Dans  ce virage je peux depasser (S52)','664228eb8a974.PNG',NULL,NULL,5,'2024-05-13 12:51:23','2024-05-13 12:51:23'),(235,'A la prochaine intersection : (img2, serie 53)','664228fe602a8.PNG',NULL,NULL,6,'2024-05-13 12:51:42','2024-05-13 12:51:42'),(236,'Au besoin, je dois m\'arrêter pour faciliter le passage à cet autobus :','664229b3e3dd8.PNG',NULL,NULL,6,'2024-05-13 12:54:43','2024-05-13 12:54:43'),(237,'Cet appareil est (S52)','664229b57323d.PNG',NULL,NULL,5,'2024-05-13 12:54:45','2024-05-13 12:54:45'),(238,'Je conduis un break, je dois prendre une file de droite','66422a85c6a9a.PNG',NULL,NULL,5,'2024-05-13 12:58:13','2024-05-13 12:58:13'),(239,'En marche normale, je suis bien placé :  pour aller à la station service','66422aa0a66d9.PNG',NULL,NULL,6,'2024-05-13 12:58:40','2024-05-13 12:58:40'),(241,'En marche normale, je suis bien placé : pour aller à Dreux','66422b508405d.PNG',NULL,NULL,6,'2024-05-13 13:01:36','2024-05-13 13:01:36'),(242,'Je cèderai le passage à gauche : (img5, serie 53)','66422bf9c4cf7.PNG',NULL,NULL,6,'2024-05-13 13:04:25','2024-05-13 13:04:25'),(243,'Je peux circuler : à plus de 80 km/h (img6, 1ere question)','66422d2791a23.PNG',NULL,NULL,6,'2024-05-13 13:09:27','2024-05-13 13:09:27'),(244,'Je peux circuler : à plus de 90 km/h','66422d2795ff3.PNG',NULL,NULL,6,'2024-05-13 13:09:27','2024-05-13 13:09:27'),(245,'Je dépasse : (img7, serie 53)','66422e184bbbb.PNG',NULL,NULL,6,'2024-05-13 13:13:28','2024-05-13 13:13:28'),(246,'Je peux (Ss52)','66422e62aba5b.PNG',NULL,NULL,5,'2024-05-13 13:14:42','2024-05-13 13:14:42'),(247,'Je cède le passage (Ss52)','66422e62b643c.PNG',NULL,NULL,5,'2024-05-13 13:14:42','2024-05-13 13:14:42'),(248,'Nous sommes le 16. Je stationne : après le panneau','66422ece978e5.PNG',NULL,NULL,6,'2024-05-13 13:16:30','2024-05-13 13:16:30'),(249,'Nous sommes le 16. Je stationne : directement à gauche','66422ece9b94d.PNG',NULL,NULL,6,'2024-05-13 13:16:30','2024-05-13 13:16:30'),(250,'Du 1er au 15, je peux stationner après ce panneau','66422fb4effcf.PNG',NULL,NULL,5,'2024-05-13 13:20:21','2024-05-13 13:20:21'),(251,'Pour dépasser : \r\nje dois serrer au maximum à gauche (img10, 1ere question)','66422ff529aaf.PNG',NULL,NULL,6,'2024-05-13 13:21:25','2024-05-13 13:21:25'),(252,'Pour dépasser : un intervalle de moins d\'un mètre suffit (img10, 2eme question)','66422ff52dbb8.PNG',NULL,NULL,6,'2024-05-13 13:21:25','2024-05-13 13:21:25'),(253,'Quelle est ma position ?(Ss52)','6642303a3c8c2.PNG',NULL,NULL,5,'2024-05-13 13:22:34','2024-05-13 13:22:34'),(254,'Comme les véhicules devant moi, je circule à 90km/h. Je suis trop près','6642314f8b847.PNG',NULL,NULL,5,'2024-05-13 13:27:11','2024-05-13 13:27:11'),(255,'Dans cette situation, en cas de freinage (S52)','664231ce990ea.PNG',NULL,NULL,5,'2024-05-13 13:29:18','2024-05-13 13:29:18'),(256,'L\'interdiction de dépasser(S52)','664232bf6d123.PNG',NULL,NULL,5,'2024-05-13 13:33:19','2024-05-13 13:33:19'),(257,'Que dois-je faire ? (Serie 52)','664233c637f84.PNG',NULL,NULL,5,'2024-05-13 13:37:42','2024-05-13 13:37:42'),(258,'Je vais tout droit et le feu clignote. (img12, serie 53)','664233cb65a31.PNG',NULL,NULL,6,'2024-05-13 13:37:47','2024-05-13 13:37:47'),(259,'Si je prends la voie de droite, je risque d\'être interpellé par un agent de police(Serie 52)','66423530f0b51.PNG',NULL,NULL,5,'2024-05-13 13:43:45','2024-05-13 13:43:45'),(260,'Si je prends la voie de droite, je risque d\'être interpellé par un agent de la société de transport(Serie 52)','66423530f2142.PNG',NULL,NULL,5,'2024-05-13 13:43:45','2024-05-13 13:43:45'),(261,'Je circule sur autoroute : (img13, serie 53)','66423531f299f.PNG',NULL,NULL,6,'2024-05-13 13:43:45','2024-05-13 13:43:45'),(262,'Je peux (Serie52)','664235cd34d3b.PNG',NULL,NULL,5,'2024-05-13 13:46:21','2024-05-13 13:46:21'),(263,'Pour éviter un accident, je pourrai utiliser l\'avertisseur sonore :','664236764dc6b.PNG',NULL,NULL,6,'2024-05-13 13:49:10','2024-05-13 13:49:10'),(264,'Je passe (Serie52)','664236975f06e.PNG',NULL,NULL,5,'2024-05-13 13:49:43','2024-05-13 13:49:43'),(265,'En attendant de pouvoir quitter mon stationnement, j\'allume mon clignotant','6642375ee1628.PNG',NULL,NULL,5,'2024-05-13 13:53:02','2024-05-13 13:53:02'),(266,'La route est à chaussées separées (Serie52)','6642381206c25.PNG',NULL,NULL,5,'2024-05-13 13:56:02','2024-05-13 13:56:02'),(267,'La vitesse est limitée à(Serie52)','664238120adad.PNG',NULL,NULL,5,'2024-05-13 13:56:02','2024-05-13 13:56:02'),(268,'Je dépasse le véhicule orange(Serie52)','664248dfb0de9.PNG',NULL,NULL,5,'2024-05-13 15:07:43','2024-05-13 15:07:43'),(269,'Le prochain poste d\'appel d\'urgence se trouve à 500m','6642496268aad.PNG',NULL,NULL,5,'2024-05-13 15:09:54','2024-05-13 15:09:54'),(270,'Le stationnement sur l\'accotement est interdit','66424a2534a36.PNG',NULL,NULL,5,'2024-05-13 15:13:09','2024-05-13 15:13:09'),(271,'Le stationnement sur l\'accotement es déconseillé','66424a2545e7d.PNG',NULL,NULL,5,'2024-05-13 15:13:09','2024-05-13 15:13:09'),(272,'Un véhicule léger équipé de deux feux de détresse et tractant une remorque de 600kg doit disposer d\'un triangle de présignalisation',NULL,NULL,NULL,5,'2024-05-13 15:17:59','2024-05-13 15:17:59'),(273,'Quels peuvent être les signes révélateurs de la fatigue au volant ?',NULL,NULL,NULL,5,'2024-05-13 15:20:21','2024-05-13 15:20:21'),(274,'Un conducteur sanctionné pour une infraction lui ayant fait retirer des points sur son permis de conduire',NULL,NULL,NULL,5,'2024-05-13 15:25:19','2024-05-13 15:25:19'),(275,'Un enfant de 8 mois peut  être transporté à avant du véhicule',NULL,NULL,NULL,5,'2024-05-13 15:32:40','2024-05-13 15:32:40'),(276,'Ce panneau annonce(Serie54)','66425026f0c7e.PNG',NULL,NULL,7,'2024-05-13 15:38:46','2024-05-13 15:38:46'),(277,'Je peux rouler à plus de 100 km/h(serie54)','6642514b7ab20.PNG',NULL,NULL,7,'2024-05-13 15:43:39','2024-05-13 15:43:39'),(278,'Je peux rouler à 100km/h maximum(serie54)','6642514b7cf2e.PNG',NULL,NULL,7,'2024-05-13 15:43:39','2024-05-13 15:43:39'),(279,'Je tourne à droite, je cède le passage en face','664253972920b.PNG',NULL,NULL,7,'2024-05-13 15:53:27','2024-05-13 15:53:27'),(280,'Sur cette route, je pourrai rencontrer(serie54)','664254309d8aa.PNG',NULL,NULL,7,'2024-05-13 15:56:00','2024-05-13 15:56:00'),(281,'Que dois-je faire ?(serie 54)','664258ff8189e.PNG',NULL,NULL,7,'2024-05-13 16:16:31','2024-05-13 16:16:31'),(282,'Si je stationne comme la voiture, je serai : (img17, serie 53)','66425977589e8.PNG',NULL,NULL,6,'2024-05-13 16:18:31','2024-05-13 16:18:31'),(283,'Derrière la camionnette, je peux stationner','664259be2e86b.PNG',NULL,NULL,7,'2024-05-13 16:19:42','2024-05-13 16:19:42'),(284,'Derrière la camionnette, je peux m\'arreter','664259be37ef2.PNG',NULL,NULL,7,'2024-05-13 16:19:42','2024-05-13 16:19:42'),(286,'A l\'intersection, je m\'arreterai seulement si des véhicules arrivent de gauche ou de droite','66425a91734ad.PNG',NULL,NULL,7,'2024-05-13 16:23:13','2024-05-13 16:23:13'),(287,'Je cède le passage à droite : (img18; serie 53)','66425ac2e04f4.PNG',NULL,NULL,6,'2024-05-13 16:24:02','2024-05-13 16:24:02'),(288,'Ce panneau signale : (img19, serie 53)','66425bbfdc74b.PNG',NULL,NULL,6,'2024-05-13 16:28:15','2024-05-13 16:28:15'),(289,'Un de mes pneus vient de crever.','66425c961ecb3.PNG',NULL,NULL,7,'2024-05-13 16:31:50','2024-05-13 16:31:50'),(290,'Comme la voiture qui est devant moi, je circule à 90 Km/h. Je dépasse :','66425cb9da711.PNG',NULL,NULL,6,'2024-05-13 16:32:25','2024-05-13 16:32:25'),(291,'Je ralentis ?(serie54)','66425d6a025b4.PNG',NULL,NULL,7,'2024-05-13 16:35:22','2024-05-13 16:35:22'),(292,'Je fais un ecart(serie54)','66425d6a0d6bd.PNG',NULL,NULL,7,'2024-05-13 16:35:22','2024-05-13 16:35:22'),(293,'La voie de droite est : une voie d\'insertion (img21, 1ere question)','66425df569e69.PNG',NULL,NULL,6,'2024-05-13 16:37:41','2024-05-13 16:37:41'),(294,'La voie de droite est : une voie réservée aux véhicules lents (img21, 2eme question)','66425df5750d8.PNG',NULL,NULL,6,'2024-05-13 16:37:41','2024-05-13 16:37:41'),(295,'Je dépasse(serie 54/2)','66425dfd177ce.PNG',NULL,NULL,7,'2024-05-13 16:37:49','2024-05-13 16:37:49'),(296,'Je peux(serie54)','66425e5f984c5.PNG',NULL,NULL,7,'2024-05-13 16:39:27','2024-05-13 16:39:27'),(297,'Dans cette situation (img22, serie 53)','66425ec46a62b.PNG',NULL,NULL,6,'2024-05-13 16:41:08','2024-05-13 16:41:08'),(298,'Les conducteurs des véhicules arrivent sur ma gauche, ils doivent me céder le passage','66425efcbe6db.PNG',NULL,NULL,7,'2024-05-13 16:42:04','2024-05-13 16:42:04'),(299,'Je risque de rencontrer des animaux','66425f4d910bd.PNG',NULL,NULL,7,'2024-05-13 16:43:25','2024-05-13 16:43:25'),(300,'Dans cette situation (img23, serie 53)','66425fac76f3d.PNG',NULL,NULL,6,'2024-05-13 16:45:00','2024-05-13 16:45:00'),(301,'Je passe(serie54)','66425fcec1b43.PNG',NULL,NULL,7,'2024-05-13 16:45:34','2024-05-13 16:45:34'),(302,'A  ce niveau(serie54)','6642603b67fd4.PNG',NULL,NULL,7,'2024-05-13 16:47:23','2024-05-13 16:47:23'),(303,'Je dois respecter l\'intervalle d\'au moins 500m avec cette caravane','6642610160c0b.PNG',NULL,NULL,7,'2024-05-13 16:50:41','2024-05-13 16:50:41'),(304,'Dans ce cas(serie54)','664261611ec9c.PNG',NULL,NULL,7,'2024-05-13 16:52:17','2024-05-13 16:52:17'),(305,'Mon véhicule est équipé de pneus à crampons, je peux circuler à 90km/h','664262997e1fa.PNG',NULL,NULL,7,'2024-05-13 16:57:29','2024-05-13 16:57:29'),(306,'Je tourne à gauche, je passe','664262fe1062d.PNG',NULL,NULL,7,'2024-05-13 16:59:10','2024-05-13 16:59:10'),(307,'Pour tourner à droite à la prochaine intersection, je pourrai emprunter la voie située à ma droite','664263c188209.PNG',NULL,NULL,7,'2024-05-13 17:02:25','2024-05-13 17:02:25'),(308,'Ce panneau m\'interdit de dépasser seulement les véhicules légers','66426484caeca.PNG',NULL,NULL,7,'2024-05-13 17:05:40','2024-05-13 17:05:40'),(309,'Ce panneau m\'interdit de dépasser tous les véhicules à moteurs  sauf ceux à deux roues','66426484d09c3.PNG',NULL,NULL,7,'2024-05-13 17:05:40','2024-05-13 17:05:40'),(310,'Je dois(serie54/1)','6642650295dd2.PNG',NULL,NULL,7,'2024-05-13 17:07:46','2024-05-13 17:07:46'),(311,'D\'après ces panneaux, je rencontrerai une bifurcation(serie54)','66426600c8aeb.PNG',NULL,NULL,7,'2024-05-13 17:12:00','2024-05-13 17:12:00'),(312,'D\'après ces panneaux, quelle que soit la direction choisie, je resterai sur l\'autoroute','66426600ca513.PNG',NULL,NULL,7,'2024-05-13 17:12:00','2024-05-13 17:12:00'),(313,'Nous sommes le 2 mois. Dans cette rue à stationnement unilatéral alterné, le stationnement est autorisé le long du trottoir','664266d36cd92.PNG',NULL,NULL,7,'2024-05-13 17:15:31','2024-05-13 17:15:31'),(314,'Pour dépasser, je peux emprunter la voie de gauche : (img24, serie 53)','664266d638dcc.PNG',NULL,NULL,6,'2024-05-13 17:15:34','2024-05-13 17:15:34'),(315,'Je peux m\'arreter à cet endroit(serie54)','664267798782e.PNG',NULL,NULL,7,'2024-05-13 17:18:17','2024-05-13 17:18:17'),(316,'Je pourrai tourner à droite(serie54)','664267798c4d6.PNG',NULL,NULL,7,'2024-05-13 17:18:17','2024-05-13 17:18:17'),(317,'Je peux circuler avec : (img25, serie 53)','664267e276fe6.PNG',NULL,NULL,6,'2024-05-13 17:20:02','2024-05-13 17:20:02'),(318,'Je dépasse(serie54/4)','664267f71c58b.PNG',NULL,NULL,7,'2024-05-13 17:20:23','2024-05-13 17:20:23'),(319,'Dans la rue à droite, je mettrai mon disque pour décharger mon véhicule','6642689a86d0e.PNG',NULL,NULL,7,'2024-05-13 17:23:06','2024-05-13 17:23:06'),(320,'Dans la rue à droite, je mettrai mon disque pour stationner','6642689a89720.PNG',NULL,NULL,7,'2024-05-13 17:23:06','2024-05-13 17:23:06'),(321,'Je cède le passage à droite(serie54)','6642697bb3a97.PNG',NULL,NULL,7,'2024-05-13 17:26:51','2024-05-13 17:26:51'),(322,'Dans cette situation(serie54/2)','664269dc9733d.PNG',NULL,NULL,7,'2024-05-13 17:28:28','2024-05-13 17:28:28'),(323,'La signalisation annonce une bifurcation : (img26, erie 53)','66426a2cb244f.PNG',NULL,NULL,6,'2024-05-13 17:29:48','2024-05-13 17:29:48'),(324,'Je tourne à gauche, je cèderai le passage à gauche et à droite','66426aab7c851.PNG',NULL,NULL,7,'2024-05-13 17:31:55','2024-05-13 17:31:55'),(325,'Je tourne à gauche, je cèderai le passage en face','66426aab83d38.PNG',NULL,NULL,7,'2024-05-13 17:31:55','2024-05-13 17:31:55'),(326,'Je tourne à droite(serie54/1)','66426b4d3702d.PNG',NULL,NULL,7,'2024-05-13 17:34:37','2024-05-13 17:34:37'),(327,'Je circule(serie54/3)','66426c37d2df2.PNG',NULL,NULL,7,'2024-05-13 17:38:31','2024-05-13 17:38:31'),(328,'Ma vitesse est limitée à 30km/h(serie54)','66426c37dd61e.PNG',NULL,NULL,7,'2024-05-13 17:38:31','2024-05-13 17:38:31'),(329,'Mon véhicule mesure 1m50 de haut. J\'ai fixé sur le toit deux vélos de 1m de hauteur. Je passe ?','66426d201a162.PNG',NULL,NULL,7,'2024-05-13 17:42:24','2024-05-13 17:42:24'),(330,'Je peux aller tout droit : (img27, 1ere question)','66426d2a8132f.PNG',NULL,NULL,6,'2024-05-13 17:42:34','2024-05-13 17:42:34'),(331,'Je peux tourner à gauche : (img27, 2me question)','66426d2a8c561.PNG',NULL,NULL,6,'2024-05-13 17:42:34','2024-05-13 17:42:34'),(332,'Je m\'engage(serie54)','66426d8fab80a.PNG',NULL,NULL,7,'2024-05-13 17:44:15','2024-05-13 17:44:15'),(333,'Je mets mon clignotant(serie54)','66426d8fb15ec.PNG',NULL,NULL,7,'2024-05-13 17:44:15','2024-05-13 17:44:15'),(335,'En marche normale pour aller à Rouen, je suis bien placé','66426e1f3045e.PNG',NULL,NULL,7,'2024-05-13 17:46:39','2024-05-13 17:46:39'),(336,'Je contourne le rond-point par la droite(serie54)','66426ecd2ac58.PNG',NULL,NULL,7,'2024-05-13 17:49:33','2024-05-13 17:49:33'),(337,'Je cède le passage à gauche(serie54/5)','66426ecd340e3.PNG',NULL,NULL,7,'2024-05-13 17:49:33','2024-05-13 17:49:33'),(338,'Je me prépare à céder le passage aux véhicules : (img28, serie 53)','66426ed56b3a5.PNG',NULL,NULL,6,'2024-05-13 17:49:41','2024-05-13 17:49:41'),(339,'La vitesse est(serie54)',NULL,NULL,NULL,7,'2024-05-13 17:52:11','2024-05-13 17:52:11'),(340,'A droite, après le passage pour piéton : je peux faire un arrêt (1ere question, img29)','6642705443276.PNG',NULL,NULL,6,'2024-05-13 17:56:04','2024-05-13 17:56:04'),(341,'A droite, après le passage pour piéton : je peux stationner (2eme question, img29)','66427054449ff.PNG',NULL,NULL,6,'2024-05-13 17:56:04','2024-05-13 17:56:04'),(342,'A l\'arrière, un enfant de 7 ans peut être transporté, assis sans dispositif entre deux personnes adultes',NULL,NULL,NULL,7,'2024-05-13 17:59:06','2024-05-13 17:59:06'),(343,'A l\'arrière, un enfant de 7 ans peut être transporté, assis sur un réhausseur de siège avec la ceinture de sécurité',NULL,NULL,NULL,7,'2024-05-13 17:59:06','2024-05-13 17:59:06'),(344,'Dans cette situation (img30, serie 53)','664271789f1b7.PNG',NULL,NULL,6,'2024-05-13 18:00:56','2024-05-13 18:00:56'),(345,'Sur une route à forte déclivité, en cas de croisement impossible entre deux véhicules de la meme catégorie, si une marche arrière s\'impose, lequel doit reculer',NULL,NULL,NULL,7,'2024-05-13 18:03:08','2024-05-13 18:03:08'),(346,'Lorsque le feu sera vert, je pourrai tourner à gauche : (img31, serie 53)','6642725f2eca6.PNG',NULL,NULL,6,'2024-05-13 18:04:47','2024-05-13 18:04:47'),(347,'Pour mettre fin à un contrat d\'assurance automobile',NULL,NULL,NULL,7,'2024-05-13 18:05:03','2024-05-13 18:05:03'),(348,'Mon itinéraire est prioritaire (img31, serie 53)','664272b0c220e.PNG',NULL,NULL,6,'2024-05-13 18:06:08','2024-05-13 18:06:08'),(349,'Je peux emprunter la déviation (img32, serie 53)','664273546dd98.PNG',NULL,NULL,6,'2024-05-13 18:08:52','2024-05-13 18:08:52'),(350,'Je risque de rencontrer : un véhicule en panne','66427406e792b.PNG',NULL,NULL,6,'2024-05-13 18:11:51','2024-05-13 18:11:51'),(351,'Je risque de rencontrer : un chargement tombé sur la chaussée','66427407012cb.PNG',NULL,NULL,6,'2024-05-13 18:11:51','2024-05-13 18:11:51'),(353,'Je dépasse (img34, serie 53)','664359fc38e22.PNG',NULL,NULL,6,'2024-05-14 10:33:00','2024-05-14 10:33:00'),(354,'Je suis bien placé : (serie 53, img35)','66435b334b060.PNG',NULL,NULL,6,'2024-05-14 10:38:11','2024-05-14 10:38:11'),(355,'La distance me séparant du passage à niveau est d\'environ :','66435c7830345.PNG',NULL,NULL,6,'2024-05-14 10:43:36','2024-05-14 10:43:36'),(356,'Des amortisseurs en mauvais état peuvent provoquer : une usure prématurée des pneumatiques',NULL,NULL,NULL,6,'2024-05-14 10:57:10','2024-05-14 10:57:10'),(357,'Des amortisseurs en mauvais état peuvent provoquer : des difficultés à maintenir le véhicule en ligne par vent latéral',NULL,NULL,NULL,6,'2024-05-14 10:57:10','2024-05-14 10:57:10'),(358,'L\'utilisation prolongée du starter : (serie53, q38)',NULL,NULL,NULL,6,'2024-05-14 11:01:24','2024-05-14 11:01:24'),(359,'Un constat amiable d\'accident de modèle européen rédigé en français : comporte les mêmes rubriques que les autres modèles des pays de la CEE',NULL,NULL,NULL,6,'2024-05-14 11:07:06','2024-05-14 11:07:06'),(360,'Un constat amiable d\'accident de modèle européen rédigé en français : peut être utilisé dans les autres pays de la CEE',NULL,NULL,NULL,6,'2024-05-14 11:07:06','2024-05-14 11:07:06'),(361,'Pour préparer un dépassement, il vaut mieux : (serie 53, q40)',NULL,NULL,NULL,6,'2024-05-14 11:10:49','2024-05-14 11:10:49'),(362,'L\'interdiction de dépasser me concerne : (img1, serie 55)','66436475ccaa9.PNG',NULL,NULL,11,'2024-05-14 11:17:41','2024-05-14 11:17:41'),(363,'Je dépasse : (img2, serie 55)','664364fce1caf.PNG',NULL,NULL,11,'2024-05-14 11:19:56','2024-05-14 11:19:56'),(364,'Dans cette situation (img3, serie 55)','6643655f8685a.PNG',NULL,NULL,11,'2024-05-14 11:21:35','2024-05-14 11:21:35'),(365,'Je peux m\'arrêter : avant le panneau (img4, 1ere question)','664366d62cda8.PNG',NULL,NULL,11,'2024-05-14 11:27:50','2024-05-14 11:27:50'),(366,'Je peux m\'arrêter : après le panneau (img4, 2eme question)','664366d62f4fe.PNG',NULL,NULL,11,'2024-05-14 11:27:50','2024-05-14 11:27:50'),(367,'Dans cette situation (img5, serie 55)','664367a18080a.PNG',NULL,NULL,11,'2024-05-14 11:31:13','2024-05-14 11:31:13'),(368,'Je peux dépasser les deux véhicules en une seule fois : (img6, serie 55)','664368a96fbf6.PNG',NULL,NULL,11,'2024-05-14 11:35:37','2024-05-14 11:35:37'),(369,'Ce panneau peut indiquer : un itinéraire bis (img7, 1ere question)','664369870f622.PNG',NULL,NULL,11,'2024-05-14 11:39:19','2024-05-14 11:39:19'),(370,'Ce panneau peut indiquer : un itinéraire de délestage (img7, 2eme question)','6643698711c78.PNG',NULL,NULL,11,'2024-05-14 11:39:19','2024-05-14 11:39:19'),(371,'Je roule à 75 Km/h. En marche normale, je suis bien placé :','66436a73e6b13.PNG',NULL,NULL,11,'2024-05-14 11:43:15','2024-05-14 11:43:15'),(372,'Pour franchir ces ralentisseurs, il est conseillé de rouler :','66436b0d69e03.PNG',NULL,NULL,11,'2024-05-14 11:45:49','2024-05-14 11:45:49'),(373,'Le stationnement à droite est payant. En règle générale, sa durée est :','66436bf9d5c0d.PNG',NULL,NULL,11,'2024-05-14 11:49:45','2024-05-14 11:49:45'),(377,'Dans cette situation (img11, serie 55)','66439aa47646c.PNG',NULL,NULL,11,'2024-05-14 15:08:52','2024-05-14 15:08:52'),(378,'Je dépasse (img12, serie 55)','66439eda8d82e.PNG',NULL,NULL,11,'2024-05-14 15:26:50','2024-05-14 15:26:50'),(379,'A l\'intersection, je tourne à gauche. Je quitterai la route prioritaire :','6643a5a9e2eae.PNG',NULL,NULL,11,'2024-05-14 15:55:53','2024-05-14 15:55:53'),(380,'A l\'intersection, je tourne à gauche. Je cèderai le passage en face :','6643a5a9e7f35.PNG',NULL,NULL,11,'2024-05-14 15:55:53','2024-05-14 15:55:53'),(381,'Ma distance de sécurité est suffisante : (serie 55, img14)','6643aa5a135cf.PNG',NULL,NULL,11,'2024-05-14 16:15:54','2024-05-14 16:15:54'),(382,'Pour dépasser ce cycliste : je laisse un intervalle d\'au moins 1 m :','6643ab49ccfe0.PNG',NULL,NULL,11,'2024-05-14 16:19:53','2024-05-14 16:19:53'),(383,'Pour dépasser ce cycliste : je peux chevaucher la ligne continue :','6643ab49d612c.PNG',NULL,NULL,11,'2024-05-14 16:19:53','2024-05-14 16:19:53'),(384,'Le panneau annonce que je dois céder le passage à gauche : (img16, serie 55)','6643ac64314a4.PNG',NULL,NULL,11,'2024-05-14 16:24:36','2024-05-14 16:24:36'),(385,'Je peux faire descendre un passager : (img17, 1ere question)','6643ae94c159e.PNG',NULL,NULL,11,'2024-05-14 16:33:56','2024-05-14 16:33:56'),(386,'Je peux stationner : (img17, 2eme question)','6643ae94c2b55.PNG',NULL,NULL,11,'2024-05-14 16:33:56','2024-05-14 16:33:56'),(387,'Je tourne à gauche. Je cède le passage à droite : (img18, serie 55)','6643af5622763.PNG',NULL,NULL,11,'2024-05-14 16:37:10','2024-05-14 16:37:10'),(388,'Mon témoin de température vient de s\'allumer. Je m\'arrête dans la voie de droite :','6643b06b3e662.PNG',NULL,NULL,11,'2024-05-14 16:41:47','2024-05-14 16:41:47'),(389,'Mon témoin de température vient de s\'allumer. Je continue jusqu\'au parking :','6643b06b43ef5.PNG',NULL,NULL,11,'2024-05-14 16:41:47','2024-05-14 16:41:47'),(390,'Dans cette situation, je peux changer de voie pour gagner des places : (img20, 1ere question)','6643b361bb2d0.PNG',NULL,NULL,11,'2024-05-14 16:54:25','2024-05-14 16:54:25'),(391,'Dans cette situation, je dois rester dans ma voie : (img20, 2eme question)','6643b361bc899.PNG',NULL,NULL,11,'2024-05-14 16:54:25','2024-05-14 16:54:25'),(392,'Je peux utiliser la voie de gauche, pour faciliter l\'insertion du camion :','6643b44bcf235.PNG',NULL,NULL,11,'2024-05-14 16:58:19','2024-05-14 16:58:19'),(393,'Après les panneaux, il est interdit de dépasser : (img22, serie 55)','6643b6114481a.PNG',NULL,NULL,11,'2024-05-14 17:05:53','2024-05-14 17:05:53'),(394,'Dans cette situation (img23, serie 55)','6643b6f1a60f0.PNG',NULL,NULL,11,'2024-05-14 17:09:37','2024-05-14 17:09:37'),(395,'Je peux allumer mes feux de brouillard : à l\'avant (img24, 1ere question)','6644434d540ca.PNG',NULL,NULL,11,'2024-05-15 03:08:29','2024-05-15 03:08:29'),(396,'Je peux allumer mes feux de brouillard : à l\'arrière (img24, 2eme question)','6644434d567cf.PNG',NULL,NULL,11,'2024-05-15 03:08:29','2024-05-15 03:08:29'),(397,'Je dépasse (img25, serie 55)','664444a60ed33.PNG',NULL,NULL,11,'2024-05-15 03:14:14','2024-05-15 03:14:14'),(398,'Je tourne à gauche. Je passe : (img26, serie 55)','66444538aeff9.PNG',NULL,NULL,11,'2024-05-15 03:16:40','2024-05-15 03:16:40'),(399,'Je peux stationner sur l\'accotement : (img27, serie 55)','664445d47374d.PNG',NULL,NULL,11,'2024-05-15 03:19:16','2024-05-15 03:19:16'),(400,'La visibilité est inférieure à 50 m : (img28, 1ere question)','664446a217412.PNG',NULL,NULL,11,'2024-05-15 03:22:42','2024-05-15 03:22:42'),(401,'Je dois rouler à 50 Km/h maximum : (img28, 2eme question)','664446a218b30.PNG',NULL,NULL,11,'2024-05-15 03:22:42','2024-05-15 03:22:42'),(402,'Je peux encore bifurquer à droite : (serie 55, img29)','6644474b7e9ca.PNG',NULL,NULL,11,'2024-05-15 03:25:31','2024-05-15 03:25:31'),(403,'Dans cette situation (serie 55, img30)','664447bc24eef.PNG',NULL,NULL,11,'2024-05-15 03:27:24','2024-05-15 03:27:24'),(404,'Dans cette situation (serie 55, img31)','6644487edc2dd.PNG',NULL,NULL,11,'2024-05-15 03:30:38','2024-05-15 03:30:38'),(405,'Je conduis un break, ma vitesse est limitée à 40 Km/h :','6644495bc094c.PNG',NULL,NULL,11,'2024-05-15 03:34:19','2024-05-15 03:34:19'),(406,'La route perd son caractère prioritaire :','6644495bc758a.PNG',NULL,NULL,11,'2024-05-15 03:34:19','2024-05-15 03:34:19'),(407,'Je peux stationner à cet endroit : (serie 55, img33)','66444a253904f.PNG',NULL,NULL,11,'2024-05-15 03:37:41','2024-05-15 03:37:41'),(408,'Le panneau à fond bleu annonce : (img34, serie 55)','66444aa4410a2.PNG',NULL,NULL,11,'2024-05-15 03:39:48','2024-05-15 03:39:48'),(409,'Pour tourner à droite, je prends la voie de droite : (img35, serie 55)','66444b933a02c.PNG',NULL,NULL,11,'2024-05-15 03:43:47','2024-05-15 03:43:47'),(410,'Je passe devant le piéton : (img36, 1ere question)','66444c6e81417.PNG',NULL,NULL,11,'2024-05-15 03:47:26','2024-05-15 03:47:26'),(411,'Je cède le passage à droite : (img36, 2eme question)','66444c6e89295.PNG',NULL,NULL,11,'2024-05-15 03:47:26','2024-05-15 03:47:26'),(412,'Après un contrôle d\'alcool positif avec l\'éthylomètre, la prise de sang est obligatoire : (Q37, serie 55)',NULL,NULL,NULL,11,'2024-05-15 03:51:16','2024-05-15 03:51:16'),(413,'Le port de la ceinture de sécurité est obligatoire pour les passagers : à l\'avant (Q38, 1ere)',NULL,NULL,NULL,11,'2024-05-15 03:54:28','2024-05-15 03:54:28'),(414,'Le port de la ceinture de sécurité est obligatoire pour les passagers : à l\'arrière (Q38, 2eme)',NULL,NULL,NULL,11,'2024-05-15 03:54:28','2024-05-15 03:54:28'),(415,'Je viens d\'acheter un véhicule immatriculé dans un autre département que le mien.\r\nMes nouvelles plaques d\'immatriculation doivent être réflectorisées :',NULL,NULL,NULL,11,'2024-05-15 03:58:06','2024-05-15 03:58:06'),(416,'Vous avez une très bonne vue. Vous semble-t-il utile d\'allumer vos feux de croisement : par temps de pluie :',NULL,NULL,NULL,11,'2024-05-15 04:00:56','2024-05-15 04:00:56'),(417,'Vous avez une très bonne vue. Vous semble-t-il utile d\'allumer vos feux de croisement : par temps de brouillard :',NULL,NULL,NULL,11,'2024-05-15 04:00:56','2024-05-15 04:00:56'),(418,'Ce panneau annonce le passage éventuel : (img1, serie 57)','664451132ee8e.PNG',NULL,NULL,9,'2024-05-15 04:07:15','2024-05-15 04:07:15'),(419,'La signalisation m\'annonce : (img2, serie 57)','66445190392dd.PNG',NULL,NULL,9,'2024-05-15 04:09:20','2024-05-15 04:09:20'),(420,'Pour quitter mon stationnement, je recule immédiatement : ( serie 57, img3)','664452684f890.PNG',NULL,NULL,9,'2024-05-15 04:12:56','2024-05-15 04:12:56'),(421,'Dans cette situation (img4, 1ere)','664452f020df3.PNG',NULL,NULL,9,'2024-05-15 04:15:12','2024-05-15 04:15:12'),(422,'Dans cette situation (img4, 2eme)','664452f02ba03.PNG',NULL,NULL,9,'2024-05-15 04:15:12','2024-05-15 04:15:12'),(423,'Dans cette situation ( img5, serie 57)','664453a3a1dc4.PNG',NULL,NULL,9,'2024-05-15 04:18:11','2024-05-15 04:18:11'),(424,'La signalisation m\'annonce : (img6, serie 57)','664454c330eed.PNG',NULL,NULL,9,'2024-05-15 04:22:59','2024-05-15 04:22:59'),(425,'Je vais tout droit. Je m\'engage dans la voie du milieu : (img7, serie 57)','664455db6bf41.PNG',NULL,NULL,9,'2024-05-15 04:27:39','2024-05-15 04:27:39'),(426,'Dans cette situation ( img8, serie 57)','664456bf7a771.PNG',NULL,NULL,9,'2024-05-15 04:31:27','2024-05-15 04:31:27'),(427,'Dans cette agglomération, sauf sur cette route, la vitesse est limitée à 50 Km/h: (img9, serie 57)','6644598ed69ef.PNG',NULL,NULL,9,'2024-05-15 04:43:26','2024-05-15 04:43:26'),(428,'Je peux stationner :  à droite (img10, serie 57, 1ere)','66445b34dd3fc.PNG',NULL,NULL,9,'2024-05-15 04:50:28','2024-05-15 04:50:28'),(429,'Je peux stationner : à gauche (img10, serie 57, 2eme)','66445b34e505f.PNG',NULL,NULL,9,'2024-05-15 04:50:28','2024-05-15 04:50:28'),(430,'Je peux dépasser : (img11, serie 57)','66445c5998276.PNG',NULL,NULL,9,'2024-05-15 04:55:21','2024-05-15 04:55:21'),(431,'Je tourne à droite : ( img12, serie 57)','66445cd0b1070.PNG',NULL,NULL,9,'2024-05-15 04:57:20','2024-05-15 04:57:20'),(432,'Dans cette situation, pour dépasser, je suis obligé d\'emprunter la voie la plus à gauche :','66445dcd282bf.PNG',NULL,NULL,9,'2024-05-15 05:01:33','2024-05-15 05:01:33'),(433,'A l\'intersection, je tourne à gauche : (img14, serie 57)','66445e6a1d165.PNG',NULL,NULL,9,'2024-05-15 05:04:10','2024-05-15 05:04:10'),(434,'La signalisation indique : une sortie d\'autoroute (img15, 1ere)','66445f62386de.PNG',NULL,NULL,9,'2024-05-15 05:08:18','2024-05-15 05:08:18'),(435,'La signalisation indique : une bifurcation d\'autoroute (img15, 2eme)','66445f623e797.PNG',NULL,NULL,9,'2024-05-15 05:08:18','2024-05-15 05:08:18'),(436,'Dans cette situation ( img16, serie 57)','6644603dbead1.PNG',NULL,NULL,9,'2024-05-15 05:11:57','2024-05-15 05:11:57'),(437,'Dans cette situation : (img17, serie 57)','664460eeb629d.PNG',NULL,NULL,9,'2024-05-15 05:14:54','2024-05-15 05:14:54'),(438,'Dans cette situation, la vitesse est limitée à 50 Km/h : (img18, serie 57)','664461ea3f5d1.PNG',NULL,NULL,9,'2024-05-15 05:19:06','2024-05-15 05:19:06'),(439,'je dépasse : (serie 57, img19)','6644627760cef.PNG',NULL,NULL,9,'2024-05-15 05:21:27','2024-05-15 05:21:27'),(440,'Je tourne à gauche : (img 20, serie 57)','664462f4e428b.PNG',NULL,NULL,9,'2024-05-15 05:23:32','2024-05-15 05:23:32'),(441,'Dans cette situation : (img21, serie 57)','664463cd67e7e.PNG',NULL,NULL,9,'2024-05-15 05:27:09','2024-05-15 05:27:09'),(443,'La chaussée est à sens unique : (img22, 1ere)','664465d80090a.PNG',NULL,NULL,9,'2024-05-15 05:35:52','2024-05-15 05:35:52'),(444,'Je suis bien placé pour aller à gauche : (img22, 2eme)','664465d8050c4.PNG',NULL,NULL,9,'2024-05-15 05:35:52','2024-05-15 05:35:52'),(445,'Je peux changer de file pour sortir : (img23, serie 57)','66446698087e8.PNG',NULL,NULL,9,'2024-05-15 05:39:04','2024-05-15 05:39:04'),(446,'La route est : (serie 57, img 24)','6644675c367ac.PNG',NULL,NULL,9,'2024-05-15 05:42:20','2024-05-15 05:42:20'),(447,'Si aucun véhicule n\'arrive de droite, je peux dépasser : (img25, serie 57)','6644687d7e946.PNG',NULL,NULL,9,'2024-05-15 05:47:09','2024-05-15 05:47:09'),(448,'Je circule sur autoroute : (img26, 1ere)','6644692b316e6.PNG',NULL,NULL,9,'2024-05-15 05:50:03','2024-05-15 05:50:03'),(449,'Ma vitesse est limitée à 90 Km/h : (img26, 2eme)','6644692b32edb.PNG',NULL,NULL,9,'2024-05-15 05:50:03','2024-05-15 05:50:03'),(450,'La circulation est très ralentie, je laisse tourner la voiture : (img27, serie 57)','664469df5f42b.PNG',NULL,NULL,9,'2024-05-15 05:53:03','2024-05-15 05:53:03'),(451,'Sur cette route, j\'utilise le frein moteur','66448dc35499b.PNG',NULL,NULL,10,'2024-05-15 08:26:11','2024-05-15 08:26:11'),(452,'Quelle est ma position ?(serie56)','66448e7844cbc.PNG',NULL,NULL,10,'2024-05-15 08:29:12','2024-05-15 08:29:12'),(453,'Dans le rond-point, je pourrai tourner à gauche ou à droite(serie56)','66449297a5804.PNG',NULL,NULL,10,'2024-05-15 08:46:47','2024-05-15 08:46:47'),(454,'Dans le rond-point, je pourrai revenir sur cette route(serie56)','66449297ab4cd.PNG',NULL,NULL,10,'2024-05-15 08:46:47','2024-05-15 08:46:47'),(455,'Dans cette voie, je suis bien placé(serie56)','66449316b6393.PNG',NULL,NULL,10,'2024-05-15 08:48:54','2024-05-15 08:48:54'),(456,'Je circule(serie56)','664493c8ab2a9.PNG',NULL,NULL,10,'2024-05-15 08:51:52','2024-05-15 08:51:52'),(457,'Je circule, je cèderai le passage à droite(serie56)','664494c100426.PNG',NULL,NULL,10,'2024-05-15 08:56:01','2024-05-15 08:56:01'),(458,'Que faire ? (serie56)','6644955fe9fd7.PNG',NULL,NULL,10,'2024-05-15 08:58:39','2024-05-15 08:58:39'),(459,'Je passe, si je vais (serie56)','664498a10c81f.PNG',NULL,NULL,10,'2024-05-15 09:12:33','2024-05-15 09:12:33'),(460,'Que dois-je faire ?(serie56/1)','6644996081324.PNG',NULL,NULL,10,'2024-05-15 09:15:44','2024-05-15 09:15:44'),(461,'Sur cette route, je pourrai rencontrer(serie56)','66449b824f9db.PNG',NULL,NULL,10,'2024-05-15 09:24:50','2024-05-15 09:24:50'),(462,'Je suis bien stationner(serie56)','66449c21a507b.PNG',NULL,NULL,10,'2024-05-15 09:27:29','2024-05-15 09:27:29'),(463,'Dans cette situation, pour aller à droite(serie56)','66449c8ae20fb.PNG',NULL,NULL,10,'2024-05-15 09:29:14','2024-05-15 09:29:14'),(464,'Dans ce virage sans visibilité, je poursuis mon dépassement(serie56)','66449d6442bef.PNG',NULL,NULL,10,'2024-05-15 09:32:52','2024-05-15 09:32:52'),(466,'La signalisation mindique','66449f2cd536b.PNG',NULL,NULL,10,'2024-05-15 09:40:28','2024-05-15 09:40:28'),(467,'Je suis bien placé(serie56/2)','66449f2cd6a10.PNG',NULL,NULL,10,'2024-05-15 09:40:28','2024-05-15 09:40:28'),(468,'Je tourne à droite(serie56/3)','66449fbfc16da.PNG',NULL,NULL,10,'2024-05-15 09:42:55','2024-05-15 09:42:55'),(469,'La vitesse est limitée à (serie56)','6644a03a935df.PNG',NULL,NULL,10,'2024-05-15 09:44:58','2024-05-15 09:44:58'),(470,'Pour dépasser, je peux prendre la voie de gauche(serie56)','6644a16adcc37.PNG',NULL,NULL,10,'2024-05-15 09:50:02','2024-05-15 09:50:02'),(471,'Je peux allumer mes feux de brouillard, à l\'avant','6644a26eaa56c.PNG',NULL,NULL,10,'2024-05-15 09:54:22','2024-05-15 09:54:22'),(472,'Je peux allumer mes feux de brouillard, à l\'arrière','6644a26eb215e.PNG',NULL,NULL,10,'2024-05-15 09:54:22','2024-05-15 09:54:22'),(473,'Il y\'a un risque de contrôle par radar : avant les panneaux : (img28, 1ere)','6644a342a515d.PNG',NULL,NULL,9,'2024-05-15 09:57:54','2024-05-15 09:57:54'),(475,'A 200m, la circulation est interdite à tout véhicule, dans les deux sens','6644a38310af9.PNG',NULL,NULL,10,'2024-05-15 09:58:59','2024-05-15 09:58:59'),(476,'Il y\'a un risque de contrôle par radar : après les panneaux : (img28, 2eme)','6644a3e3071b4.PNG',NULL,NULL,9,'2024-05-15 10:00:35','2024-05-15 10:00:35'),(477,'Je peux encore dépasser(serie56/3)','6644a441e138a.PNG',NULL,NULL,10,'2024-05-15 10:02:09','2024-05-15 10:02:09'),(478,'Je reste à droite(serie56/3)','6644a441e6795.PNG',NULL,NULL,10,'2024-05-15 10:02:09','2024-05-15 10:02:09'),(479,'Je m\'arrete juste derrière la voiture(serie56)','6644a4b9b4c87.PNG',NULL,NULL,10,'2024-05-15 10:04:09','2024-05-15 10:04:09'),(480,'La signalisation, interdit de dépasser (serie56)','6644a6b317cd3.PNG',NULL,NULL,10,'2024-05-15 10:12:35','2024-05-15 10:12:35'),(481,'La signalisation, annonce une déviation(serie56)','6644a6b31ea87.PNG',NULL,NULL,10,'2024-05-15 10:12:35','2024-05-15 10:12:35'),(482,'Un de mes pneus vient de crever. Je m\'arrête à gauche : (img29, serie 57)','6644a7748a845.PNG',NULL,NULL,9,'2024-05-15 10:15:48','2024-05-15 10:15:48'),(483,'Les chevrons bleus et blancs indiquent : (img30, serie 57)','6644a8054e249.PNG',NULL,NULL,9,'2024-05-15 10:18:13','2024-05-15 10:18:13'),(484,'Titulaire du permis AL dépuis un an et démi, je viens juste de passer mon permis B .  Sur cette autoroute, je peux circuler à 130 km/h','6644a86c20a8f.PNG',NULL,NULL,10,'2024-05-15 10:19:56','2024-05-15 10:19:56'),(485,'Ce panneau annonce, une chaussée rétrécie des deux cotés(serie56)','6644a918104a6.PNG',NULL,NULL,10,'2024-05-15 10:22:48','2024-05-15 10:22:48'),(486,'Ce panneau annonce, une hauteur limitée(serie56)','6644a918125bc.PNG',NULL,NULL,10,'2024-05-15 10:22:48','2024-05-15 10:22:48'),(487,'Je peux revenir à droite : (img31, serie 57)','6644a941864f1.PNG',NULL,NULL,9,'2024-05-15 10:23:29','2024-05-15 10:23:29'),(488,'Dans ce cas(serie56)','6644a9a5a5df0.PNG',NULL,NULL,10,'2024-05-15 10:25:09','2024-05-15 10:25:09'),(489,'Dans cette situation ( img32, serie 57)','6644aa04c907d.PNG',NULL,NULL,9,'2024-05-15 10:26:44','2024-05-15 10:26:44'),(490,'Ce panneau peut indiquer(serie56)','6644aa6b128c0.PNG',NULL,NULL,10,'2024-05-15 10:28:27','2024-05-15 10:28:27'),(491,'Je tourne devant le véhicule qui arrive de face : (img33, serie 57)','6644aaec5295c.PNG',NULL,NULL,9,'2024-05-15 10:30:36','2024-05-15 10:30:36'),(492,'Comme le véhicule devant moi, je roule à 50km/h . Ma distance de sécurité est suffisante','6644ab75e5571.PNG',NULL,NULL,10,'2024-05-15 10:32:53','2024-05-15 10:32:53'),(493,'Je cèderai le passage à gauche seulement(serie56)','6644ac1f35875.PNG',NULL,NULL,10,'2024-05-15 10:35:43','2024-05-15 10:35:43'),(494,'Je cèderai le passage à gauche et à droite(serie56)','6644ac1f36d17.PNG',NULL,NULL,10,'2024-05-15 10:35:43','2024-05-15 10:35:43'),(496,'Je peux m\'arreter à droite(serie56/5)','6644acc5ee564.PNG',NULL,NULL,10,'2024-05-15 10:38:29','2024-05-15 10:38:29'),(497,'Je suis bien placé : pour m\'arrêter (img34, 1ere)','6644add1b5e49.PNG',NULL,NULL,9,'2024-05-15 10:42:57','2024-05-15 10:42:57'),(498,'Je suis bien placé : pour stationner (img34, 2eme)','6644add1bd7be.PNG',NULL,NULL,9,'2024-05-15 10:42:57','2024-05-15 10:42:57'),(499,'Je stationne du coté des numéros pairs des immeubles','6644ae375d7cd.PNG',NULL,NULL,10,'2024-05-15 10:44:39','2024-05-15 10:44:39'),(500,'Je vais tout droit, je cède le passage à droite : (img35, serie 57)','6644ae95a044a.PNG',NULL,NULL,9,'2024-05-15 10:46:13','2024-05-15 10:46:13'),(501,'Ce véhicule tourne à gauche, je lui cède le passage(serie56)','6644af48bf232.PNG',NULL,NULL,10,'2024-05-15 10:49:12','2024-05-15 10:49:12'),(502,'Dans cette rue, je pourrai stationner : à droite seulement : (img36, 1re)','6644af706932b.PNG',NULL,NULL,9,'2024-05-15 10:49:52','2024-05-15 10:49:52'),(503,'Dans cette rue, je pourrai stationner : à droite ou à gauche : (img36, 2me)','6644af707255b.PNG',NULL,NULL,9,'2024-05-15 10:49:52','2024-05-15 10:49:52'),(504,'Dans cette voie, je pourrai(serie56)','6644af9e36bcd.PNG',NULL,NULL,10,'2024-05-15 10:50:38','2024-05-15 10:50:38'),(505,'Dans cette situation(serie56)','6644b017e18c3.PNG',NULL,NULL,10,'2024-05-15 10:52:39','2024-05-15 10:52:39'),(506,'Si je perds tous mes points, mon permis de conduire est annulé.\r\nJe pourrai quand même conduire ma moto de 80 cm3',NULL,NULL,NULL,9,'2024-05-15 10:53:11','2024-05-15 10:53:11'),(507,'Je peux encore changer de direction(serie56)','6644b0c171136.PNG',NULL,NULL,10,'2024-05-15 10:55:29','2024-05-15 10:55:29'),(508,'Je dois continuer dans ma voie(serie56)','6644b0c17a2a0.PNG',NULL,NULL,10,'2024-05-15 10:55:29','2024-05-15 10:55:29'),(509,'Le temps de réaction peut être influencé par : l\'absorption d\'alcool :',NULL,NULL,NULL,9,'2024-05-15 10:56:58','2024-05-15 10:56:58'),(510,'Le temps de réaction peut être influencé par : l\'absorption de médicaments d\'usage courant :',NULL,NULL,NULL,9,'2024-05-15 10:56:58','2024-05-15 10:56:58'),(511,'Je passe(serie56)','6644b196e251d.PNG',NULL,NULL,10,'2024-05-15 10:59:02','2024-05-15 10:59:02'),(512,'Je suis en infraction si, sur un de mes pneus, il existe plus d\'un point où la profondeur des rainures principales est :',NULL,NULL,NULL,9,'2024-05-15 10:59:45','2024-05-15 10:59:45'),(513,'Je m\'apprête à céder le passage à gauche(serie56)','6644b2377c8a2.PNG',NULL,NULL,10,'2024-05-15 11:01:43','2024-05-15 11:01:43'),(514,'Je m\'apprête à céder le passage à droite(serie56)','6644b2377dfc6.PNG',NULL,NULL,10,'2024-05-15 11:01:43','2024-05-15 11:01:43'),(515,'Lors d\'un contrôle routier effectué par les forces de l\'ordre, je peux présenter la photocopie des documents de mon véhicule',NULL,NULL,NULL,10,'2024-05-15 11:05:40','2024-05-15 11:05:40'),(516,'L\'assurance indemnisera la victime d\'un accident si le conducteur responsable : titulaire seulement du permis catégorie B, conduit une motocyclette :',NULL,NULL,NULL,9,'2024-05-15 11:08:21','2024-05-15 11:08:21'),(517,'L\'assurance indemnisera la victime d\'un accident si le conducteur responsable : conduit sans lunettes, alors que son permis mentionne \"port de verres correcteurs\" :',NULL,NULL,NULL,9,'2024-05-15 11:08:21','2024-05-15 11:08:21'),(518,'Ma voiture particulière a été mise en circulation le 7 janvier 1990 . Je devrai la présenter au contrôle technique',NULL,NULL,NULL,10,'2024-05-15 11:08:58','2024-05-15 11:08:58'),(519,'Le train-double est : (img1, PLC2)','6644b5176a7a6.PNG',NULL,NULL,8,'2024-05-15 11:13:59','2024-05-15 11:13:59'),(520,'Où trouve-t-on les indications concernant l\'entretien du véhicule ? \r\nSur la carte grise',NULL,NULL,NULL,10,'2024-05-15 11:14:26','2024-05-15 11:14:26'),(521,'Où trouve-t-on les indications concernant l\'entretien du véhicule ? \r\nSur la notice du conducteur',NULL,NULL,NULL,10,'2024-05-15 11:14:26','2024-05-15 11:14:26'),(522,'La largeur maximale d\'un véhicule carrossé en fourgon est limitée à :','6644b649f2917.PNG',NULL,NULL,8,'2024-05-15 11:19:06','2024-05-15 11:19:06'),(523,'Les feux d\'encombrement sont obligatoires lorsque la largeur du véhicule est de :','6644b71914595.PNG',NULL,NULL,8,'2024-05-15 11:22:33','2024-05-15 11:22:33'),(524,'La couleur émise par les feux de croisement, de route et de brouillard avant,\r\nDoit être jaune exclusivement',NULL,NULL,NULL,10,'2024-05-15 11:24:46','2024-05-15 11:24:46'),(525,'La couleur émise par les feux de croisement, de route et de brouillard avant,\r\nPeut être jaune ou blanche',NULL,NULL,NULL,10,'2024-05-15 11:24:46','2024-05-15 11:24:46'),(526,'Lorsque les rétroviseurs sont à 2 mètres de hauteur, ils peuvent dépasser de plus de 0,20 m de chaque côté : en dehors de la cabine','6644b82ac3331.PNG',NULL,NULL,8,'2024-05-15 11:27:06','2024-05-15 11:27:06'),(527,'Lorsque les rétroviseurs sont à 2 mètres de hauteur, ils peuvent dépasser de plus de 0,20 m de chaque côté : en dehors de la semi-remorque','6644b82aca27b.PNG',NULL,NULL,8,'2024-05-15 11:27:06','2024-05-15 11:27:06'),(529,'La longueur maximale d\'un camion ou d\'une remorque peut atteindre','6644b90a8d564.PNG',NULL,NULL,8,'2024-05-15 11:30:50','2024-05-15 11:30:50'),(530,'Le PTAC maximum des véhicules à 3 essieux est limité à(seriePL/c1.)','6644b9d1b3e7b.PNG',NULL,NULL,8,'2024-05-15 11:34:09','2024-05-15 11:34:09'),(531,'La longueur et la largeur d\'un véhicule de transport de marchandises sont indiquées, sur la plaque de tare et de surface','6644bbb96f10e.PNG',NULL,NULL,8,'2024-05-15 11:42:17','2024-05-15 11:42:17'),(532,'La longueur et la largeur d\'un véhicule de transport de marchandises sont indiquées, sur la plaque du conducteur','6644bbb975ae5.PNG',NULL,NULL,8,'2024-05-15 11:42:17','2024-05-15 11:42:17'),(533,'Sur un véhicule articulé, le dispositif de freinage continu assure :','6644bbd4669ee.PNG',NULL,NULL,8,'2024-05-15 11:42:44','2024-05-15 11:42:44'),(534,'Ce véhicule articulé est équipé d\'un signal de détresse . Il doit en plus être muni de','6644bc7f10606.PNG',NULL,NULL,8,'2024-05-15 11:45:35','2024-05-15 11:45:35'),(535,'Lorsqu\'un chargement dépasse de plus d\'un mètre à l\'arrière, son extrémité doit, lorsque la visibilité est réduite, être signalée par :','6644bcc43aecf.PNG',NULL,NULL,8,'2024-05-15 11:46:44','2024-05-15 11:46:44'),(536,'En chargeant ce véhicule articulé, il faut veiller à ne pas dépasser','6644bd3ccebbf.PNG',NULL,NULL,8,'2024-05-15 11:48:44','2024-05-15 11:48:44'),(537,'Je peux aller dans la rue en face si je conduis : un ensemble de véhicules (img7, 1re)','6644bde893468.PNG',NULL,NULL,8,'2024-05-15 11:51:36','2024-05-15 11:51:36'),(538,'Je peux aller dans la rue en face si je conduis : un tracteur routier en solo (img7, 2eme)','6644bde89b8a6.PNG',NULL,NULL,8,'2024-05-15 11:51:36','2024-05-15 11:51:36'),(539,'Ce panneau interdit l\'accès à tous les camions-citernes : (img8, PLC2)','6644be8b43ae6.PNG',NULL,NULL,8,'2024-05-15 11:54:19','2024-05-15 11:54:19'),(540,'Lorsqu\'un camion-citerne tranporte une matière dangereuse, des plaques étiquettes de danger doivent être placées','6644beb6b8ef9.PNG',NULL,NULL,8,'2024-05-15 11:55:02','2024-05-15 11:55:02'),(541,'Je conduis un véhicule isolé de 7 tonnes de poids à vide et de 19 tonnes de PTAC . Je peux prendre la route à gauche si je circule à',NULL,NULL,NULL,8,'2024-05-15 11:59:18','2024-05-15 11:59:18'),(542,'Mon véhicule est muni d\'un ralentisseur : (img9, PLC2)','6644bffa95424.PNG',NULL,NULL,8,'2024-05-15 12:00:26','2024-05-15 12:00:26'),(543,'Je conduis un véhicule isolé de 7 tonnes de poids à vide et de 19 tonnes de PTAC . Je peux prendre la route à gauche si je circule à vide','6644bffda5bed.PNG',NULL,NULL,8,'2024-05-15 12:00:29','2024-05-15 12:00:29'),(544,'Je conduis un véhicule isolé de 7 tonnes de poids à vide et de 19 tonnes de PTAC . Je peux prendre la route à gauche si je circule à pleine charge','6644bffdad638.PNG',NULL,NULL,8,'2024-05-15 12:00:29','2024-05-15 12:00:29'),(545,'Je conduis un véhicule isolé. Le croisement est impossible. (img10, PLC2)','6644c15d79de9.PNG',NULL,NULL,8,'2024-05-15 12:06:21','2024-05-15 12:06:21'),(546,'Le triangle de présignalisation doit être placé de façon à être visible à :','6644c21c70f27.PNG',NULL,NULL,8,'2024-05-15 12:09:32','2024-05-15 12:09:32'),(547,'La hauteur libre sous ce pont est d\'au moins(serie/pl)','6644c2226f4b0.PNG',NULL,NULL,8,'2024-05-15 12:09:38','2024-05-15 12:09:38'),(548,'En suivant ce véhicule à 80km/h, je dois laisser un intervalle d\'au moins(serie56)','6644e87e2c65e.PNG',NULL,NULL,8,'2024-05-15 14:53:18','2024-05-15 14:53:18'),(549,'Le conducteur de ce véhicule est autorisé à emprunter momentanément la partie gauche de la chaussée','6644e9a03a4e1.PNG',NULL,NULL,8,'2024-05-15 14:58:08','2024-05-15 14:58:08'),(550,'Avec ce permis C , je peux conduire(serie56)','6644ea7c9af7a.PNG',NULL,NULL,8,'2024-05-15 15:01:48','2024-05-15 15:01:48'),(552,'L\'immobilisation de mon véhicule peut être ordonnée, pour circulation en période d\'interdiction','6644ec621ae0c.PNG',NULL,NULL,8,'2024-05-15 15:09:54','2024-05-15 15:09:54'),(553,'L\'immobilisation de mon véhicule peut être ordonnée pour dépassement du temps de conduite','6644ecfb9f470.PNG',NULL,NULL,8,'2024-05-15 15:12:27','2024-05-15 15:12:27'),(554,'Dans ce véhicule de 26 tonnes de PTAC , on peut transporter 26 tonnes de marchandises','6644eda3740e2.PNG',NULL,NULL,8,'2024-05-15 15:15:15','2024-05-15 15:15:15'),(555,'Le PTRA d\'un véhicule articulé de 5 essieux n\'effectuant pas de transport combiné , est limitée à','6644ee3e8893e.PNG',NULL,NULL,8,'2024-05-15 15:17:50','2024-05-15 15:17:50'),(556,'Ce véhicule articulé a un PTRA de 38 tonnes . Il doit porter à l\'arrière des disques indiquant','6644eef7c4851.PNG',NULL,NULL,8,'2024-05-15 15:20:55','2024-05-15 15:20:55'),(557,'Les convois exceptionnels de grandes dimensions sont toujours accompgnés par une escrote de motocyclistes de la police ou de la gendarmerie','6644f1839c542.PNG',NULL,NULL,8,'2024-05-15 15:31:47','2024-05-15 15:31:47'),(558,'Le flexible rouge est(seriePL/C3)','6644f2334f789.PNG',NULL,NULL,8,'2024-05-15 15:34:43','2024-05-15 15:34:43'),(559,'Il alimente en air comprimé le réservoir de la semi-remorque(seriePL/c3)','6644f233596ef.PNG',NULL,NULL,8,'2024-05-15 15:34:43','2024-05-15 15:34:43'),(560,'Je peux prendre la route à droite si je conduis un véhicule dont le PTAC est','6644f2cae576e.PNG',NULL,NULL,8,'2024-05-15 15:37:14','2024-05-15 15:37:14'),(561,'Je conduis un véhicule articulé de 19 tonnes de PTRA , je peux continuer tout droit','6644f38c405b2.PNG',NULL,NULL,8,'2024-05-15 15:40:28','2024-05-15 15:40:28'),(562,'La voiture bleue circule rapidement. Je peux dépasser le camion','6644f4208b503.PNG',NULL,NULL,8,'2024-05-15 15:42:56','2024-05-15 15:42:56'),(563,'Dans cette situation(serie48/1.1)','6644f5a97e2cd.PNG',NULL,NULL,1,'2024-05-15 15:49:29','2024-05-15 15:49:29'),(564,'Dans cette zone, je pourrai stationner','6644f6bb5c981.PNG',NULL,NULL,1,'2024-05-15 15:54:03','2024-05-15 15:54:03'),(565,'Dans cette zone, je pourrai m\'arrrêter','6644f6bb5dd8f.PNG',NULL,NULL,1,'2024-05-15 15:54:03','2024-05-15 15:54:03'),(566,'La signalisation annonce(serie48/23)','6644f7da7cdb2.PNG',NULL,NULL,1,'2024-05-15 15:58:50','2024-05-15 15:58:50'),(567,'Que faire ?(serie50/9)','6644fb4839092.PNG',NULL,NULL,3,'2024-05-15 16:13:28','2024-05-15 16:13:28'),(568,'Je dépasse(serie50/8)','6644fbf091f23.PNG',NULL,NULL,3,'2024-05-15 16:16:16','2024-05-15 16:16:16'),(569,'Ce véhicule a un PTAC de 12 t et un PTRA de 21 t. Je peux le conduire avec un permis C : Si je circule en solo','664586f71a6ef.PNG',NULL,NULL,8,'2024-05-16 02:09:27','2024-05-16 02:09:27'),(570,'Ce véhicule a un PTAC de 12 t et un PTRA de 21 t. Je peux le conduire avec un permis C : Si je trace une remorque de 2 t de PTAC','664586f72f3cd.PNG',NULL,NULL,8,'2024-05-16 02:09:27','2024-05-16 02:09:27'),(571,'Jusqu\'à 60 ans, un conducteur titulaire d\'un permis C doit passer une visite médicale :','664587b4455ca.PNG',NULL,NULL,8,'2024-05-16 02:12:36','2024-05-16 02:12:36'),(572,'Le poids réel d\'un véhicule est indiqué : (img14, PLC2)','66458859cb76e.PNG',NULL,NULL,8,'2024-05-16 02:15:21','2024-05-16 02:15:21'),(573,'A l\'approche de cette descente, j\'utilise mon ralentisseur sur échappement. Il agit :','6645890ff14f5.PNG',NULL,NULL,8,'2024-05-16 02:18:24','2024-05-16 02:18:24'),(574,'La longueur maximale d\'un véhicule articulé est limitée à : (img1, PLC3)','664589f22da0c.PNG',NULL,NULL,8,'2024-05-16 02:22:10','2024-05-16 02:22:10'),(575,'Le poids à vide est le poids du véhicule vide, en ordre de marche, avec : le conducteur à bord','66458afa47c62.PNG',NULL,NULL,8,'2024-05-16 02:26:34','2024-05-16 02:26:34'),(576,'Le poids à vide est le poids du véhicule vide, en ordre de marche, avec : les différents réservoirs pleins','66458afa4e750.PNG',NULL,NULL,8,'2024-05-16 02:26:34','2024-05-16 02:26:34'),(577,'Un véhicule articulé possède : (img3, PLC3)','66458ba2377a9.PNG',NULL,NULL,8,'2024-05-16 02:29:22','2024-05-16 02:29:22'),(578,'Sur les véhicules récents , la protection contre l\'encastrement doit : être située à 45 cm maximum de l\'extrémité arrière','66458c7778376.PNG',NULL,NULL,8,'2024-05-16 02:32:55','2024-05-16 02:32:55'),(579,'Sur les véhicules récents , la protection contre l\'encastrement doit : descendre au moins à 55 cm au-dessus du sol','66458c778417e.PNG',NULL,NULL,8,'2024-05-16 02:32:55','2024-05-16 02:32:55'),(580,'Le frein de service (ou frein principal ) est actionné :','66458df34edba.PNG',NULL,NULL,8,'2024-05-16 02:39:15','2024-05-16 02:39:15'),(581,'Le frein de service (ou frein principal ) est actionné : par le  pied du conducteur. Il agit :','66458df353a62.PNG',NULL,NULL,8,'2024-05-16 02:39:15','2024-05-16 02:39:15'),(582,'Dans cette situation (serie 53, img9)','664590ac2db5a.PNG',NULL,NULL,6,'2024-05-16 02:50:52','2024-05-16 02:50:52'),(583,'Dans cette situation ( img11, serie 53)','6645919d27724.PNG',NULL,NULL,6,'2024-05-16 02:54:53','2024-05-16 02:54:53'),(584,'Dans cette situation (img14, serie 53)','6645927acf527.PNG',NULL,NULL,6,'2024-05-16 02:58:34','2024-05-16 02:58:34'),(585,'Dans cette situation (img15, serie 53)','664593450bdb9.PNG',NULL,NULL,6,'2024-05-16 03:01:57','2024-05-16 03:01:57'),(586,'Dans cette situation (img11, serie 49)','664594f62f37c.PNG',NULL,NULL,2,'2024-05-16 03:09:10','2024-05-16 03:09:10'),(587,'Dans cette situation ( img11, serie 49)','6645952d2624d.PNG',NULL,NULL,NULL,'2024-05-16 03:10:05','2024-05-16 03:10:05'),(588,'Je cède le passage à droite : (img27, serie 49)','664596e6d56de.PNG',NULL,NULL,2,'2024-05-16 03:17:26','2024-05-16 03:17:26'),(589,'L\'inscription \"tubeless\" sur les flancs d\'un pneumatique indique qu\'il a une chambre à air :',NULL,NULL,NULL,2,'2024-05-16 03:22:34','2024-05-16 03:22:34'),(590,'L\'inscription \"tubeless\" sur les flancs d\'un pneumatique indique qu\'il n\'a pas de chambre à air : Ce pneu est général à structure radiale',NULL,NULL,NULL,2,'2024-05-16 03:22:34','2024-05-16 03:22:34'),(591,'Dans cette situation (serie 51, img12)','66459b077808e.PNG',NULL,NULL,4,'2024-05-16 03:35:03','2024-05-16 03:35:03'),(592,'Dans cette situation (serie 51, img15)','66459bc549b6c.PNG',NULL,NULL,4,'2024-05-16 03:38:13','2024-05-16 03:38:13'),(593,'Dans cette situation (img35, serie 51)','66459c8010d12.PNG',NULL,NULL,4,'2024-05-16 03:41:20','2024-05-16 03:41:20'),(595,'test',NULL,NULL,NULL,11,'2024-05-22 20:59:39','2024-05-22 20:59:39'),(596,'test a encore','66459c8010d12.PNG	',NULL,NULL,11,'2024-05-22 21:00:11','2024-05-22 21:29:33');

--
-- Table structure for table `quiz_questions`
--

CREATE TABLE `quiz_questions` (
  `id` bigint unsigned NOT NULL AUTO_INCREMENT,
  `chapter_id` bigint unsigned NOT NULL,
  `question` varchar(191) CHARACTER SET utf8mb4 COLLATE utf8mb4_unicode_ci NOT NULL,
  `correct_answer` varchar(191) CHARACTER SET utf8mb4 COLLATE utf8mb4_unicode_ci NOT NULL,
  `options` longtext CHARACTER SET utf8mb4 COLLATE utf8mb4_bin NOT NULL,
  `created_at` timestamp NULL DEFAULT NULL,
  `updated_at` timestamp NULL DEFAULT NULL,
  PRIMARY KEY (`id`),
  KEY `quiz_questions_chapter_id_foreign` (`chapter_id`),
  CONSTRAINT `quiz_questions_chapter_id_foreign` FOREIGN KEY (`chapter_id`) REFERENCES `chapters` (`id`),
  CONSTRAINT `quiz_questions_chk_1` CHECK (json_valid(`options`))
) ENGINE=InnoDB DEFAULT CHARSET=utf8mb4 COLLATE=utf8mb4_unicode_ci;

--
-- Dumping data for table `quiz_questions`
--


--
-- Table structure for table `settings`
--

CREATE TABLE `settings` (
  `id` bigint unsigned NOT NULL AUTO_INCREMENT,
  `license_validity_in_months` bigint unsigned NOT NULL DEFAULT '6',
  `created_at` timestamp NULL DEFAULT NULL,
  `updated_at` timestamp NULL DEFAULT NULL,
  PRIMARY KEY (`id`)
) ENGINE=InnoDB AUTO_INCREMENT=4 DEFAULT CHARSET=utf8mb4 COLLATE=utf8mb4_unicode_ci;

--
-- Dumping data for table `settings`
--

INSERT INTO `settings` VALUES (3,6,'2024-05-10 13:33:51','2024-05-10 13:33:51');


